{"id":16730,"date":"2025-07-15T23:28:14","date_gmt":"2025-07-15T21:28:14","guid":{"rendered":"https:\/\/uj.adatbank.ro\/lexikon\/termek\/nemeth-erzsebet\/"},"modified":"2025-07-15T23:28:14","modified_gmt":"2025-07-15T21:28:14","slug":"nemeth-erzsebet","status":"publish","type":"product","link":"https:\/\/uj.adatbank.ro\/lexikon\/termek\/nemeth-erzsebet\/","title":{"rendered":"N\u00c9METH Erzs\u00e9bet"},"content":{"rendered":"<p>? \u2020 ?: jelmeztervez\u0151. \u2013 A mv.-i Sz\u00e9kely Sz\u00ednh\u00e1zn\u00e1l m\u0171k\u00f6d\u00f6tt (1950\u2013). \u2013 F. jelmezei: Gribojedov: Az \u00e9sz bajjal j\u00e1r; Miksz\u00e1th K.: K\u00fcl\u00f6n\u00f6s h\u00e1zass\u00e1g; Gogoly: A revizor; Kiss-Kov\u00e1ts: Vihar a havason; Csiky Gergely: Ingyen\u00e9l\u0151k. <br \/><strong>Irod.:<\/strong> Horv\u00e1th Bea<\/br><\/p>\n","protected":false},"excerpt":{"rendered":"<p>? \u2020 ?: jelmeztervez\u0151. \u2013 A mv.-i Sz\u00e9kely Sz\u00ednh\u00e1zn\u00e1l m\u0171k\u00f6d\u00f6tt (1950\u2013). \u2013 F. jelmezei: Gribojedov: Az \u00e9sz bajjal j\u00e1r; Miksz\u00e1th K.: K\u00fcl\u00f6n\u00f6s h\u00e1zass\u00e1g; Gogoly: A revizor; Kiss-Kov\u00e1ts: Vihar a havason; Csiky Gergely: Ingyen\u00e9l\u0151k. Irod.: Horv\u00e1th Bea<\/p>\n","protected":false},"featured_media":0,"comment_status":"open","ping_status":"closed","template":"","meta":[],"product_brand":[],"product_cat":[137],"product_tag":[],"class_list":{"0":"post-16730","1":"product","2":"type-product","3":"status-publish","5":"product_cat-maros-megyei-eletrajzi-lexikon","7":"first","8":"instock","9":"shipping-taxable","10":"product-type-simple"},"_links":{"self":[{"href":"https:\/\/uj.adatbank.ro\/lexikon\/wp-json\/wp\/v2\/product\/16730","targetHints":{"allow":["GET"]}}],"collection":[{"href":"https:\/\/uj.adatbank.ro\/lexikon\/wp-json\/wp\/v2\/product"}],"about":[{"href":"https:\/\/uj.adatbank.ro\/lexikon\/wp-json\/wp\/v2\/types\/product"}],"replies":[{"embeddable":true,"href":"https:\/\/uj.adatbank.ro\/lexikon\/wp-json\/wp\/v2\/comments?post=16730"}],"wp:attachment":[{"href":"https:\/\/uj.adatbank.ro\/lexikon\/wp-json\/wp\/v2\/media?parent=16730"}],"wp:term":[{"taxonomy":"product_brand","embeddable":true,"href":"https:\/\/uj.adatbank.ro\/lexikon\/wp-json\/wp\/v2\/product_brand?post=16730"},{"taxonomy":"product_cat","embeddable":true,"href":"https:\/\/uj.adatbank.ro\/lexikon\/wp-json\/wp\/v2\/product_cat?post=16730"},{"taxonomy":"product_tag","embeddable":true,"href":"https:\/\/uj.adatbank.ro\/lexikon\/wp-json\/wp\/v2\/product_tag?post=16730"}],"curies":[{"name":"wp","href":"https:\/\/api.w.org\/{rel}","templated":true}]}}