{"id":16731,"date":"2025-07-15T23:28:15","date_gmt":"2025-07-15T21:28:15","guid":{"rendered":"https:\/\/uj.adatbank.ro\/lexikon\/termek\/nemeth-ferenc\/"},"modified":"2025-07-15T23:28:15","modified_gmt":"2025-07-15T21:28:15","slug":"nemeth-ferenc","status":"publish","type":"product","link":"https:\/\/uj.adatbank.ro\/lexikon\/termek\/nemeth-ferenc\/","title":{"rendered":"N\u00c9METH Ferenc"},"content":{"rendered":"<p>? \u2020 ? 16.sz.: Az unitarius vall\u00e1s h\u00edve. J\u00e1nos Zsigmond fejedelem erd\u00e9lyi hadainak f\u0151vez\u00e9re. <br \/><strong>Irod.:<\/strong>Kelemen<\/br><\/p>\n","protected":false},"excerpt":{"rendered":"<p>? \u2020 ? 16.sz.: Az unitarius vall\u00e1s h\u00edve. J\u00e1nos Zsigmond fejedelem erd\u00e9lyi hadainak f\u0151vez\u00e9re. Irod.:Kelemen<\/p>\n","protected":false},"featured_media":0,"comment_status":"open","ping_status":"closed","template":"","meta":[],"product_brand":[],"product_cat":[137],"product_tag":[],"class_list":{"0":"post-16731","1":"product","2":"type-product","3":"status-publish","5":"product_cat-maros-megyei-eletrajzi-lexikon","7":"first","8":"instock","9":"shipping-taxable","10":"product-type-simple"},"_links":{"self":[{"href":"https:\/\/uj.adatbank.ro\/lexikon\/wp-json\/wp\/v2\/product\/16731","targetHints":{"allow":["GET"]}}],"collection":[{"href":"https:\/\/uj.adatbank.ro\/lexikon\/wp-json\/wp\/v2\/product"}],"about":[{"href":"https:\/\/uj.adatbank.ro\/lexikon\/wp-json\/wp\/v2\/types\/product"}],"replies":[{"embeddable":true,"href":"https:\/\/uj.adatbank.ro\/lexikon\/wp-json\/wp\/v2\/comments?post=16731"}],"wp:attachment":[{"href":"https:\/\/uj.adatbank.ro\/lexikon\/wp-json\/wp\/v2\/media?parent=16731"}],"wp:term":[{"taxonomy":"product_brand","embeddable":true,"href":"https:\/\/uj.adatbank.ro\/lexikon\/wp-json\/wp\/v2\/product_brand?post=16731"},{"taxonomy":"product_cat","embeddable":true,"href":"https:\/\/uj.adatbank.ro\/lexikon\/wp-json\/wp\/v2\/product_cat?post=16731"},{"taxonomy":"product_tag","embeddable":true,"href":"https:\/\/uj.adatbank.ro\/lexikon\/wp-json\/wp\/v2\/product_tag?post=16731"}],"curies":[{"name":"wp","href":"https:\/\/api.w.org\/{rel}","templated":true}]}}