{"id":16732,"date":"2025-07-15T23:28:17","date_gmt":"2025-07-15T21:28:17","guid":{"rendered":"https:\/\/uj.adatbank.ro\/lexikon\/termek\/nemeth-gyula-iuliu\/"},"modified":"2025-07-15T23:28:17","modified_gmt":"2025-07-15T21:28:17","slug":"nemeth-gyula-iuliu","status":"publish","type":"product","link":"https:\/\/uj.adatbank.ro\/lexikon\/termek\/nemeth-gyula-iuliu\/","title":{"rendered":"N\u00c9METH Gyula, Iuliu"},"content":{"rendered":"<p>Kv., 1925. m\u00e1rc. 30., \u2020 Dics\u0151szentm\u00e1rton, 2000. \u00e1pr. 20.: k\u00e9pz\u0151m\u0171v\u00e9sz. \u2013 K\u00f6z\u00e9piskol\u00e1t, tervez\u0151 technikumot v\u00e9gzett. Szobr\u00e1sz, fest\u0151, rajzol\u00f3, tervez\u0151, makett k\u00e9sz\u00edt\u0151, d\u00edsz\u00edt\u0151m\u0171v\u00e9sz. <br \/><strong>Irod.:<\/strong> Moldovan, Iuliu: Art\u0103 plastic\u0103 t\u00e2rn\u0103vean\u0103: repere culturale (Tg. M., 2008) N\u00e9meth J\u00e1nos (red.) \u2013 2743<\/br><\/p>\n","protected":false},"excerpt":{"rendered":"<p>Kv., 1925. m\u00e1rc. 30., \u2020 Dics\u0151szentm\u00e1rton, 2000. \u00e1pr. 20.: k\u00e9pz\u0151m\u0171v\u00e9sz. \u2013 K\u00f6z\u00e9piskol\u00e1t, tervez\u0151 technikumot v\u00e9gzett. Szobr\u00e1sz, fest\u0151, rajzol\u00f3, tervez\u0151, makett k\u00e9sz\u00edt\u0151, d\u00edsz\u00edt\u0151m\u0171v\u00e9sz. Irod.: Moldovan, Iuliu: Art\u0103 plastic\u0103 t\u00e2rn\u0103vean\u0103: repere culturale (Tg. M., 2008) N\u00e9meth J\u00e1nos (red.) \u2013 2743<\/p>\n","protected":false},"featured_media":0,"comment_status":"open","ping_status":"closed","template":"","meta":[],"product_brand":[],"product_cat":[137],"product_tag":[],"class_list":{"0":"post-16732","1":"product","2":"type-product","3":"status-publish","5":"product_cat-maros-megyei-eletrajzi-lexikon","7":"first","8":"instock","9":"shipping-taxable","10":"product-type-simple"},"_links":{"self":[{"href":"https:\/\/uj.adatbank.ro\/lexikon\/wp-json\/wp\/v2\/product\/16732","targetHints":{"allow":["GET"]}}],"collection":[{"href":"https:\/\/uj.adatbank.ro\/lexikon\/wp-json\/wp\/v2\/product"}],"about":[{"href":"https:\/\/uj.adatbank.ro\/lexikon\/wp-json\/wp\/v2\/types\/product"}],"replies":[{"embeddable":true,"href":"https:\/\/uj.adatbank.ro\/lexikon\/wp-json\/wp\/v2\/comments?post=16732"}],"wp:attachment":[{"href":"https:\/\/uj.adatbank.ro\/lexikon\/wp-json\/wp\/v2\/media?parent=16732"}],"wp:term":[{"taxonomy":"product_brand","embeddable":true,"href":"https:\/\/uj.adatbank.ro\/lexikon\/wp-json\/wp\/v2\/product_brand?post=16732"},{"taxonomy":"product_cat","embeddable":true,"href":"https:\/\/uj.adatbank.ro\/lexikon\/wp-json\/wp\/v2\/product_cat?post=16732"},{"taxonomy":"product_tag","embeddable":true,"href":"https:\/\/uj.adatbank.ro\/lexikon\/wp-json\/wp\/v2\/product_tag?post=16732"}],"curies":[{"name":"wp","href":"https:\/\/api.w.org\/{rel}","templated":true}]}}