{"id":16734,"date":"2025-07-15T23:28:21","date_gmt":"2025-07-15T21:28:21","guid":{"rendered":"https:\/\/uj.adatbank.ro\/lexikon\/termek\/nemeth-lajos\/"},"modified":"2025-07-15T23:28:21","modified_gmt":"2025-07-15T21:28:21","slug":"nemeth-lajos","status":"publish","type":"product","link":"https:\/\/uj.adatbank.ro\/lexikon\/termek\/nemeth-lajos\/","title":{"rendered":"N\u00c9METH Lajos"},"content":{"rendered":"<p>Szov\u00e1ta, 1904., \u2020 ?: tan\u00edt\u00f3. \u2013 Tanulm\u00e1nyait Szov\u00e1t\u00e1n, Bp., Cegl\u00e9den, Mv.-en, Sz\u00e9kelykereszt\u00faron v\u00e9gezte. Szov\u00e1t\u00e1n kezdte p\u00e1ly\u00e1j\u00e1t, majd Ny\u00e1r\u00e1dmagyar\u00f3son tan\u00edtott (1932\u2013) A ref. egyh\u00e1z k\u00e1ntora, a hazafias \u00e9s kultur\u00e1lis egyes\u00fcletek t\u00e1mogat\u00f3ja \u00e9s tagja volt. A II. vh.-ban tart. z\u00e1szl\u00f3si rangban vett r\u00e9szt. <br \/><strong>Irod.:<\/strong> Berekm\u00e9ri; Sz\u00e9kelyf\u00f6ld \u00ed.k.<\/br><\/p>\n","protected":false},"excerpt":{"rendered":"<p>Szov\u00e1ta, 1904., \u2020 ?: tan\u00edt\u00f3. \u2013 Tanulm\u00e1nyait Szov\u00e1t\u00e1n, Bp., Cegl\u00e9den, Mv.-en, Sz\u00e9kelykereszt\u00faron v\u00e9gezte. Szov\u00e1t\u00e1n kezdte p\u00e1ly\u00e1j\u00e1t, majd Ny\u00e1r\u00e1dmagyar\u00f3son tan\u00edtott (1932\u2013) A ref. egyh\u00e1z k\u00e1ntora, a hazafias \u00e9s kultur\u00e1lis egyes\u00fcletek t\u00e1mogat\u00f3ja \u00e9s tagja volt. A II. vh.-ban tart. z\u00e1szl\u00f3si rangban vett r\u00e9szt. Irod.: Berekm\u00e9ri; Sz\u00e9kelyf\u00f6ld \u00ed.k.<\/p>\n","protected":false},"featured_media":0,"comment_status":"open","ping_status":"closed","template":"","meta":[],"product_brand":[],"product_cat":[137],"product_tag":[],"class_list":{"0":"post-16734","1":"product","2":"type-product","3":"status-publish","5":"product_cat-maros-megyei-eletrajzi-lexikon","7":"first","8":"instock","9":"shipping-taxable","10":"product-type-simple"},"_links":{"self":[{"href":"https:\/\/uj.adatbank.ro\/lexikon\/wp-json\/wp\/v2\/product\/16734","targetHints":{"allow":["GET"]}}],"collection":[{"href":"https:\/\/uj.adatbank.ro\/lexikon\/wp-json\/wp\/v2\/product"}],"about":[{"href":"https:\/\/uj.adatbank.ro\/lexikon\/wp-json\/wp\/v2\/types\/product"}],"replies":[{"embeddable":true,"href":"https:\/\/uj.adatbank.ro\/lexikon\/wp-json\/wp\/v2\/comments?post=16734"}],"wp:attachment":[{"href":"https:\/\/uj.adatbank.ro\/lexikon\/wp-json\/wp\/v2\/media?parent=16734"}],"wp:term":[{"taxonomy":"product_brand","embeddable":true,"href":"https:\/\/uj.adatbank.ro\/lexikon\/wp-json\/wp\/v2\/product_brand?post=16734"},{"taxonomy":"product_cat","embeddable":true,"href":"https:\/\/uj.adatbank.ro\/lexikon\/wp-json\/wp\/v2\/product_cat?post=16734"},{"taxonomy":"product_tag","embeddable":true,"href":"https:\/\/uj.adatbank.ro\/lexikon\/wp-json\/wp\/v2\/product_tag?post=16734"}],"curies":[{"name":"wp","href":"https:\/\/api.w.org\/{rel}","templated":true}]}}

NÉMETH Lajos

<p>Szováta, 1904., † ?: tanító. – Tanulmányait Szovátán, Bp., Cegléden, Mv.-en, Székelykeresztúron végezte. Szovátán kezdte pályáját, majd Nyárádmagyaróson tanított (1932–) A ref. egyház kántora, a hazafias és kulturális egyesületek támogatója és tagja volt. A II. vh.-ban tart. zászlósi rangban vett részt. <br /><strong>Irod.:</strong> Berekméri; Székelyföld í.k.</br></p>

<p>Szováta, 1904., † ?: tanító. – Tanulmányait Szovátán, Bp., Cegléden, Mv.-en, Székelykeresztúron végezte. Szovátán kezdte pályáját, majd Nyárádmagyaróson tanított (1932–) A ref. egyház kántora, a hazafias és kulturális egyesületek támogatója és tagja volt. A II. vh.-ban tart. zászlósi rangban vett részt. Irod.: Berekméri; Székelyföld í.k.</p>
