{"id":16736,"date":"2025-07-15T23:28:25","date_gmt":"2025-07-15T21:28:25","guid":{"rendered":"https:\/\/uj.adatbank.ro\/lexikon\/termek\/nemeth-laszlo-2\/"},"modified":"2025-07-15T23:28:25","modified_gmt":"2025-07-15T21:28:25","slug":"nemeth-laszlo-2","status":"publish","type":"product","link":"https:\/\/uj.adatbank.ro\/lexikon\/termek\/nemeth-laszlo-2\/","title":{"rendered":"N\u00c9METH L\u00e1szl\u00f3"},"content":{"rendered":"<p>Nagyb\u00e1nya, 1901. \u00e1pr. 18., \u2020 Bp., 1975, m\u00e1rc. 3..??: orvos, \u00edr\u00f3. \u2013 Boldizs\u00e1r Iv\u00e1nnal, Kereszt\u00fary Dezs\u0151vel \u00e9s Szab\u00f3 Zolt\u00e1nnal k\u00e9thetes utaz\u00e1st tett Erd\u00e9lyben (1935 aug.), ennek tapasztalatai nyom\u00e1n sz\u00fcletett a Tan\u00faban megjelent Magyarok Rom\u00e1ni\u00e1ban c. \u00fatinapl\u00f3ja, melynek \u00fajrak\u00f6zl\u00e9se: Magyarok Rom\u00e1ni\u00e1ban: Az \u00fatirajz \u00e9s a vita (Szerk, el\u0151sz\u00f3, jegyzet. Nagy P\u00e1l; Mv., 2001). Mv.-en is \u00e1tutaztak a Kaszin\u00f3 \u00e1ltal \u00fczemeltetett tornakerti ny\u00e1ri vend\u00e9gl\u0151ben rendezett felekkenvacsor\u00e1n a vend\u00e9gek mellett r\u00e9szt vettek: Kov\u00e1cs Benedek, Abaf\u00e1y Guszt\u00e1v, Fekete Andor, Lakatos Imre, Tam\u00e1si \u00c1ron \u00e9s Molter K\u00e1roly. A K\u00e9t Bolyai bemutat\u00f3j\u00e1ra j\u00f6tt m\u00e1sodszor Mv.-re. Molter\u00e9kn\u00e9l sz\u00e1llt meg \u00e9s \u00fajra tal\u00e1lkozott a r\u00e9giek k\u00f6z\u00fcl Molter K\u00e1rolyon k\u00edv\u00fcl Kov\u00e1cs Benedekkel is, az \u00daj \u00c9let szerkeszt\u0151ivel (1970. febr. 19\u201320.) \u00e9s a sz\u00ednh\u00e1z g\u00e1rd\u00e1j\u00e1val. Erd\u00e9ly t\u00f6rt\u00e9nete ihletforr\u00e1sk\u00e9nt jelen van \u00e9letm\u0171v\u00e9ben: t\u00f6bbek k\u00f6z\u00f6tt Bethlen Kata (1939), A K\u00e9t Bolyai c. dr\u00e1m\u00e1j\u00e1ban (1961). Magyarok Rom\u00e1ni\u00e1ban: Az \u00fatirajz \u00e9s a vita (Szerk, el\u0151sz\u00f3, jegyzet. Nagy P\u00e1l; Mv., 2001). <br \/><strong>Irod.:<\/strong> Katona Szab\u00f3 2001; Tan\u00fa (1935. 3\u20134. jan.-i sz\u00e1m); Molter 3.; Nagy P\u00e1l: Bolyaiak tere (Mv, 1998); Nagy P\u00e1l: N\u00e9meth L\u00e1szl\u00f3 Mv.-en (Erd\u00e9lyi Figyel\u0151, 2. sz., 1993); Veress D\u00e1niel: N\u00e9meth L\u00e1szl\u00f3 a Bolyaiak v\u00e1ros\u00e1ban (Igaz Sz\u00f3, 1970., 3. sz.); Igaz Sz\u00f3 (1975. m\u00e1rc.).<\/br><\/p>\n","protected":false},"excerpt":{"rendered":"<p>Nagyb\u00e1nya, 1901. \u00e1pr. 18., \u2020 Bp., 1975, m\u00e1rc. 3..??: orvos, \u00edr\u00f3. \u2013 Boldizs\u00e1r Iv\u00e1nnal, Kereszt\u00fary Dezs\u0151vel \u00e9s Szab\u00f3 Zolt\u00e1nnal k\u00e9thetes utaz\u00e1st tett Erd\u00e9lyben (1935 aug.), ennek tapasztalatai nyom\u00e1n sz\u00fcletett a Tan\u00faban megjelent Magyarok Rom\u00e1ni\u00e1ban c. \u00fatinapl\u00f3ja, melynek \u00fajrak\u00f6zl\u00e9se: Magyarok Rom\u00e1ni\u00e1ban: Az \u00fatirajz \u00e9s a vita (Szerk, el\u0151sz\u00f3, jegyzet. Nagy P\u00e1l; Mv., 2001). Mv.-en is \u00e1tutaztak [&hellip;]<\/p>\n","protected":false},"featured_media":0,"comment_status":"open","ping_status":"closed","template":"","meta":[],"product_brand":[],"product_cat":[137],"product_tag":[],"class_list":{"0":"post-16736","1":"product","2":"type-product","3":"status-publish","5":"product_cat-maros-megyei-eletrajzi-lexikon","7":"first","8":"instock","9":"shipping-taxable","10":"product-type-simple"},"_links":{"self":[{"href":"https:\/\/uj.adatbank.ro\/lexikon\/wp-json\/wp\/v2\/product\/16736","targetHints":{"allow":["GET"]}}],"collection":[{"href":"https:\/\/uj.adatbank.ro\/lexikon\/wp-json\/wp\/v2\/product"}],"about":[{"href":"https:\/\/uj.adatbank.ro\/lexikon\/wp-json\/wp\/v2\/types\/product"}],"replies":[{"embeddable":true,"href":"https:\/\/uj.adatbank.ro\/lexikon\/wp-json\/wp\/v2\/comments?post=16736"}],"wp:attachment":[{"href":"https:\/\/uj.adatbank.ro\/lexikon\/wp-json\/wp\/v2\/media?parent=16736"}],"wp:term":[{"taxonomy":"product_brand","embeddable":true,"href":"https:\/\/uj.adatbank.ro\/lexikon\/wp-json\/wp\/v2\/product_brand?post=16736"},{"taxonomy":"product_cat","embeddable":true,"href":"https:\/\/uj.adatbank.ro\/lexikon\/wp-json\/wp\/v2\/product_cat?post=16736"},{"taxonomy":"product_tag","embeddable":true,"href":"https:\/\/uj.adatbank.ro\/lexikon\/wp-json\/wp\/v2\/product_tag?post=16736"}],"curies":[{"name":"wp","href":"https:\/\/api.w.org\/{rel}","templated":true}]}}

NÉMETH László

<p>Nagybánya, 1901. ápr. 18., † Bp., 1975, márc. 3..??: orvos, író. – Boldizsár Ivánnal, Keresztúry Dezsővel és Szabó Zoltánnal kéthetes utazást tett Erdélyben (1935 aug.), ennek tapasztalatai nyomán született a Tanúban megjelent Magyarok Romániában c. útinaplója, melynek újraközlése: Magyarok Romániában: Az útirajz és a vita (Szerk, előszó, jegyzet. Nagy Pál; Mv., 2001). Mv.-en is átutaztak a Kaszinó által üzemeltetett tornakerti nyári vendéglőben rendezett felekkenvacsorán a vendégek mellett részt vettek: Kovács Benedek, Abafáy Gusztáv, Fekete Andor, Lakatos Imre, Tamási Áron és Molter Károly. A Két Bolyai bemutatójára jött másodszor Mv.-re. Molteréknél szállt meg és újra találkozott a régiek közül Molter Károlyon kívül Kovács Benedekkel is, az Új Élet szerkesztőivel (1970. febr. 19–20.) és a színház gárdájával. Erdély története ihletforrásként jelen van életművében: többek között Bethlen Kata (1939), A Két Bolyai c. drámájában (1961). Magyarok Romániában: Az útirajz és a vita (Szerk, előszó, jegyzet. Nagy Pál; Mv., 2001). <br /><strong>Irod.:</strong> Katona Szabó 2001; Tanú (1935. 3–4. jan.-i szám); Molter 3.; Nagy Pál: Bolyaiak tere (Mv, 1998); Nagy Pál: Németh László Mv.-en (Erdélyi Figyelő, 2. sz., 1993); Veress Dániel: Németh László a Bolyaiak városában (Igaz Szó, 1970., 3. sz.); Igaz Szó (1975. márc.).</br></p>

<p>Nagybánya, 1901. ápr. 18., † Bp., 1975, márc. 3..??: orvos, író. – Boldizsár Ivánnal, Keresztúry Dezsővel és Szabó Zoltánnal kéthetes utazást tett Erdélyben (1935 aug.), ennek tapasztalatai nyomán született a Tanúban megjelent Magyarok Romániában c. útinaplója, melynek újraközlése: Magyarok Romániában: Az útirajz és a vita (Szerk, előszó, jegyzet. Nagy Pál; Mv., 2001). Mv.-en is átutaztak [&hellip;]</p>
