{"id":16738,"date":"2025-07-15T23:28:27","date_gmt":"2025-07-15T21:28:27","guid":{"rendered":"https:\/\/uj.adatbank.ro\/lexikon\/termek\/nemeth-rudolf\/"},"modified":"2025-07-15T23:28:27","modified_gmt":"2025-07-15T21:28:27","slug":"nemeth-rudolf","status":"publish","type":"product","link":"https:\/\/uj.adatbank.ro\/lexikon\/termek\/nemeth-rudolf\/","title":{"rendered":"N\u00c9METH Rudolf"},"content":{"rendered":"<p>Pozsony, 1870. dec. 17., \u2020 Bp., 1925.: t\u00f6rv\u00e9nysz\u00e9ki b\u00edr\u00f3. \u2013 Gy\u0151r\u00f6tt, Pozsonyban \u00e9s Pesten v\u00e9gzett egyetemi tanulm\u00e1nyok ut\u00e1n letette a jogtudom\u00e1nyi \u00e9s \u00fcgyv\u00e9di szigorlatokat, \u00fcgyv\u00e9di irod\u00e1t nyitott Kismartonban, de e p\u00e1ly\u00e1hoz nem volt hajlama \u00e9s b\u00edr\u00f3 lett (1897). Szegeden t\u00f6rv\u00e9nysz\u00e9ki alb\u00edr\u00f3; Segesv\u00e1ron j\u00e1r\u00e1sb\u00edr\u00f3s\u00e1gi eln\u00f6k ahol 4 \u00e9s f\u00e9l \u00e9vig m\u0171k\u00f6d\u00f6tt.; Brass\u00f3ban, Kom\u00e1romban t\u00f6rv\u00e9nysz\u00e9ki tan\u00e1cseln\u00f6k; Gy\u0151rben t\u00e1blab\u00edr\u00f3; Bp.-en kuriai b\u00edr\u00f3 (1921). A Kereszt\u00e9ny Egyes\u00fclt Nemz. Liga k\u00f6zp. ig., a B\u00edr\u00f3i \u00e9s \u00dcgy\u00e9szi Egyes\u00fclet tagja. Jogi cikkeket \u00edrt, az Igazs\u00e1g\u00fcgyi K\u00f6zl\u00f6ny munkat\u00e1rsa. \u2013 <strong>F. m.:<\/strong> A kereskedelmi \u00e9s v\u00e1lt\u00f3jogr\u00f3l ( ??); A fiduciarius forgatm\u00e1nyr\u00f3l (Gy\u0151r, 1899). <br \/><strong>Irod.:<\/strong> Guly\u00e1s<\/br><\/p>\n","protected":false},"excerpt":{"rendered":"<p>Pozsony, 1870. dec. 17., \u2020 Bp., 1925.: t\u00f6rv\u00e9nysz\u00e9ki b\u00edr\u00f3. \u2013 Gy\u0151r\u00f6tt, Pozsonyban \u00e9s Pesten v\u00e9gzett egyetemi tanulm\u00e1nyok ut\u00e1n letette a jogtudom\u00e1nyi \u00e9s \u00fcgyv\u00e9di szigorlatokat, \u00fcgyv\u00e9di irod\u00e1t nyitott Kismartonban, de e p\u00e1ly\u00e1hoz nem volt hajlama \u00e9s b\u00edr\u00f3 lett (1897). Szegeden t\u00f6rv\u00e9nysz\u00e9ki alb\u00edr\u00f3; Segesv\u00e1ron j\u00e1r\u00e1sb\u00edr\u00f3s\u00e1gi eln\u00f6k ahol 4 \u00e9s f\u00e9l \u00e9vig m\u0171k\u00f6d\u00f6tt.; Brass\u00f3ban, Kom\u00e1romban t\u00f6rv\u00e9nysz\u00e9ki tan\u00e1cseln\u00f6k; Gy\u0151rben [&hellip;]<\/p>\n","protected":false},"featured_media":0,"comment_status":"open","ping_status":"closed","template":"","meta":[],"product_brand":[],"product_cat":[137],"product_tag":[],"class_list":{"0":"post-16738","1":"product","2":"type-product","3":"status-publish","5":"product_cat-maros-megyei-eletrajzi-lexikon","7":"first","8":"instock","9":"shipping-taxable","10":"product-type-simple"},"_links":{"self":[{"href":"https:\/\/uj.adatbank.ro\/lexikon\/wp-json\/wp\/v2\/product\/16738","targetHints":{"allow":["GET"]}}],"collection":[{"href":"https:\/\/uj.adatbank.ro\/lexikon\/wp-json\/wp\/v2\/product"}],"about":[{"href":"https:\/\/uj.adatbank.ro\/lexikon\/wp-json\/wp\/v2\/types\/product"}],"replies":[{"embeddable":true,"href":"https:\/\/uj.adatbank.ro\/lexikon\/wp-json\/wp\/v2\/comments?post=16738"}],"wp:attachment":[{"href":"https:\/\/uj.adatbank.ro\/lexikon\/wp-json\/wp\/v2\/media?parent=16738"}],"wp:term":[{"taxonomy":"product_brand","embeddable":true,"href":"https:\/\/uj.adatbank.ro\/lexikon\/wp-json\/wp\/v2\/product_brand?post=16738"},{"taxonomy":"product_cat","embeddable":true,"href":"https:\/\/uj.adatbank.ro\/lexikon\/wp-json\/wp\/v2\/product_cat?post=16738"},{"taxonomy":"product_tag","embeddable":true,"href":"https:\/\/uj.adatbank.ro\/lexikon\/wp-json\/wp\/v2\/product_tag?post=16738"}],"curies":[{"name":"wp","href":"https:\/\/api.w.org\/{rel}","templated":true}]}}

NÉMETH Rudolf

<p>Pozsony, 1870. dec. 17., † Bp., 1925.: törvényszéki bíró. – Győrött, Pozsonyban és Pesten végzett egyetemi tanulmányok után letette a jogtudományi és ügyvédi szigorlatokat, ügyvédi irodát nyitott Kismartonban, de e pályához nem volt hajlama és bíró lett (1897). Szegeden törvényszéki albíró; Segesváron járásbírósági elnök ahol 4 és fél évig működött.; Brassóban, Komáromban törvényszéki tanácselnök; Győrben táblabíró; Bp.-en kuriai bíró (1921). A Keresztény Egyesült Nemz. Liga közp. ig., a Bírói és Ügyészi Egyesület tagja. Jogi cikkeket írt, az Igazságügyi Közlöny munkatársa. – <strong>F. m.:</strong> A kereskedelmi és váltójogról ( ??); A fiduciarius forgatmányról (Győr, 1899). <br /><strong>Irod.:</strong> Gulyás</br></p>

<p>Pozsony, 1870. dec. 17., † Bp., 1925.: törvényszéki bíró. – Győrött, Pozsonyban és Pesten végzett egyetemi tanulmányok után letette a jogtudományi és ügyvédi szigorlatokat, ügyvédi irodát nyitott Kismartonban, de e pályához nem volt hajlama és bíró lett (1897). Szegeden törvényszéki albíró; Segesváron járásbírósági elnök ahol 4 és fél évig működött.; Brassóban, Komáromban törvényszéki tanácselnök; Győrben [&hellip;]</p>
