{"id":16744,"date":"2025-07-15T23:28:41","date_gmt":"2025-07-15T21:28:41","guid":{"rendered":"https:\/\/uj.adatbank.ro\/lexikon\/termek\/nemethy-ferenc\/"},"modified":"2025-07-15T23:28:41","modified_gmt":"2025-07-15T21:28:41","slug":"nemethy-ferenc","status":"publish","type":"product","link":"https:\/\/uj.adatbank.ro\/lexikon\/termek\/nemethy-ferenc\/","title":{"rendered":"N\u00c9METHY Ferenc"},"content":{"rendered":"<p>Dics\u0151szentm\u00e1rton, 1884. m\u00e1j. 5., \u2020 ? : tan\u00e1r, polg\u00e1riiskolai igazgat\u00f3. \u2013 Tan\u00e1ri szolg\u00e1lat\u00e1t Bp.-en kezdte(1911\u2013); a bp.-i Simor u. Le\u00e1nyiskola igazgat\u00f3ja (1921\u2013); gazdas\u00e1gi fel\u00fcgyel\u0151 (1933\u2013); nyugd\u00edjazt\u00e1k (1934). Egyetemi tanulm\u00e1nyaival p\u00e1rhuzamosan a Zeneakad\u00e9mia heged\u0171 tanszak\u00e1n Hubay Jen\u0151 tan\u00edtv\u00e1nya. Hangversenyezett Hollandi\u00e1ban (1920), Ausztri\u00e1ban (1926), Ath\u00e9nban, Isztambulban Szofi\u00e1ban(1929), Finnorsz\u00e1gban (1931). A Polg\u00e1ri K\u00f6z\u00e9piskolai Tan\u00e1r Egyes\u00fclet v\u00e1lasztm\u00e1nyi tagja (1924\u201330), a bp.-i K\u00f6r aleln\u00f6ke (1930). Cikkei : V\u00e1rosok Lapja, P. H\u00edrlap, Term\u00e9szettudom\u00e1nyi K\u00f6zl\u00f6ny, Mo.-ban. \u2013 <strong>F. m.:<\/strong> <strong>t\u00e1rssz.:<\/strong> Csod\u00e1k \u00fatjain : Term\u00e9szettudom\u00e1nyi mesek\u00f6nyv (Bp., 1928); \u00e1tdolgoz\u00e1s : Geszti Lajos : F\u00f6ldrajz a polg\u00e1ri fi\u00faiskol\u00e1k r\u00e9sz\u00e9re (Bp., 1927\u201330); Geszti Lajos: F\u00f6ldrajz a p. le\u00e1nyiskol\u00e1k r\u00e9sz\u00e9re (Bp. 1927\u201329); <strong>szerk.:<\/strong> Bp. Sz\u00e9kesf\u0151v\u00e1ros X. ker. Tisztvisel\u0151telepi (Simor u.) k\u00f6zs. p. le\u00e1nyisk. 1928\/29\u20131931\/32 \u00e9. \u00c9rtes\u00edt\u0151je (Bp., 1929\u201332). <br \/><strong>Irod.:<\/strong> Guly\u00e1s<\/br><\/p>\n","protected":false},"excerpt":{"rendered":"<p>Dics\u0151szentm\u00e1rton, 1884. m\u00e1j. 5., \u2020 ? : tan\u00e1r, polg\u00e1riiskolai igazgat\u00f3. \u2013 Tan\u00e1ri szolg\u00e1lat\u00e1t Bp.-en kezdte(1911\u2013); a bp.-i Simor u. Le\u00e1nyiskola igazgat\u00f3ja (1921\u2013); gazdas\u00e1gi fel\u00fcgyel\u0151 (1933\u2013); nyugd\u00edjazt\u00e1k (1934). Egyetemi tanulm\u00e1nyaival p\u00e1rhuzamosan a Zeneakad\u00e9mia heged\u0171 tanszak\u00e1n Hubay Jen\u0151 tan\u00edtv\u00e1nya. Hangversenyezett Hollandi\u00e1ban (1920), Ausztri\u00e1ban (1926), Ath\u00e9nban, Isztambulban Szofi\u00e1ban(1929), Finnorsz\u00e1gban (1931). A Polg\u00e1ri K\u00f6z\u00e9piskolai Tan\u00e1r Egyes\u00fclet v\u00e1lasztm\u00e1nyi tagja (1924\u201330), [&hellip;]<\/p>\n","protected":false},"featured_media":0,"comment_status":"open","ping_status":"closed","template":"","meta":[],"product_brand":[],"product_cat":[137],"product_tag":[],"class_list":{"0":"post-16744","1":"product","2":"type-product","3":"status-publish","5":"product_cat-maros-megyei-eletrajzi-lexikon","7":"first","8":"instock","9":"shipping-taxable","10":"product-type-simple"},"_links":{"self":[{"href":"https:\/\/uj.adatbank.ro\/lexikon\/wp-json\/wp\/v2\/product\/16744","targetHints":{"allow":["GET"]}}],"collection":[{"href":"https:\/\/uj.adatbank.ro\/lexikon\/wp-json\/wp\/v2\/product"}],"about":[{"href":"https:\/\/uj.adatbank.ro\/lexikon\/wp-json\/wp\/v2\/types\/product"}],"replies":[{"embeddable":true,"href":"https:\/\/uj.adatbank.ro\/lexikon\/wp-json\/wp\/v2\/comments?post=16744"}],"wp:attachment":[{"href":"https:\/\/uj.adatbank.ro\/lexikon\/wp-json\/wp\/v2\/media?parent=16744"}],"wp:term":[{"taxonomy":"product_brand","embeddable":true,"href":"https:\/\/uj.adatbank.ro\/lexikon\/wp-json\/wp\/v2\/product_brand?post=16744"},{"taxonomy":"product_cat","embeddable":true,"href":"https:\/\/uj.adatbank.ro\/lexikon\/wp-json\/wp\/v2\/product_cat?post=16744"},{"taxonomy":"product_tag","embeddable":true,"href":"https:\/\/uj.adatbank.ro\/lexikon\/wp-json\/wp\/v2\/product_tag?post=16744"}],"curies":[{"name":"wp","href":"https:\/\/api.w.org\/{rel}","templated":true}]}}

NÉMETHY Ferenc

<p>Dicsőszentmárton, 1884. máj. 5., † ? : tanár, polgáriiskolai igazgató. – Tanári szolgálatát Bp.-en kezdte(1911–); a bp.-i Simor u. Leányiskola igazgatója (1921–); gazdasági felügyelő (1933–); nyugdíjazták (1934). Egyetemi tanulmányaival párhuzamosan a Zeneakadémia hegedű tanszakán Hubay Jenő tanítványa. Hangversenyezett Hollandiában (1920), Ausztriában (1926), Athénban, Isztambulban Szofiában(1929), Finnországban (1931). A Polgári Középiskolai Tanár Egyesület választmányi tagja (1924–30), a bp.-i Kör alelnöke (1930). Cikkei : Városok Lapja, P. Hírlap, Természettudományi Közlöny, Mo.-ban. – <strong>F. m.:</strong> <strong>társsz.:</strong> Csodák útjain : Természettudományi mesekönyv (Bp., 1928); átdolgozás : Geszti Lajos : Földrajz a polgári fiúiskolák részére (Bp., 1927–30); Geszti Lajos: Földrajz a p. leányiskolák részére (Bp. 1927–29); <strong>szerk.:</strong> Bp. Székesfőváros X. ker. Tisztviselőtelepi (Simor u.) közs. p. leányisk. 1928/29–1931/32 é. Értesítője (Bp., 1929–32). <br /><strong>Irod.:</strong> Gulyás</br></p>

<p>Dicsőszentmárton, 1884. máj. 5., † ? : tanár, polgáriiskolai igazgató. – Tanári szolgálatát Bp.-en kezdte(1911–); a bp.-i Simor u. Leányiskola igazgatója (1921–); gazdasági felügyelő (1933–); nyugdíjazták (1934). Egyetemi tanulmányaival párhuzamosan a Zeneakadémia hegedű tanszakán Hubay Jenő tanítványa. Hangversenyezett Hollandiában (1920), Ausztriában (1926), Athénban, Isztambulban Szofiában(1929), Finnországban (1931). A Polgári Középiskolai Tanár Egyesület választmányi tagja (1924–30), [&hellip;]</p>
