{"id":16748,"date":"2025-07-15T23:28:48","date_gmt":"2025-07-15T21:28:48","guid":{"rendered":"https:\/\/uj.adatbank.ro\/lexikon\/termek\/nemethy-jozsef-2\/"},"modified":"2025-07-15T23:28:48","modified_gmt":"2025-07-15T21:28:48","slug":"nemethy-jozsef-2","status":"publish","type":"product","link":"https:\/\/uj.adatbank.ro\/lexikon\/termek\/nemethy-jozsef-2\/","title":{"rendered":"N\u00c9METHY J\u00f3zsef"},"content":{"rendered":"<p>1927., \u2020 Mv., 2000. nov, 21.: g\u00e9p\u00e9szm\u00e9rn\u00f6k. \u2013A Metalotechnik\u00e1ban dolgozott. <br \/><strong>Irod.:<\/strong> MMK; Nekrol\u00f3g (N\u00fa 2000. nov 24)<\/br><\/p>\n","protected":false},"excerpt":{"rendered":"<p>1927., \u2020 Mv., 2000. nov, 21.: g\u00e9p\u00e9szm\u00e9rn\u00f6k. \u2013A Metalotechnik\u00e1ban dolgozott. Irod.: MMK; Nekrol\u00f3g (N\u00fa 2000. nov 24)<\/p>\n","protected":false},"featured_media":0,"comment_status":"open","ping_status":"closed","template":"","meta":[],"product_brand":[],"product_cat":[137],"product_tag":[],"class_list":{"0":"post-16748","1":"product","2":"type-product","3":"status-publish","5":"product_cat-maros-megyei-eletrajzi-lexikon","7":"first","8":"instock","9":"shipping-taxable","10":"product-type-simple"},"_links":{"self":[{"href":"https:\/\/uj.adatbank.ro\/lexikon\/wp-json\/wp\/v2\/product\/16748","targetHints":{"allow":["GET"]}}],"collection":[{"href":"https:\/\/uj.adatbank.ro\/lexikon\/wp-json\/wp\/v2\/product"}],"about":[{"href":"https:\/\/uj.adatbank.ro\/lexikon\/wp-json\/wp\/v2\/types\/product"}],"replies":[{"embeddable":true,"href":"https:\/\/uj.adatbank.ro\/lexikon\/wp-json\/wp\/v2\/comments?post=16748"}],"wp:attachment":[{"href":"https:\/\/uj.adatbank.ro\/lexikon\/wp-json\/wp\/v2\/media?parent=16748"}],"wp:term":[{"taxonomy":"product_brand","embeddable":true,"href":"https:\/\/uj.adatbank.ro\/lexikon\/wp-json\/wp\/v2\/product_brand?post=16748"},{"taxonomy":"product_cat","embeddable":true,"href":"https:\/\/uj.adatbank.ro\/lexikon\/wp-json\/wp\/v2\/product_cat?post=16748"},{"taxonomy":"product_tag","embeddable":true,"href":"https:\/\/uj.adatbank.ro\/lexikon\/wp-json\/wp\/v2\/product_tag?post=16748"}],"curies":[{"name":"wp","href":"https:\/\/api.w.org\/{rel}","templated":true}]}}