{"id":1675,"date":"2025-06-28T11:49:37","date_gmt":"2025-06-28T09:49:37","guid":{"rendered":"https:\/\/uj.adatbank.ro\/lexikon\/termek\/ajtai-gyula\/"},"modified":"2025-06-28T11:49:37","modified_gmt":"2025-06-28T09:49:37","slug":"ajtai-gyula","status":"publish","type":"product","link":"https:\/\/uj.adatbank.ro\/lexikon\/termek\/ajtai-gyula\/","title":{"rendered":"AJTAI Gyula"},"content":{"rendered":"<p>1848., \u2020 Mv.,1900. j\u00fal. 25.: f\u0151jegyz\u0151, v\u00e1rosi tan\u00e1csos, polg\u00e1rmester helyettes. \u2013 Tanulm\u00e1nyait Mv.-en v\u00e9gezte a Ref. Koll. Jogakad.-j\u00e1n. Mv. v\u00e1ros szolg\u00e1lat\u00e1ba l\u00e9pett (1869\u2013), a v\u00e1rosi tan\u00e1csn\u00e1l aljegyz\u0151 (1872\u2013), f\u0151jegyz\u0151, majd tan\u00e1csos \u00e9s polg\u00e1rmesterhelyettes hal\u00e1l\u00e1ig. Az \u00e1llami anyak\u00f6nyvek vezet\u00e9s\u00e9nek \u00e9letbe l\u00e9ptet\u00e9sekor (1895. okt. 1.) \u00e1llami anyak\u00f6nyvvezet\u0151nek nevezt\u00e9k ki. A ref. egyh\u00e1z f\u0151jegyz\u0151je, tagja az orsz\u00e1gos k\u00f3rh\u00e1z igazgat\u00f3s\u00e1g\u00e1nak, referense a tan\u00fcgynek, p\u00e9nzt\u00e1rosa a Mv.-i sz\u00ednp\u00e1rtol\u00f3 egyletnek (1886\u20131892). A KMTT tagja. R\u00e9szt vett az Erd\u00e9lyi Ref. Egyh\u00e1zker. Kv.-on tartott k\u00f6zgy\u0171l\u00e9s\u00e9n (1888. szept. 29-okt. 2). \u2013 <strong>F. m.:<\/strong> Hat\u00f3s\u00e1gi szab\u00e1lyrendeletek (Mv., 1881). <br \/><strong>Irod.:<\/strong> F\u00fcl\u00f6p\u2013Ferencz; A K. Magyar Term\u00e9szettudom\u00e1nyi T\u00e1rsulat tagjainak n\u00e9vjegyz\u00e9ke (Bp., 1877); Az Erd\u00e9lyi Ev. Ref. Egyh\u00e1zker\u00fclet Kv.-on 1888 szept. 29-okt. 2. tartott k\u00f6zgy\u0171l\u00e9s\u00e9nek jegyz\u0151k\u00f6nyve (Kv., 1888); Kusz\u00e1lik \u2013 Zal\u00e1nyi; Gy\u00e1szjelent\u0151; [Nekrol\u00f3g] (Sz\u00e9kely Lapok, 1900. j\u00fal. 26.); P\u00e1lmay J\u00f3zsef<\/br><\/p>\n","protected":false},"excerpt":{"rendered":"<p>1848., \u2020 Mv.,1900. j\u00fal. 25.: f\u0151jegyz\u0151, v\u00e1rosi tan\u00e1csos, polg\u00e1rmester helyettes. \u2013 Tanulm\u00e1nyait Mv.-en v\u00e9gezte a Ref. Koll. Jogakad.-j\u00e1n. Mv. v\u00e1ros szolg\u00e1lat\u00e1ba l\u00e9pett (1869\u2013), a v\u00e1rosi tan\u00e1csn\u00e1l aljegyz\u0151 (1872\u2013), f\u0151jegyz\u0151, majd tan\u00e1csos \u00e9s polg\u00e1rmesterhelyettes hal\u00e1l\u00e1ig. Az \u00e1llami anyak\u00f6nyvek vezet\u00e9s\u00e9nek \u00e9letbe l\u00e9ptet\u00e9sekor (1895. okt. 1.) \u00e1llami anyak\u00f6nyvvezet\u0151nek nevezt\u00e9k ki. A ref. egyh\u00e1z f\u0151jegyz\u0151je, tagja az orsz\u00e1gos k\u00f3rh\u00e1z [&hellip;]<\/p>\n","protected":false},"featured_media":0,"comment_status":"open","ping_status":"closed","template":"","meta":[],"product_brand":[],"product_cat":[137],"product_tag":[],"class_list":{"0":"post-1675","1":"product","2":"type-product","3":"status-publish","5":"product_cat-maros-megyei-eletrajzi-lexikon","7":"first","8":"instock","9":"shipping-taxable","10":"product-type-simple"},"_links":{"self":[{"href":"https:\/\/uj.adatbank.ro\/lexikon\/wp-json\/wp\/v2\/product\/1675","targetHints":{"allow":["GET"]}}],"collection":[{"href":"https:\/\/uj.adatbank.ro\/lexikon\/wp-json\/wp\/v2\/product"}],"about":[{"href":"https:\/\/uj.adatbank.ro\/lexikon\/wp-json\/wp\/v2\/types\/product"}],"replies":[{"embeddable":true,"href":"https:\/\/uj.adatbank.ro\/lexikon\/wp-json\/wp\/v2\/comments?post=1675"}],"wp:attachment":[{"href":"https:\/\/uj.adatbank.ro\/lexikon\/wp-json\/wp\/v2\/media?parent=1675"}],"wp:term":[{"taxonomy":"product_brand","embeddable":true,"href":"https:\/\/uj.adatbank.ro\/lexikon\/wp-json\/wp\/v2\/product_brand?post=1675"},{"taxonomy":"product_cat","embeddable":true,"href":"https:\/\/uj.adatbank.ro\/lexikon\/wp-json\/wp\/v2\/product_cat?post=1675"},{"taxonomy":"product_tag","embeddable":true,"href":"https:\/\/uj.adatbank.ro\/lexikon\/wp-json\/wp\/v2\/product_tag?post=1675"}],"curies":[{"name":"wp","href":"https:\/\/api.w.org\/{rel}","templated":true}]}}

<p>1848., † Mv.,1900. júl. 25.: főjegyző, városi tanácsos, polgármester helyettes. – Tanulmányait Mv.-en végezte a Ref. Koll. Jogakad.-ján. Mv. város szolgálatába lépett (1869–), a városi tanácsnál aljegyző (1872–), főjegyző, majd tanácsos és polgármesterhelyettes haláláig. Az állami anyakönyvek vezetésének életbe léptetésekor (1895. okt. 1.) állami anyakönyvvezetőnek nevezték ki. A ref. egyház főjegyzője, tagja az országos kórház igazgatóságának, referense a tanügynek, pénztárosa a Mv.-i színpártoló egyletnek (1886–1892). A KMTT tagja. Részt vett az Erdélyi Ref. Egyházker. Kv.-on tartott közgyűlésén (1888. szept. 29-okt. 2). – <strong>F. m.:</strong> Hatósági szabályrendeletek (Mv., 1881). <br /><strong>Irod.:</strong> Fülöp–Ferencz; A K. Magyar Természettudományi Társulat tagjainak névjegyzéke (Bp., 1877); Az Erdélyi Ev. Ref. Egyházkerület Kv.-on 1888 szept. 29-okt. 2. tartott közgyűlésének jegyzőkönyve (Kv., 1888); Kuszálik – Zalányi; Gyászjelentő; [Nekrológ] (Székely Lapok, 1900. júl. 26.); Pálmay József</br></p>

<p>1848., † Mv.,1900. júl. 25.: főjegyző, városi tanácsos, polgármester helyettes. – Tanulmányait Mv.-en végezte a Ref. Koll. Jogakad.-ján. Mv. város szolgálatába lépett (1869–), a városi tanácsnál aljegyző (1872–), főjegyző, majd tanácsos és polgármesterhelyettes haláláig. Az állami anyakönyvek vezetésének életbe léptetésekor (1895. okt. 1.) állami anyakönyvvezetőnek nevezték ki. A ref. egyház főjegyzője, tagja az országos kórház [&hellip;]</p>
