{"id":16758,"date":"2025-07-15T23:29:12","date_gmt":"2025-07-15T21:29:12","guid":{"rendered":"https:\/\/uj.adatbank.ro\/lexikon\/termek\/nestor-iustin\/"},"modified":"2025-07-15T23:29:12","modified_gmt":"2025-07-15T21:29:12","slug":"nestor-iustin","status":"publish","type":"product","link":"https:\/\/uj.adatbank.ro\/lexikon\/termek\/nestor-iustin\/","title":{"rendered":"NESTOR, Iustin"},"content":{"rendered":"<p>? \u2020 ?: dr., cenzor, k\u00e9pvisel\u0151, v\u00e1rosi tiszti f\u0151\u00fcgy\u00e9sz, polg\u00e1rmester. \u2013 A Korm\u00e1nyz\u00f3 Tan\u00e1cs a T\u00e1bla f\u0151\u00fcgy\u00e9sz\u00e9v\u00e9 nevezte ki (1919). A katonai cenz\u00fara megsz\u00fcntet\u00e9se ut\u00e1n a polg\u00e1ri cenzori bizotts\u00e1g tagja (1920). Lemondva cenzori \u00e1ll\u00e1s\u00e1r\u00f3l \u00fcgyv\u00e9di irod\u00e1t nyitott Mv.-en (1921). Kinevezt\u00e9k a v\u00e1rmegyei kincst\u00e1r \u00fcgyv\u00e9dj\u00e9v\u00e9 (1921), V\u00e1rosi tiszti f\u0151\u00fcgy\u00e9sz. A Rom\u00e1n Nemzeti P\u00e1rt k\u00e9pvisel\u0151jel\u00f6ltje (1922). Mv. v\u00e1ros id\u0151k\u00f6zi bizotts\u00e1g\u00e1nak eln\u00f6ke, polg\u00e1rmester (1931). A mv.-i \u00dcgyv\u00e9di Kamara eln\u00f6ke, v\u00e1lasztm\u00e1nyi tagja (1939). <br \/><strong>Irod.:<\/strong> Id\u0151t\u00e1r 3; \u00d6kr\u00f6s; Serb\u0103rile [ASTREI] dela Blaj 1911 (Blaj, 1911)<\/br><\/p>\n","protected":false},"excerpt":{"rendered":"<p>? \u2020 ?: dr., cenzor, k\u00e9pvisel\u0151, v\u00e1rosi tiszti f\u0151\u00fcgy\u00e9sz, polg\u00e1rmester. \u2013 A Korm\u00e1nyz\u00f3 Tan\u00e1cs a T\u00e1bla f\u0151\u00fcgy\u00e9sz\u00e9v\u00e9 nevezte ki (1919). A katonai cenz\u00fara megsz\u00fcntet\u00e9se ut\u00e1n a polg\u00e1ri cenzori bizotts\u00e1g tagja (1920). Lemondva cenzori \u00e1ll\u00e1s\u00e1r\u00f3l \u00fcgyv\u00e9di irod\u00e1t nyitott Mv.-en (1921). Kinevezt\u00e9k a v\u00e1rmegyei kincst\u00e1r \u00fcgyv\u00e9dj\u00e9v\u00e9 (1921), V\u00e1rosi tiszti f\u0151\u00fcgy\u00e9sz. A Rom\u00e1n Nemzeti P\u00e1rt k\u00e9pvisel\u0151jel\u00f6ltje (1922). Mv. [&hellip;]<\/p>\n","protected":false},"featured_media":0,"comment_status":"open","ping_status":"closed","template":"","meta":[],"product_brand":[],"product_cat":[137],"product_tag":[],"class_list":{"0":"post-16758","1":"product","2":"type-product","3":"status-publish","5":"product_cat-maros-megyei-eletrajzi-lexikon","7":"first","8":"instock","9":"shipping-taxable","10":"product-type-simple"},"_links":{"self":[{"href":"https:\/\/uj.adatbank.ro\/lexikon\/wp-json\/wp\/v2\/product\/16758","targetHints":{"allow":["GET"]}}],"collection":[{"href":"https:\/\/uj.adatbank.ro\/lexikon\/wp-json\/wp\/v2\/product"}],"about":[{"href":"https:\/\/uj.adatbank.ro\/lexikon\/wp-json\/wp\/v2\/types\/product"}],"replies":[{"embeddable":true,"href":"https:\/\/uj.adatbank.ro\/lexikon\/wp-json\/wp\/v2\/comments?post=16758"}],"wp:attachment":[{"href":"https:\/\/uj.adatbank.ro\/lexikon\/wp-json\/wp\/v2\/media?parent=16758"}],"wp:term":[{"taxonomy":"product_brand","embeddable":true,"href":"https:\/\/uj.adatbank.ro\/lexikon\/wp-json\/wp\/v2\/product_brand?post=16758"},{"taxonomy":"product_cat","embeddable":true,"href":"https:\/\/uj.adatbank.ro\/lexikon\/wp-json\/wp\/v2\/product_cat?post=16758"},{"taxonomy":"product_tag","embeddable":true,"href":"https:\/\/uj.adatbank.ro\/lexikon\/wp-json\/wp\/v2\/product_tag?post=16758"}],"curies":[{"name":"wp","href":"https:\/\/api.w.org\/{rel}","templated":true}]}}

<p>? † ?: dr., cenzor, képviselő, városi tiszti főügyész, polgármester. – A Kormányzó Tanács a Tábla főügyészévé nevezte ki (1919). A katonai cenzúra megszüntetése után a polgári cenzori bizottság tagja (1920). Lemondva cenzori állásáról ügyvédi irodát nyitott Mv.-en (1921). Kinevezték a vármegyei kincstár ügyvédjévé (1921), Városi tiszti főügyész. A Román Nemzeti Párt képviselőjelöltje (1922). Mv. város időközi bizottságának elnöke, polgármester (1931). A mv.-i Ügyvédi Kamara elnöke, választmányi tagja (1939). <br /><strong>Irod.:</strong> Időtár 3; Ökrös; Serbările [ASTREI] dela Blaj 1911 (Blaj, 1911)</br></p>

<p>? † ?: dr., cenzor, képviselő, városi tiszti főügyész, polgármester. – A Kormányzó Tanács a Tábla főügyészévé nevezte ki (1919). A katonai cenzúra megszüntetése után a polgári cenzori bizottság tagja (1920). Lemondva cenzori állásáról ügyvédi irodát nyitott Mv.-en (1921). Kinevezték a vármegyei kincstár ügyvédjévé (1921), Városi tiszti főügyész. A Román Nemzeti Párt képviselőjelöltje (1922). Mv. [&hellip;]</p>
