{"id":16761,"date":"2025-07-15T23:29:20","date_gmt":"2025-07-15T21:29:20","guid":{"rendered":"https:\/\/uj.adatbank.ro\/lexikon\/termek\/neugeboren-henrik\/"},"modified":"2025-07-15T23:29:20","modified_gmt":"2025-07-15T21:29:20","slug":"neugeboren-henrik","status":"publish","type":"product","link":"https:\/\/uj.adatbank.ro\/lexikon\/termek\/neugeboren-henrik\/","title":{"rendered":"NEUGEBOREN, Henrik"},"content":{"rendered":"<p>Brass\u00f3. 1876., \u2020 ? : m\u00e9rn\u0151k. \u2013 Apja ev. Lelk\u00e9sz volt. Brass\u00f3ban \u00e9retts\u00e9gizett, Bp.-en v\u00e9gezte a m\u0171egyetemet (1898). Brass\u00f3 v\u00e1ros napid\u00edjas m\u00e9rn\u00f6ke lett, majd a magyar \u00e1llam szolg\u00e1lat\u00e1ba l\u00e9pett (1900\u2013), miniszteri \u00e9s m\u0171szaki tan\u00e1csoss\u00e1 nevezt\u00e9k ki (1921), mik\u00f6zben a brass\u00f3i k\u00f6zeg\u00e9szs\u00e9g\u00fcgyi igazgat\u00f3s\u00e1gn\u00e1l m\u00e9rn\u00f6k.Segesv\u00e1ron tev\u00e9kenykedett, a Nagyk\u00fck\u00fcll\u0151megyei \u00c9p\u00edt\u00e9szeti Hivatal f\u0151m\u00e9rn\u00f6ke volt (1925\u201330), nyugd\u00edjazt\u00e1k, majd \u00f6t\u00e9ves szerz\u0151d\u00e9s alapj\u00e1n visszahelyezt\u00e9k hivatal\u00e1ba. A megye \u00fatjainak rendbetart\u00e1sa \u00e9s megjav\u00edt\u00e1sa \u00e9rdek\u00e9ben sokat tett, mint miniszteri alkalmazott Erd\u00e9ly referense is volt. Az Orsz. M\u00e9rn\u00f6k Egyes\u00fclet, az Agir, a helybeli Zene Egyes\u00fclet m\u0171k\u00f6d\u00e9s\u00e9ben r\u00e9szt vett. Az els\u0151 vh, -ban mint m\u00e9rn\u00f6khadnagy teljes\u00edtett szolg\u00e1latot, 3 \u00e9vig P\u00e9terv\u00e1radon m\u0171k\u00f6d\u00f6tt, katonai kit\u00fcntet\u00e9st kapott. <br \/><strong>Irod.:<\/strong> Ki kicsoda ?<\/br><\/p>\n","protected":false},"excerpt":{"rendered":"<p>Brass\u00f3. 1876., \u2020 ? : m\u00e9rn\u0151k. \u2013 Apja ev. Lelk\u00e9sz volt. Brass\u00f3ban \u00e9retts\u00e9gizett, Bp.-en v\u00e9gezte a m\u0171egyetemet (1898). Brass\u00f3 v\u00e1ros napid\u00edjas m\u00e9rn\u00f6ke lett, majd a magyar \u00e1llam szolg\u00e1lat\u00e1ba l\u00e9pett (1900\u2013), miniszteri \u00e9s m\u0171szaki tan\u00e1csoss\u00e1 nevezt\u00e9k ki (1921), mik\u00f6zben a brass\u00f3i k\u00f6zeg\u00e9szs\u00e9g\u00fcgyi igazgat\u00f3s\u00e1gn\u00e1l m\u00e9rn\u00f6k.Segesv\u00e1ron tev\u00e9kenykedett, a Nagyk\u00fck\u00fcll\u0151megyei \u00c9p\u00edt\u00e9szeti Hivatal f\u0151m\u00e9rn\u00f6ke volt (1925\u201330), nyugd\u00edjazt\u00e1k, majd \u00f6t\u00e9ves szerz\u0151d\u00e9s [&hellip;]<\/p>\n","protected":false},"featured_media":0,"comment_status":"open","ping_status":"closed","template":"","meta":[],"product_brand":[],"product_cat":[137],"product_tag":[],"class_list":{"0":"post-16761","1":"product","2":"type-product","3":"status-publish","5":"product_cat-maros-megyei-eletrajzi-lexikon","7":"first","8":"instock","9":"shipping-taxable","10":"product-type-simple"},"_links":{"self":[{"href":"https:\/\/uj.adatbank.ro\/lexikon\/wp-json\/wp\/v2\/product\/16761","targetHints":{"allow":["GET"]}}],"collection":[{"href":"https:\/\/uj.adatbank.ro\/lexikon\/wp-json\/wp\/v2\/product"}],"about":[{"href":"https:\/\/uj.adatbank.ro\/lexikon\/wp-json\/wp\/v2\/types\/product"}],"replies":[{"embeddable":true,"href":"https:\/\/uj.adatbank.ro\/lexikon\/wp-json\/wp\/v2\/comments?post=16761"}],"wp:attachment":[{"href":"https:\/\/uj.adatbank.ro\/lexikon\/wp-json\/wp\/v2\/media?parent=16761"}],"wp:term":[{"taxonomy":"product_brand","embeddable":true,"href":"https:\/\/uj.adatbank.ro\/lexikon\/wp-json\/wp\/v2\/product_brand?post=16761"},{"taxonomy":"product_cat","embeddable":true,"href":"https:\/\/uj.adatbank.ro\/lexikon\/wp-json\/wp\/v2\/product_cat?post=16761"},{"taxonomy":"product_tag","embeddable":true,"href":"https:\/\/uj.adatbank.ro\/lexikon\/wp-json\/wp\/v2\/product_tag?post=16761"}],"curies":[{"name":"wp","href":"https:\/\/api.w.org\/{rel}","templated":true}]}}

<p>Brassó. 1876., † ? : mérnők. – Apja ev. Lelkész volt. Brassóban érettségizett, Bp.-en végezte a műegyetemet (1898). Brassó város napidíjas mérnöke lett, majd a magyar állam szolgálatába lépett (1900–), miniszteri és műszaki tanácsossá nevezték ki (1921), miközben a brassói közegészségügyi igazgatóságnál mérnök.Segesváron tevékenykedett, a Nagyküküllőmegyei Építészeti Hivatal főmérnöke volt (1925–30), nyugdíjazták, majd ötéves szerződés alapján visszahelyezték hivatalába. A megye útjainak rendbetartása és megjavítása érdekében sokat tett, mint miniszteri alkalmazott Erdély referense is volt. Az Orsz. Mérnök Egyesület, az Agir, a helybeli Zene Egyesület működésében részt vett. Az első vh, -ban mint mérnökhadnagy teljesített szolgálatot, 3 évig Péterváradon működött, katonai kitüntetést kapott. <br /><strong>Irod.:</strong> Ki kicsoda ?</br></p>

<p>Brassó. 1876., † ? : mérnők. – Apja ev. Lelkész volt. Brassóban érettségizett, Bp.-en végezte a műegyetemet (1898). Brassó város napidíjas mérnöke lett, majd a magyar állam szolgálatába lépett (1900–), miniszteri és műszaki tanácsossá nevezték ki (1921), miközben a brassói közegészségügyi igazgatóságnál mérnök.Segesváron tevékenykedett, a Nagyküküllőmegyei Építészeti Hivatal főmérnöke volt (1925–30), nyugdíjazták, majd ötéves szerződés [&hellip;]</p>
