{"id":1677,"date":"2025-06-28T11:49:41","date_gmt":"2025-06-28T09:49:41","guid":{"rendered":"https:\/\/uj.adatbank.ro\/lexikon\/termek\/ajtai-janos\/"},"modified":"2025-06-28T11:49:41","modified_gmt":"2025-06-28T09:49:41","slug":"ajtai-janos","status":"publish","type":"product","link":"https:\/\/uj.adatbank.ro\/lexikon\/termek\/ajtai-janos\/","title":{"rendered":"AJTAI J\u00e1nos"},"content":{"rendered":"<p>? \u2020 ? : ref. lelk\u00e9sz. \u2013 Dedr\u00e1dsz\u00e9plakon (1712\u201322) volt lelk\u00e9sz, az egyh\u00e1zmegye jegyz\u0151i tiszts\u00e9g\u00e9t is bet\u00f6lt\u00f6tte (1677\u20131722 k\u00f6z\u00f6tt valamikor). <br \/><strong>Irod.:<\/strong> \u0150sz<\/br><\/p>\n","protected":false},"excerpt":{"rendered":"<p>? \u2020 ? : ref. lelk\u00e9sz. \u2013 Dedr\u00e1dsz\u00e9plakon (1712\u201322) volt lelk\u00e9sz, az egyh\u00e1zmegye jegyz\u0151i tiszts\u00e9g\u00e9t is bet\u00f6lt\u00f6tte (1677\u20131722 k\u00f6z\u00f6tt valamikor). Irod.: \u0150sz<\/p>\n","protected":false},"featured_media":0,"comment_status":"open","ping_status":"closed","template":"","meta":[],"product_brand":[],"product_cat":[137],"product_tag":[],"class_list":{"0":"post-1677","1":"product","2":"type-product","3":"status-publish","5":"product_cat-maros-megyei-eletrajzi-lexikon","7":"first","8":"instock","9":"shipping-taxable","10":"product-type-simple"},"_links":{"self":[{"href":"https:\/\/uj.adatbank.ro\/lexikon\/wp-json\/wp\/v2\/product\/1677","targetHints":{"allow":["GET"]}}],"collection":[{"href":"https:\/\/uj.adatbank.ro\/lexikon\/wp-json\/wp\/v2\/product"}],"about":[{"href":"https:\/\/uj.adatbank.ro\/lexikon\/wp-json\/wp\/v2\/types\/product"}],"replies":[{"embeddable":true,"href":"https:\/\/uj.adatbank.ro\/lexikon\/wp-json\/wp\/v2\/comments?post=1677"}],"wp:attachment":[{"href":"https:\/\/uj.adatbank.ro\/lexikon\/wp-json\/wp\/v2\/media?parent=1677"}],"wp:term":[{"taxonomy":"product_brand","embeddable":true,"href":"https:\/\/uj.adatbank.ro\/lexikon\/wp-json\/wp\/v2\/product_brand?post=1677"},{"taxonomy":"product_cat","embeddable":true,"href":"https:\/\/uj.adatbank.ro\/lexikon\/wp-json\/wp\/v2\/product_cat?post=1677"},{"taxonomy":"product_tag","embeddable":true,"href":"https:\/\/uj.adatbank.ro\/lexikon\/wp-json\/wp\/v2\/product_tag?post=1677"}],"curies":[{"name":"wp","href":"https:\/\/api.w.org\/{rel}","templated":true}]}}