{"id":16774,"date":"2025-07-15T23:29:46","date_gmt":"2025-07-15T21:29:46","guid":{"rendered":"https:\/\/uj.adatbank.ro\/lexikon\/termek\/nicoara-gheorghe\/"},"modified":"2025-07-15T23:29:46","modified_gmt":"2025-07-15T21:29:46","slug":"nicoara-gheorghe","status":"publish","type":"product","link":"https:\/\/uj.adatbank.ro\/lexikon\/termek\/nicoara-gheorghe\/","title":{"rendered":"NICOAR\u0102, Gheorghe"},"content":{"rendered":"<p>Gezse, 1883. j\u00fal. 27., \u2020 ? : g. kat. pap. Apja tisztvisel\u0151 volt. \u2013 Bal\u00e1zsfalv\u00e1n a Fels\u0151bb G.-Kat. Gimn.-ban, azut\u00e1n a teol\u00f3gi\u00e1n tanult (1903\u201307). Mih\u00e1ly Viktor p\u00fcsp\u00f6k szentelte papp\u00e1 (1907. nov. 10.). Ol\u00e1hkocs\u00e1rdra helyezt\u00e9k, onnan Cintosba ker\u00fclt (1932 k.). <br \/><strong>Irod.:<\/strong> A\u0163inti\u015f<\/br><\/p>\n","protected":false},"excerpt":{"rendered":"<p>Gezse, 1883. j\u00fal. 27., \u2020 ? : g. kat. pap. Apja tisztvisel\u0151 volt. \u2013 Bal\u00e1zsfalv\u00e1n a Fels\u0151bb G.-Kat. Gimn.-ban, azut\u00e1n a teol\u00f3gi\u00e1n tanult (1903\u201307). Mih\u00e1ly Viktor p\u00fcsp\u00f6k szentelte papp\u00e1 (1907. nov. 10.). Ol\u00e1hkocs\u00e1rdra helyezt\u00e9k, onnan Cintosba ker\u00fclt (1932 k.). Irod.: A\u0163inti\u015f<\/p>\n","protected":false},"featured_media":0,"comment_status":"open","ping_status":"closed","template":"","meta":[],"product_brand":[],"product_cat":[137],"product_tag":[],"class_list":{"0":"post-16774","1":"product","2":"type-product","3":"status-publish","5":"product_cat-maros-megyei-eletrajzi-lexikon","7":"first","8":"instock","9":"shipping-taxable","10":"product-type-simple"},"_links":{"self":[{"href":"https:\/\/uj.adatbank.ro\/lexikon\/wp-json\/wp\/v2\/product\/16774","targetHints":{"allow":["GET"]}}],"collection":[{"href":"https:\/\/uj.adatbank.ro\/lexikon\/wp-json\/wp\/v2\/product"}],"about":[{"href":"https:\/\/uj.adatbank.ro\/lexikon\/wp-json\/wp\/v2\/types\/product"}],"replies":[{"embeddable":true,"href":"https:\/\/uj.adatbank.ro\/lexikon\/wp-json\/wp\/v2\/comments?post=16774"}],"wp:attachment":[{"href":"https:\/\/uj.adatbank.ro\/lexikon\/wp-json\/wp\/v2\/media?parent=16774"}],"wp:term":[{"taxonomy":"product_brand","embeddable":true,"href":"https:\/\/uj.adatbank.ro\/lexikon\/wp-json\/wp\/v2\/product_brand?post=16774"},{"taxonomy":"product_cat","embeddable":true,"href":"https:\/\/uj.adatbank.ro\/lexikon\/wp-json\/wp\/v2\/product_cat?post=16774"},{"taxonomy":"product_tag","embeddable":true,"href":"https:\/\/uj.adatbank.ro\/lexikon\/wp-json\/wp\/v2\/product_tag?post=16774"}],"curies":[{"name":"wp","href":"https:\/\/api.w.org\/{rel}","templated":true}]}}