{"id":16777,"date":"2025-07-15T23:29:52","date_gmt":"2025-07-15T21:29:52","guid":{"rendered":"https:\/\/uj.adatbank.ro\/lexikon\/termek\/nicoara-simion\/"},"modified":"2025-07-15T23:29:52","modified_gmt":"2025-07-15T21:29:52","slug":"nicoara-simion","status":"publish","type":"product","link":"https:\/\/uj.adatbank.ro\/lexikon\/termek\/nicoara-simion\/","title":{"rendered":"NICOAR\u0102, Simion"},"content":{"rendered":"<p>Mez\u0151\u00f6rm\u00e9nyes, 1888., \u2020 ?: g. kat. esperes. \u2013 Tanulm\u00e1nyait Mv.-en \u00e9s Bal\u00e1zsfalv\u00e1n v\u00e9gezte, papp\u00e1 szentelt\u00e9k (1913), esperes lett (1931). Szolg\u00e1lt Nagy\u00f6lyvesben (1908\u201311), Mez\u0151r\u00fccsben (1921\u201340), ahol szolg\u00e1lata idej\u00e9ben lebontott\u00e1k a r\u00e9gi (1874-ben \u00e9p\u00edtett) templomot, \u00e9s N\u00e9ma falunak aj\u00e1nd\u00e9kozt\u00e1k. Maguknak \u00faj templomot emeltek (1925), \u00faj par\u00f3chi \u00e9p\u00fcletet (1930).E lmenek\u00fclt a falub\u00f3l (1940). Az Astra j\u00e1r\u00e1si eln\u00f6ke, a k\u00e9pvisel\u0151test\u00fclet tagja volt. <br \/><strong>Irod.:<\/strong> Sz\u00e9kelyf\u00f6ld \u00ed.k.; \u015eincan 2006<\/br><\/p>\n","protected":false},"excerpt":{"rendered":"<p>Mez\u0151\u00f6rm\u00e9nyes, 1888., \u2020 ?: g. kat. esperes. \u2013 Tanulm\u00e1nyait Mv.-en \u00e9s Bal\u00e1zsfalv\u00e1n v\u00e9gezte, papp\u00e1 szentelt\u00e9k (1913), esperes lett (1931). Szolg\u00e1lt Nagy\u00f6lyvesben (1908\u201311), Mez\u0151r\u00fccsben (1921\u201340), ahol szolg\u00e1lata idej\u00e9ben lebontott\u00e1k a r\u00e9gi (1874-ben \u00e9p\u00edtett) templomot, \u00e9s N\u00e9ma falunak aj\u00e1nd\u00e9kozt\u00e1k. Maguknak \u00faj templomot emeltek (1925), \u00faj par\u00f3chi \u00e9p\u00fcletet (1930).E lmenek\u00fclt a falub\u00f3l (1940). Az Astra j\u00e1r\u00e1si eln\u00f6ke, a [&hellip;]<\/p>\n","protected":false},"featured_media":0,"comment_status":"open","ping_status":"closed","template":"","meta":[],"product_brand":[],"product_cat":[137],"product_tag":[],"class_list":{"0":"post-16777","1":"product","2":"type-product","3":"status-publish","5":"product_cat-maros-megyei-eletrajzi-lexikon","7":"first","8":"instock","9":"shipping-taxable","10":"product-type-simple"},"_links":{"self":[{"href":"https:\/\/uj.adatbank.ro\/lexikon\/wp-json\/wp\/v2\/product\/16777","targetHints":{"allow":["GET"]}}],"collection":[{"href":"https:\/\/uj.adatbank.ro\/lexikon\/wp-json\/wp\/v2\/product"}],"about":[{"href":"https:\/\/uj.adatbank.ro\/lexikon\/wp-json\/wp\/v2\/types\/product"}],"replies":[{"embeddable":true,"href":"https:\/\/uj.adatbank.ro\/lexikon\/wp-json\/wp\/v2\/comments?post=16777"}],"wp:attachment":[{"href":"https:\/\/uj.adatbank.ro\/lexikon\/wp-json\/wp\/v2\/media?parent=16777"}],"wp:term":[{"taxonomy":"product_brand","embeddable":true,"href":"https:\/\/uj.adatbank.ro\/lexikon\/wp-json\/wp\/v2\/product_brand?post=16777"},{"taxonomy":"product_cat","embeddable":true,"href":"https:\/\/uj.adatbank.ro\/lexikon\/wp-json\/wp\/v2\/product_cat?post=16777"},{"taxonomy":"product_tag","embeddable":true,"href":"https:\/\/uj.adatbank.ro\/lexikon\/wp-json\/wp\/v2\/product_tag?post=16777"}],"curies":[{"name":"wp","href":"https:\/\/api.w.org\/{rel}","templated":true}]}}

NICOARĂ, Simion

<p>Mezőörményes, 1888., † ?: g. kat. esperes. – Tanulmányait Mv.-en és Balázsfalván végezte, pappá szentelték (1913), esperes lett (1931). Szolgált Nagyölyvesben (1908–11), Mezőrücsben (1921–40), ahol szolgálata idejében lebontották a régi (1874-ben épített) templomot, és Néma falunak ajándékozták. Maguknak új templomot emeltek (1925), új paróchi épületet (1930).E lmenekült a faluból (1940). Az Astra járási elnöke, a képviselőtestület tagja volt. <br /><strong>Irod.:</strong> Székelyföld í.k.; Şincan 2006</br></p>

<p>Mezőörményes, 1888., † ?: g. kat. esperes. – Tanulmányait Mv.-en és Balázsfalván végezte, pappá szentelték (1913), esperes lett (1931). Szolgált Nagyölyvesben (1908–11), Mezőrücsben (1921–40), ahol szolgálata idejében lebontották a régi (1874-ben épített) templomot, és Néma falunak ajándékozták. Maguknak új templomot emeltek (1925), új paróchi épületet (1930).E lmenekült a faluból (1940). Az Astra járási elnöke, a [&hellip;]</p>
