{"id":16778,"date":"2025-07-15T23:29:54","date_gmt":"2025-07-15T21:29:54","guid":{"rendered":"https:\/\/uj.adatbank.ro\/lexikon\/termek\/nicola-ioan\/"},"modified":"2025-07-15T23:29:54","modified_gmt":"2025-07-15T21:29:54","slug":"nicola-ioan","status":"publish","type":"product","link":"https:\/\/uj.adatbank.ro\/lexikon\/termek\/nicola-ioan\/","title":{"rendered":"NICOLA, Ioan"},"content":{"rendered":"<p>Als\u00f3porumb\u00e1k, 1918. dec., \u2020 Marosorb\u00f3, 1944. szept. 20.: hadnagy. \u2013 Ol\u00e1hkocs\u00e1rdon temett\u00e9k el m\u00e1sik 67 rom\u00e1n h\u0151sihal\u00e1lt halt katon\u00e1val egy\u00fctt. <br \/><strong>Irod.:<\/strong> MMk<\/br><\/p>\n","protected":false},"excerpt":{"rendered":"<p>Als\u00f3porumb\u00e1k, 1918. dec., \u2020 Marosorb\u00f3, 1944. szept. 20.: hadnagy. \u2013 Ol\u00e1hkocs\u00e1rdon temett\u00e9k el m\u00e1sik 67 rom\u00e1n h\u0151sihal\u00e1lt halt katon\u00e1val egy\u00fctt. Irod.: MMk<\/p>\n","protected":false},"featured_media":0,"comment_status":"open","ping_status":"closed","template":"","meta":[],"product_brand":[],"product_cat":[137],"product_tag":[],"class_list":{"0":"post-16778","1":"product","2":"type-product","3":"status-publish","5":"product_cat-maros-megyei-eletrajzi-lexikon","7":"first","8":"instock","9":"shipping-taxable","10":"product-type-simple"},"_links":{"self":[{"href":"https:\/\/uj.adatbank.ro\/lexikon\/wp-json\/wp\/v2\/product\/16778","targetHints":{"allow":["GET"]}}],"collection":[{"href":"https:\/\/uj.adatbank.ro\/lexikon\/wp-json\/wp\/v2\/product"}],"about":[{"href":"https:\/\/uj.adatbank.ro\/lexikon\/wp-json\/wp\/v2\/types\/product"}],"replies":[{"embeddable":true,"href":"https:\/\/uj.adatbank.ro\/lexikon\/wp-json\/wp\/v2\/comments?post=16778"}],"wp:attachment":[{"href":"https:\/\/uj.adatbank.ro\/lexikon\/wp-json\/wp\/v2\/media?parent=16778"}],"wp:term":[{"taxonomy":"product_brand","embeddable":true,"href":"https:\/\/uj.adatbank.ro\/lexikon\/wp-json\/wp\/v2\/product_brand?post=16778"},{"taxonomy":"product_cat","embeddable":true,"href":"https:\/\/uj.adatbank.ro\/lexikon\/wp-json\/wp\/v2\/product_cat?post=16778"},{"taxonomy":"product_tag","embeddable":true,"href":"https:\/\/uj.adatbank.ro\/lexikon\/wp-json\/wp\/v2\/product_tag?post=16778"}],"curies":[{"name":"wp","href":"https:\/\/api.w.org\/{rel}","templated":true}]}}