{"id":16781,"date":"2025-07-15T23:30:00","date_gmt":"2025-07-15T21:30:00","guid":{"rendered":"https:\/\/uj.adatbank.ro\/lexikon\/termek\/nicolai-elias-illes\/"},"modified":"2025-07-15T23:30:00","modified_gmt":"2025-07-15T21:30:00","slug":"nicolai-elias-illes","status":"publish","type":"product","link":"https:\/\/uj.adatbank.ro\/lexikon\/termek\/nicolai-elias-illes\/","title":{"rendered":"NICOLAI, Elias, Ill\u00e9s"},"content":{"rendered":"<p>XVII sz.\u2020 ? 1660., : szobr\u00e1sz, s\u00edrk\u0151farag\u00f3. \u2013 A Szepess\u00e9gb\u0151l telep\u00fclt Nagyszebenbe, tagja volt a szebeni k\u0151m\u0171vesc\u00e9hnek (1648\u2013). S\u00edrk\u00f6veinek alapmot\u00edvumai: az elhunyt mell \u2013 v. \u00e9letnagys\u00e1g\u00fa domborm\u0171ve, c\u00edmer, jelk\u00e9pes alakzatok, vir\u00e1g \u2013 v. gy\u00fcm\u00f6lcsmot\u00edvumok; mindezt d\u00f3r f\u00e9loszlopok, f\u00f6nt f\u00e9lk\u00f6ralak\u00fa, gyakran sz\u00e1rnyas angyalfejeket \u00e1br\u00e1zol\u00f3 \u00edv z\u00e1rja k\u00f6zre. Mintak\u00e9pe Hunyadi J\u00e1nosnak a gyulafeh\u00e9rv\u00e1ri szegyh-ban \u0151rz\u00f6tt s\u00edreml\u00e9ke \u00e9s Haller P\u00e9ter sz\u00e1sz isp\u00e1n s\u00edrk\u00f6ve (1569), melyet egy n\u00fcrnbergi mester k\u00e9sz\u00edtett. M\u0171veiben renesz\u00e1nsz mot\u00edvumokat \u0151rz\u00f6tt \u00e9s a szebeni hagyom\u00e1nyokat folytatta. Sz\u00e1sz patriciusok, egyh\u00e1ziak, erd\u00e9lyi nemesek, a Bethlenek \u00e9s Apafiak \u00e9s a havasalf\u00f6ldi vajd\u00e1k r\u00e9sz\u00e9re dolg. M\u0171vei erd\u00e9lyi sz\u00e1sz tp-okban (Nagyszeben, Medgyes, Sz\u00e1szk\u00e9zd, Nagysink, Berethalom, Kereszt\u00e9nyfalva, Nagydiszn\u00f3d, Sz\u00e1szorb\u00f3, Segesv\u00e1r, keresdi Bethlen-kripta) \u00e9s a M. Nemz. M\u00faz-ban (Apafi Gy\u00f6rgy s\u00edreml\u00e9ke). R\u00e9szben az \u0151 alkot\u00e1sa a kolozsv\u00e1ri Farkas u. ref. tp. sz\u00f3sz\u00e9ke. A keresdi Bethlen-kast\u00e9ly \u00e9p\u00edt\u00e9s\u00e9ben is r\u00e9szt. A segesv\u00e1ri nagytemplomban faragta Helfner Gy\u00f6rgy s\u00edreml\u00e9k\u00e9t \u00e9s m\u00e9g t\u00f6bb eml\u00e9kt\u00e1bl\u00e1t. <br \/><strong>Irod.:<\/strong> \u00c9ber; MKL<\/br><\/p>\n","protected":false},"excerpt":{"rendered":"<p>XVII sz.\u2020 ? 1660., : szobr\u00e1sz, s\u00edrk\u0151farag\u00f3. \u2013 A Szepess\u00e9gb\u0151l telep\u00fclt Nagyszebenbe, tagja volt a szebeni k\u0151m\u0171vesc\u00e9hnek (1648\u2013). S\u00edrk\u00f6veinek alapmot\u00edvumai: az elhunyt mell \u2013 v. \u00e9letnagys\u00e1g\u00fa domborm\u0171ve, c\u00edmer, jelk\u00e9pes alakzatok, vir\u00e1g \u2013 v. gy\u00fcm\u00f6lcsmot\u00edvumok; mindezt d\u00f3r f\u00e9loszlopok, f\u00f6nt f\u00e9lk\u00f6ralak\u00fa, gyakran sz\u00e1rnyas angyalfejeket \u00e1br\u00e1zol\u00f3 \u00edv z\u00e1rja k\u00f6zre. Mintak\u00e9pe Hunyadi J\u00e1nosnak a gyulafeh\u00e9rv\u00e1ri szegyh-ban \u0151rz\u00f6tt s\u00edreml\u00e9ke \u00e9s [&hellip;]<\/p>\n","protected":false},"featured_media":0,"comment_status":"open","ping_status":"closed","template":"","meta":[],"product_brand":[],"product_cat":[137],"product_tag":[],"class_list":{"0":"post-16781","1":"product","2":"type-product","3":"status-publish","5":"product_cat-maros-megyei-eletrajzi-lexikon","7":"first","8":"instock","9":"shipping-taxable","10":"product-type-simple"},"_links":{"self":[{"href":"https:\/\/uj.adatbank.ro\/lexikon\/wp-json\/wp\/v2\/product\/16781","targetHints":{"allow":["GET"]}}],"collection":[{"href":"https:\/\/uj.adatbank.ro\/lexikon\/wp-json\/wp\/v2\/product"}],"about":[{"href":"https:\/\/uj.adatbank.ro\/lexikon\/wp-json\/wp\/v2\/types\/product"}],"replies":[{"embeddable":true,"href":"https:\/\/uj.adatbank.ro\/lexikon\/wp-json\/wp\/v2\/comments?post=16781"}],"wp:attachment":[{"href":"https:\/\/uj.adatbank.ro\/lexikon\/wp-json\/wp\/v2\/media?parent=16781"}],"wp:term":[{"taxonomy":"product_brand","embeddable":true,"href":"https:\/\/uj.adatbank.ro\/lexikon\/wp-json\/wp\/v2\/product_brand?post=16781"},{"taxonomy":"product_cat","embeddable":true,"href":"https:\/\/uj.adatbank.ro\/lexikon\/wp-json\/wp\/v2\/product_cat?post=16781"},{"taxonomy":"product_tag","embeddable":true,"href":"https:\/\/uj.adatbank.ro\/lexikon\/wp-json\/wp\/v2\/product_tag?post=16781"}],"curies":[{"name":"wp","href":"https:\/\/api.w.org\/{rel}","templated":true}]}}

NICOLAI, Elias, Illés

<p>XVII sz.† ? 1660., : szobrász, sírkőfaragó. – A Szepességből települt Nagyszebenbe, tagja volt a szebeni kőművescéhnek (1648–). Sírköveinek alapmotívumai: az elhunyt mell – v. életnagyságú domborműve, címer, jelképes alakzatok, virág – v. gyümölcsmotívumok; mindezt dór féloszlopok, fönt félköralakú, gyakran szárnyas angyalfejeket ábrázoló ív zárja közre. Mintaképe Hunyadi Jánosnak a gyulafehérvári szegyh-ban őrzött síremléke és Haller Péter szász ispán sírköve (1569), melyet egy nürnbergi mester készített. Műveiben reneszánsz motívumokat őrzött és a szebeni hagyományokat folytatta. Szász patriciusok, egyháziak, erdélyi nemesek, a Bethlenek és Apafiak és a havasalföldi vajdák részére dolg. Művei erdélyi szász tp-okban (Nagyszeben, Medgyes, Szászkézd, Nagysink, Berethalom, Keresztényfalva, Nagydisznód, Szászorbó, Segesvár, keresdi Bethlen-kripta) és a M. Nemz. Múz-ban (Apafi György síremléke). Részben az ő alkotása a kolozsvári Farkas u. ref. tp. szószéke. A keresdi Bethlen-kastély építésében is részt. A segesvári nagytemplomban faragta Helfner György síremlékét és még több emléktáblát. <br /><strong>Irod.:</strong> Éber; MKL</br></p>

<p>XVII sz.† ? 1660., : szobrász, sírkőfaragó. – A Szepességből települt Nagyszebenbe, tagja volt a szebeni kőművescéhnek (1648–). Sírköveinek alapmotívumai: az elhunyt mell – v. életnagyságú domborműve, címer, jelképes alakzatok, virág – v. gyümölcsmotívumok; mindezt dór féloszlopok, fönt félköralakú, gyakran szárnyas angyalfejeket ábrázoló ív zárja közre. Mintaképe Hunyadi Jánosnak a gyulafehérvári szegyh-ban őrzött síremléke és [&hellip;]</p>
