{"id":16782,"date":"2025-07-15T23:30:04","date_gmt":"2025-07-15T21:30:04","guid":{"rendered":"https:\/\/uj.adatbank.ro\/lexikon\/termek\/nicolau-george-nicolau-gheorghe\/"},"modified":"2025-07-15T23:30:04","modified_gmt":"2025-07-15T21:30:04","slug":"nicolau-george-nicolau-gheorghe","status":"publish","type":"product","link":"https:\/\/uj.adatbank.ro\/lexikon\/termek\/nicolau-george-nicolau-gheorghe\/","title":{"rendered":"NICOLAU, George, Nicolau Gheorghe"},"content":{"rendered":"<p>1903., \u2020 ?: g. kat lelk\u00e9sz. \u2013 Tanulm\u00e1nyait Bal\u00e1zsfalv\u00e1n v\u00e9gezte, papp\u00e1 szentelt\u00e9k (1930). Lelk\u00e9szi m\u0171k\u00f6d\u00e9s\u00e9t Als\u00f3b\u00f6lk\u00e9nyben kezdte meg, onnan ker\u00fclt Mez\u0151kir\u00e1lyfalv\u00e1ra (1932). \u00daj templomot \u00e9p\u00edtettek, amelyet Sf.Arhanghelnek aj\u00e1lottak (1937). A templom tervez\u0151je \u00e9s kivitelez\u0151je Gh. Matei m\u00e9rn\u00f6k volt. A k\u00f6zs\u00e9gi k\u00e9pvisel\u0151test\u00fclet tagja, a M\u00e1ria Kongreg\u00e1ci\u00f3 vezet\u0151je volt. <br \/><strong>Irod.:<\/strong> Sz\u00e9kelyf\u00f6ld \u00ed.k.; \u015eincan 2006<\/br><\/p>\n","protected":false},"excerpt":{"rendered":"<p>1903., \u2020 ?: g. kat lelk\u00e9sz. \u2013 Tanulm\u00e1nyait Bal\u00e1zsfalv\u00e1n v\u00e9gezte, papp\u00e1 szentelt\u00e9k (1930). Lelk\u00e9szi m\u0171k\u00f6d\u00e9s\u00e9t Als\u00f3b\u00f6lk\u00e9nyben kezdte meg, onnan ker\u00fclt Mez\u0151kir\u00e1lyfalv\u00e1ra (1932). \u00daj templomot \u00e9p\u00edtettek, amelyet Sf.Arhanghelnek aj\u00e1lottak (1937). A templom tervez\u0151je \u00e9s kivitelez\u0151je Gh. Matei m\u00e9rn\u00f6k volt. A k\u00f6zs\u00e9gi k\u00e9pvisel\u0151test\u00fclet tagja, a M\u00e1ria Kongreg\u00e1ci\u00f3 vezet\u0151je volt. Irod.: Sz\u00e9kelyf\u00f6ld \u00ed.k.; \u015eincan 2006<\/p>\n","protected":false},"featured_media":0,"comment_status":"open","ping_status":"closed","template":"","meta":[],"product_brand":[],"product_cat":[137],"product_tag":[],"class_list":{"0":"post-16782","1":"product","2":"type-product","3":"status-publish","5":"product_cat-maros-megyei-eletrajzi-lexikon","7":"first","8":"instock","9":"shipping-taxable","10":"product-type-simple"},"_links":{"self":[{"href":"https:\/\/uj.adatbank.ro\/lexikon\/wp-json\/wp\/v2\/product\/16782","targetHints":{"allow":["GET"]}}],"collection":[{"href":"https:\/\/uj.adatbank.ro\/lexikon\/wp-json\/wp\/v2\/product"}],"about":[{"href":"https:\/\/uj.adatbank.ro\/lexikon\/wp-json\/wp\/v2\/types\/product"}],"replies":[{"embeddable":true,"href":"https:\/\/uj.adatbank.ro\/lexikon\/wp-json\/wp\/v2\/comments?post=16782"}],"wp:attachment":[{"href":"https:\/\/uj.adatbank.ro\/lexikon\/wp-json\/wp\/v2\/media?parent=16782"}],"wp:term":[{"taxonomy":"product_brand","embeddable":true,"href":"https:\/\/uj.adatbank.ro\/lexikon\/wp-json\/wp\/v2\/product_brand?post=16782"},{"taxonomy":"product_cat","embeddable":true,"href":"https:\/\/uj.adatbank.ro\/lexikon\/wp-json\/wp\/v2\/product_cat?post=16782"},{"taxonomy":"product_tag","embeddable":true,"href":"https:\/\/uj.adatbank.ro\/lexikon\/wp-json\/wp\/v2\/product_tag?post=16782"}],"curies":[{"name":"wp","href":"https:\/\/api.w.org\/{rel}","templated":true}]}}

<p>1903., † ?: g. kat lelkész. – Tanulmányait Balázsfalván végezte, pappá szentelték (1930). Lelkészi működését Alsóbölkényben kezdte meg, onnan került Mezőkirályfalvára (1932). Új templomot építettek, amelyet Sf.Arhanghelnek ajálottak (1937). A templom tervezője és kivitelezője Gh. Matei mérnök volt. A községi képviselőtestület tagja, a Mária Kongregáció vezetője volt. <br /><strong>Irod.:</strong> Székelyföld í.k.; Şincan 2006</br></p>

<p>1903., † ?: g. kat lelkész. – Tanulmányait Balázsfalván végezte, pappá szentelték (1930). Lelkészi működését Alsóbölkényben kezdte meg, onnan került Mezőkirályfalvára (1932). Új templomot építettek, amelyet Sf.Arhanghelnek ajálottak (1937). A templom tervezője és kivitelezője Gh. Matei mérnök volt. A községi képviselőtestület tagja, a Mária Kongregáció vezetője volt. Irod.: Székelyföld í.k.; Şincan 2006</p>
