{"id":16789,"date":"2025-07-15T23:30:16","date_gmt":"2025-07-15T21:30:16","guid":{"rendered":"https:\/\/uj.adatbank.ro\/lexikon\/termek\/nicolaus-heinrich\/"},"modified":"2025-07-15T23:30:16","modified_gmt":"2025-07-15T21:30:16","slug":"nicolaus-heinrich","status":"publish","type":"product","link":"https:\/\/uj.adatbank.ro\/lexikon\/termek\/nicolaus-heinrich\/","title":{"rendered":"NICOLAUS, Heinrich"},"content":{"rendered":"<p>Sz\u00e1szcsan\u00e1d, 1879. m\u00e1j. 27., \u2020 Wien-Purkerrsdorf, 1962. jan. 24.: ev pap,. Apja ker\u00fcleti jegyz\u0151. \u2013 Szebenben \u00e9retts\u00e9gizett az ev. gimn\u00e1ziumban. Egyetemi tanulm\u00e1nyait egyh\u00e1za \u00f6szt\u00f6nd\u00edj\u00e1val v\u00e9gezte a k\u00f6nigsbergi egy. Hittud.Kar\u00e1n (1900\u201302), a kv.-i egyetemen (\u20131903). A fels\u0151 ev. n\u00e9piskola helyettes rektora (1904\u20131905). Lelk\u00e9sz Asszonyfalv\u00e1n (1905), Szebenben (1909\u2013), Sz\u00e1szr\u00e9genben (1927\u201344), k\u00f6zben sz\u00e1szr\u00e9geni d\u00e9k\u00e1n (1935\u201343), ill. \u00c9szak-Erd\u00e9ly f\u0151d\u00e9k\u00e1n helyettese (1940\u2013). Ausztri\u00e1ba t\u00e1vozott (1944). B\u00e9csben. Sankt P\u00f6ltenben tart\u00f3zkodott, azt\u00e1n Zell am See-ban seg\u00e9dlelk\u00e9sz lett. Hal\u00e1l\u00e1ig a Wien-Purkerrsdorfi \u00f6regek otthon\u00e1nak lak\u00f3ja(1955\u20131962). <br \/><strong>Irod.:<\/strong> Szab\u00f3\u2013Simon\u2013Sz\u00f6gi<\/br><\/p>\n","protected":false},"excerpt":{"rendered":"<p>Sz\u00e1szcsan\u00e1d, 1879. m\u00e1j. 27., \u2020 Wien-Purkerrsdorf, 1962. jan. 24.: ev pap,. Apja ker\u00fcleti jegyz\u0151. \u2013 Szebenben \u00e9retts\u00e9gizett az ev. gimn\u00e1ziumban. Egyetemi tanulm\u00e1nyait egyh\u00e1za \u00f6szt\u00f6nd\u00edj\u00e1val v\u00e9gezte a k\u00f6nigsbergi egy. Hittud.Kar\u00e1n (1900\u201302), a kv.-i egyetemen (\u20131903). A fels\u0151 ev. n\u00e9piskola helyettes rektora (1904\u20131905). Lelk\u00e9sz Asszonyfalv\u00e1n (1905), Szebenben (1909\u2013), Sz\u00e1szr\u00e9genben (1927\u201344), k\u00f6zben sz\u00e1szr\u00e9geni d\u00e9k\u00e1n (1935\u201343), ill. \u00c9szak-Erd\u00e9ly f\u0151d\u00e9k\u00e1n [&hellip;]<\/p>\n","protected":false},"featured_media":0,"comment_status":"open","ping_status":"closed","template":"","meta":[],"product_brand":[],"product_cat":[137],"product_tag":[],"class_list":{"0":"post-16789","1":"product","2":"type-product","3":"status-publish","5":"product_cat-maros-megyei-eletrajzi-lexikon","7":"first","8":"instock","9":"shipping-taxable","10":"product-type-simple"},"_links":{"self":[{"href":"https:\/\/uj.adatbank.ro\/lexikon\/wp-json\/wp\/v2\/product\/16789","targetHints":{"allow":["GET"]}}],"collection":[{"href":"https:\/\/uj.adatbank.ro\/lexikon\/wp-json\/wp\/v2\/product"}],"about":[{"href":"https:\/\/uj.adatbank.ro\/lexikon\/wp-json\/wp\/v2\/types\/product"}],"replies":[{"embeddable":true,"href":"https:\/\/uj.adatbank.ro\/lexikon\/wp-json\/wp\/v2\/comments?post=16789"}],"wp:attachment":[{"href":"https:\/\/uj.adatbank.ro\/lexikon\/wp-json\/wp\/v2\/media?parent=16789"}],"wp:term":[{"taxonomy":"product_brand","embeddable":true,"href":"https:\/\/uj.adatbank.ro\/lexikon\/wp-json\/wp\/v2\/product_brand?post=16789"},{"taxonomy":"product_cat","embeddable":true,"href":"https:\/\/uj.adatbank.ro\/lexikon\/wp-json\/wp\/v2\/product_cat?post=16789"},{"taxonomy":"product_tag","embeddable":true,"href":"https:\/\/uj.adatbank.ro\/lexikon\/wp-json\/wp\/v2\/product_tag?post=16789"}],"curies":[{"name":"wp","href":"https:\/\/api.w.org\/{rel}","templated":true}]}}

<p>Szászcsanád, 1879. máj. 27., † Wien-Purkerrsdorf, 1962. jan. 24.: ev pap,. Apja kerületi jegyző. – Szebenben érettségizett az ev. gimnáziumban. Egyetemi tanulmányait egyháza ösztöndíjával végezte a königsbergi egy. Hittud.Karán (1900–02), a kv.-i egyetemen (–1903). A felső ev. népiskola helyettes rektora (1904–1905). Lelkész Asszonyfalván (1905), Szebenben (1909–), Szászrégenben (1927–44), közben szászrégeni dékán (1935–43), ill. Észak-Erdély fődékán helyettese (1940–). Ausztriába távozott (1944). Bécsben. Sankt Pöltenben tartózkodott, aztán Zell am See-ban segédlelkész lett. Haláláig a Wien-Purkerrsdorfi öregek otthonának lakója(1955–1962). <br /><strong>Irod.:</strong> Szabó–Simon–Szögi</br></p>

<p>Szászcsanád, 1879. máj. 27., † Wien-Purkerrsdorf, 1962. jan. 24.: ev pap,. Apja kerületi jegyző. – Szebenben érettségizett az ev. gimnáziumban. Egyetemi tanulmányait egyháza ösztöndíjával végezte a königsbergi egy. Hittud.Karán (1900–02), a kv.-i egyetemen (–1903). A felső ev. népiskola helyettes rektora (1904–1905). Lelkész Asszonyfalván (1905), Szebenben (1909–), Szászrégenben (1927–44), közben szászrégeni dékán (1935–43), ill. Észak-Erdély fődékán [&hellip;]</p>
