{"id":16791,"date":"2025-07-15T23:30:21","date_gmt":"2025-07-15T21:30:21","guid":{"rendered":"https:\/\/uj.adatbank.ro\/lexikon\/termek\/nicolescu-alexandru-eredeti-neve-nicolici\/"},"modified":"2025-07-15T23:30:21","modified_gmt":"2025-07-15T21:30:21","slug":"nicolescu-alexandru-eredeti-neve-nicolici","status":"publish","type":"product","link":"https:\/\/uj.adatbank.ro\/lexikon\/termek\/nicolescu-alexandru-eredeti-neve-nicolici\/","title":{"rendered":"NICOLESCU, Alexandru, eredeti neve: Nicolici"},"content":{"rendered":"<p>Hod\u00e1k, 1856., \u2020 G\u00f6demesterh\u00e1za, 1922.: ort. pap. \u2013 Feles\u00e9ge: Ujic\u0103 Juliana (1880\u2013), m\u00e9g nem volt 15 \u00e9ves a f\u00e9rjhezmenetelekor. \u2013 El\u0151bb a mai Marosh\u00e9v\u00edz kolostor fatemplom\u00e1ban szolg\u00e1lt, majd G\u00f6demesterh\u00e1z\u00e1n lelk\u00e9sz (1880\u201327), itt \u00faj k\u0151templomot \u00e9p\u00edttetett. Ez a templom a konstantin\u00e1polyi Szt. Zs\u00f3fia katedr\u00e1lis kics\u00edny\u00edtett m\u00e1sa (szem\u00e9lyesen dokument\u00e1lodott Konstantin\u00e1polyban). Az Astra tagja (1885\u2013). <br \/><strong>Irod.:<\/strong> Gurghiu; Reghin, Protopopiat<\/br><\/p>\n","protected":false},"excerpt":{"rendered":"<p>Hod\u00e1k, 1856., \u2020 G\u00f6demesterh\u00e1za, 1922.: ort. pap. \u2013 Feles\u00e9ge: Ujic\u0103 Juliana (1880\u2013), m\u00e9g nem volt 15 \u00e9ves a f\u00e9rjhezmenetelekor. \u2013 El\u0151bb a mai Marosh\u00e9v\u00edz kolostor fatemplom\u00e1ban szolg\u00e1lt, majd G\u00f6demesterh\u00e1z\u00e1n lelk\u00e9sz (1880\u201327), itt \u00faj k\u0151templomot \u00e9p\u00edttetett. Ez a templom a konstantin\u00e1polyi Szt. Zs\u00f3fia katedr\u00e1lis kics\u00edny\u00edtett m\u00e1sa (szem\u00e9lyesen dokument\u00e1lodott Konstantin\u00e1polyban). Az Astra tagja (1885\u2013). Irod.: Gurghiu; Reghin, [&hellip;]<\/p>\n","protected":false},"featured_media":0,"comment_status":"open","ping_status":"closed","template":"","meta":[],"product_brand":[],"product_cat":[137],"product_tag":[],"class_list":{"0":"post-16791","1":"product","2":"type-product","3":"status-publish","5":"product_cat-maros-megyei-eletrajzi-lexikon","7":"first","8":"instock","9":"shipping-taxable","10":"product-type-simple"},"_links":{"self":[{"href":"https:\/\/uj.adatbank.ro\/lexikon\/wp-json\/wp\/v2\/product\/16791","targetHints":{"allow":["GET"]}}],"collection":[{"href":"https:\/\/uj.adatbank.ro\/lexikon\/wp-json\/wp\/v2\/product"}],"about":[{"href":"https:\/\/uj.adatbank.ro\/lexikon\/wp-json\/wp\/v2\/types\/product"}],"replies":[{"embeddable":true,"href":"https:\/\/uj.adatbank.ro\/lexikon\/wp-json\/wp\/v2\/comments?post=16791"}],"wp:attachment":[{"href":"https:\/\/uj.adatbank.ro\/lexikon\/wp-json\/wp\/v2\/media?parent=16791"}],"wp:term":[{"taxonomy":"product_brand","embeddable":true,"href":"https:\/\/uj.adatbank.ro\/lexikon\/wp-json\/wp\/v2\/product_brand?post=16791"},{"taxonomy":"product_cat","embeddable":true,"href":"https:\/\/uj.adatbank.ro\/lexikon\/wp-json\/wp\/v2\/product_cat?post=16791"},{"taxonomy":"product_tag","embeddable":true,"href":"https:\/\/uj.adatbank.ro\/lexikon\/wp-json\/wp\/v2\/product_tag?post=16791"}],"curies":[{"name":"wp","href":"https:\/\/api.w.org\/{rel}","templated":true}]}}

<p>Hodák, 1856., † Gödemesterháza, 1922.: ort. pap. – Felesége: Ujică Juliana (1880–), még nem volt 15 éves a férjhezmenetelekor. – Előbb a mai Maroshévíz kolostor fatemplomában szolgált, majd Gödemesterházán lelkész (1880–27), itt új kőtemplomot építtetett. Ez a templom a konstantinápolyi Szt. Zsófia katedrális kicsínyített mása (személyesen dokumentálodott Konstantinápolyban). Az Astra tagja (1885–). <br /><strong>Irod.:</strong> Gurghiu; Reghin, Protopopiat</br></p>

<p>Hodák, 1856., † Gödemesterháza, 1922.: ort. pap. – Felesége: Ujică Juliana (1880–), még nem volt 15 éves a férjhezmenetelekor. – Előbb a mai Maroshévíz kolostor fatemplomában szolgált, majd Gödemesterházán lelkész (1880–27), itt új kőtemplomot építtetett. Ez a templom a konstantinápolyi Szt. Zsófia katedrális kicsínyített mása (személyesen dokumentálodott Konstantinápolyban). Az Astra tagja (1885–). Irod.: Gurghiu; Reghin, [&hellip;]</p>
