{"id":16796,"date":"2025-07-15T23:30:31","date_gmt":"2025-07-15T21:30:31","guid":{"rendered":"https:\/\/uj.adatbank.ro\/lexikon\/termek\/nicolescu-vasile-2\/"},"modified":"2025-07-15T23:30:31","modified_gmt":"2025-07-15T21:30:31","slug":"nicolescu-vasile-2","status":"publish","type":"product","link":"https:\/\/uj.adatbank.ro\/lexikon\/termek\/nicolescu-vasile-2\/","title":{"rendered":"NICOLESCU, Vasile"},"content":{"rendered":"<p>G\u00f6demesterh\u00e1za, 1902., \u2020 Sz\u00e1szr\u00e9gen, 1985.: orvos. \u2013 Elemiisk. a sz\u00fcl\u0151faluban, R\u00e9genben, l\u00edc.-ot Mv.-en, Bel\u00e9nyesben \u00e9s Brass\u00f3ban v\u00e9gezte. Kv-on orvosi okl.-et szerzett (1926) Orvosk\u00e9nt Sz\u00e1szr\u00e9genbea k\u00f3rh\u00e1zban, a vas\u00fati rendel\u0151ben, iskol\u00e1kban \u00e9s mag\u00e1nrendel\u0151j\u00e9ben dolgozott. T\u00f6bb nyelvet besz\u00e9lt, szaktud\u00e1s\u00e1val pedig tekint\u00e9lyt v\u00edvott ki mag\u00e1nak. Seg\u00edtette az elesetteket. A h\u00e1bor\u00fa ideje alatt szembesz\u00e1llt a n\u00e9met katon\u00e1kkal, akik a k\u00f3rh\u00e1z minden felszerel\u00e9s\u00e9t megsemmis\u00edtett\u00e9k (k\u00f6zt\u00fck egy r\u00f6ntgeng\u00e9pet is ). Saj\u00e1t orvosi k\u00e9sz\u00fcl\u00e9keit bevitte a k\u00f3rh\u00e1zba, h. a sebes\u00fclteket ell\u00e1thassa. \u00d3ri\u00e1si er\u0151fesz\u00edt\u00e9sek \u00e1r\u00e1n mentette meg a r\u00e9geni k\u00f3rh\u00e1zat a teljes pusztul\u00e1st\u00f3l. Sokoldal\u00fa kultur\u00e1lis \u00e9s eg\u00e9szs\u00e9g\u00fcgyi nevel\u0151 tev\u00e9kenys\u00e9get fejtett ki az ASTRA \u00e9s a R\u00e9geni \u00cdfj\u00fas\u00e1gi Egyes\u00fclet kret\u00e9ben.: Publicisztikai munk\u00e1i a helyi \u00e9s m\u00e1s lapokban jelentek meg, el\u0151ad\u00e1sokat tartott a k\u00f6rnyez\u0151 falvakban. Memorii c\u00edmen jelentette meg visszaeml\u00e9kez\u00e9seit, amelyek fontos adatokatat tartalmaznak a v\u00e1ros m\u00faltj\u00e1r\u00f3l. Orvost\u00f6rt\u00e9neti kutat\u00e1sokat is folytatott. Meg\u00edrta t\u00f6bb h\u00edres, rom\u00e1n orvosszem\u00e9lyis\u00e9g \u00e9letrajz\u00e1t, valamint a r\u00e9geni m\u0171vel\u0151d\u00e9si \u00e9let egyes esem\u00e9nyeit. \u00c9rt\u00e9kelte a r\u00e9geni ASTRA, a Rom\u00e1n Iparos Egyes\u00fclet tev\u00e9kenys\u00e9g\u00e9t, azok vez\u00e9regy\u00e9nis\u00e9geit (Vasile Netea, Emil \u015eerb\u0103ni\u0163oiu, Emeric Coco\u015f, Mihail Moldovan, Iacob Dumitru \u00e9s Ionel Boer), valamint a R\u00e9gen \u00e9s V\u00edd\u00e9ke \u00cdfj\u00fas\u00e1gi Egyes\u00fclet \u00e9rt\u00e9kes rendezv\u00e9nyeit. <br \/><strong>Irod.:<\/strong> Netea: Astra; Regh. cult. 9.; Gazeta Reghinului, nr. 8., 1995.<\/br><\/p>\n","protected":false},"excerpt":{"rendered":"<p>G\u00f6demesterh\u00e1za, 1902., \u2020 Sz\u00e1szr\u00e9gen, 1985.: orvos. \u2013 Elemiisk. a sz\u00fcl\u0151faluban, R\u00e9genben, l\u00edc.-ot Mv.-en, Bel\u00e9nyesben \u00e9s Brass\u00f3ban v\u00e9gezte. Kv-on orvosi okl.-et szerzett (1926) Orvosk\u00e9nt Sz\u00e1szr\u00e9genbea k\u00f3rh\u00e1zban, a vas\u00fati rendel\u0151ben, iskol\u00e1kban \u00e9s mag\u00e1nrendel\u0151j\u00e9ben dolgozott. T\u00f6bb nyelvet besz\u00e9lt, szaktud\u00e1s\u00e1val pedig tekint\u00e9lyt v\u00edvott ki mag\u00e1nak. Seg\u00edtette az elesetteket. A h\u00e1bor\u00fa ideje alatt szembesz\u00e1llt a n\u00e9met katon\u00e1kkal, akik a k\u00f3rh\u00e1z [&hellip;]<\/p>\n","protected":false},"featured_media":0,"comment_status":"open","ping_status":"closed","template":"","meta":[],"product_brand":[],"product_cat":[137],"product_tag":[],"class_list":{"0":"post-16796","1":"product","2":"type-product","3":"status-publish","5":"product_cat-maros-megyei-eletrajzi-lexikon","7":"first","8":"instock","9":"shipping-taxable","10":"product-type-simple"},"_links":{"self":[{"href":"https:\/\/uj.adatbank.ro\/lexikon\/wp-json\/wp\/v2\/product\/16796","targetHints":{"allow":["GET"]}}],"collection":[{"href":"https:\/\/uj.adatbank.ro\/lexikon\/wp-json\/wp\/v2\/product"}],"about":[{"href":"https:\/\/uj.adatbank.ro\/lexikon\/wp-json\/wp\/v2\/types\/product"}],"replies":[{"embeddable":true,"href":"https:\/\/uj.adatbank.ro\/lexikon\/wp-json\/wp\/v2\/comments?post=16796"}],"wp:attachment":[{"href":"https:\/\/uj.adatbank.ro\/lexikon\/wp-json\/wp\/v2\/media?parent=16796"}],"wp:term":[{"taxonomy":"product_brand","embeddable":true,"href":"https:\/\/uj.adatbank.ro\/lexikon\/wp-json\/wp\/v2\/product_brand?post=16796"},{"taxonomy":"product_cat","embeddable":true,"href":"https:\/\/uj.adatbank.ro\/lexikon\/wp-json\/wp\/v2\/product_cat?post=16796"},{"taxonomy":"product_tag","embeddable":true,"href":"https:\/\/uj.adatbank.ro\/lexikon\/wp-json\/wp\/v2\/product_tag?post=16796"}],"curies":[{"name":"wp","href":"https:\/\/api.w.org\/{rel}","templated":true}]}}

<p>Gödemesterháza, 1902., † Szászrégen, 1985.: orvos. – Elemiisk. a szülőfaluban, Régenben, líc.-ot Mv.-en, Belényesben és Brassóban végezte. Kv-on orvosi okl.-et szerzett (1926) Orvosként Szászrégenbea kórházban, a vasúti rendelőben, iskolákban és magánrendelőjében dolgozott. Több nyelvet beszélt, szaktudásával pedig tekintélyt vívott ki magának. Segítette az elesetteket. A háború ideje alatt szembeszállt a német katonákkal, akik a kórház minden felszerelését megsemmisítették (köztük egy röntgengépet is ). Saját orvosi készülékeit bevitte a kórházba, h. a sebesülteket elláthassa. Óriási erőfeszítések árán mentette meg a régeni kórházat a teljes pusztulástól. Sokoldalú kulturális és egészségügyi nevelő tevékenységet fejtett ki az ASTRA és a Régeni Ífjúsági Egyesület kretében.: Publicisztikai munkái a helyi és más lapokban jelentek meg, előadásokat tartott a környező falvakban. Memorii címen jelentette meg visszaemlékezéseit, amelyek fontos adatokatat tartalmaznak a város múltjáról. Orvostörténeti kutatásokat is folytatott. Megírta több híres, román orvosszemélyiség életrajzát, valamint a régeni művelődési élet egyes eseményeit. Értékelte a régeni ASTRA, a Román Iparos Egyesület tevékenységét, azok vezéregyéniségeit (Vasile Netea, Emil Şerbăniţoiu, Emeric Cocoş, Mihail Moldovan, Iacob Dumitru és Ionel Boer), valamint a Régen és Vídéke Ífjúsági Egyesület értékes rendezvényeit. <br /><strong>Irod.:</strong> Netea: Astra; Regh. cult. 9.; Gazeta Reghinului, nr. 8., 1995.</br></p>

<p>Gödemesterháza, 1902., † Szászrégen, 1985.: orvos. – Elemiisk. a szülőfaluban, Régenben, líc.-ot Mv.-en, Belényesben és Brassóban végezte. Kv-on orvosi okl.-et szerzett (1926) Orvosként Szászrégenbea kórházban, a vasúti rendelőben, iskolákban és magánrendelőjében dolgozott. Több nyelvet beszélt, szaktudásával pedig tekintélyt vívott ki magának. Segítette az elesetteket. A háború ideje alatt szembeszállt a német katonákkal, akik a kórház [&hellip;]</p>
