{"id":16797,"date":"2025-07-15T23:30:33","date_gmt":"2025-07-15T21:30:33","guid":{"rendered":"https:\/\/uj.adatbank.ro\/lexikon\/termek\/nicolescu-dacian-ion\/"},"modified":"2025-07-15T23:30:33","modified_gmt":"2025-07-15T21:30:33","slug":"nicolescu-dacian-ion","status":"publish","type":"product","link":"https:\/\/uj.adatbank.ro\/lexikon\/termek\/nicolescu-dacian-ion\/","title":{"rendered":"NICOLESCU\u2013DACIAN, Ion"},"content":{"rendered":"<p>Magyar\u00f3, 1858., \u2020 Ploiesti, 1918.: lelk\u00e9sz, tan\u00e1r. \u2013 Sz\u00e1sz gimn\u00e1ziumot R\u00e9genben \u00e9s Bal\u00e1zsfalv\u00e1n (1870\u20131878), teol\u00f3gia Szebenben (1881), filol\u00f3giai egyetem Buk.-ben (1883). Ploiesten telepedett le (1890), ahol tan\u00e1r \u00e9s igazgat\u00f3 a \u201ePetru \u015fi Pavel\u201d Lic.-ban. Tev\u00e9keny tagja a \u201eLiga cultural\u0103 pt. unitatea tuturor rom\u00e2nilor\u201d egyes\u00fcletnek. T\u00f6bb \u00fajs\u00e1gcikke \u00e9s tanulm\u00e1nya l\u00e1tott napvil\u00e1got. <strong>F. m.:<\/strong> \u015ecoala na\u0163ional\u0103 \u015fi principiile ei (1886); \u015ecoala modern\u0103 \u015fi principiul na\u0163ional (1887). <br \/><strong>Irod.:<\/strong> Bor\u015fianu: Deda<\/br><\/p>\n","protected":false},"excerpt":{"rendered":"<p>Magyar\u00f3, 1858., \u2020 Ploiesti, 1918.: lelk\u00e9sz, tan\u00e1r. \u2013 Sz\u00e1sz gimn\u00e1ziumot R\u00e9genben \u00e9s Bal\u00e1zsfalv\u00e1n (1870\u20131878), teol\u00f3gia Szebenben (1881), filol\u00f3giai egyetem Buk.-ben (1883). Ploiesten telepedett le (1890), ahol tan\u00e1r \u00e9s igazgat\u00f3 a \u201ePetru \u015fi Pavel\u201d Lic.-ban. Tev\u00e9keny tagja a \u201eLiga cultural\u0103 pt. unitatea tuturor rom\u00e2nilor\u201d egyes\u00fcletnek. T\u00f6bb \u00fajs\u00e1gcikke \u00e9s tanulm\u00e1nya l\u00e1tott napvil\u00e1got. F. m.: \u015ecoala na\u0163ional\u0103 \u015fi [&hellip;]<\/p>\n","protected":false},"featured_media":0,"comment_status":"open","ping_status":"closed","template":"","meta":[],"product_brand":[],"product_cat":[137],"product_tag":[],"class_list":{"0":"post-16797","1":"product","2":"type-product","3":"status-publish","5":"product_cat-maros-megyei-eletrajzi-lexikon","7":"first","8":"instock","9":"shipping-taxable","10":"product-type-simple"},"_links":{"self":[{"href":"https:\/\/uj.adatbank.ro\/lexikon\/wp-json\/wp\/v2\/product\/16797","targetHints":{"allow":["GET"]}}],"collection":[{"href":"https:\/\/uj.adatbank.ro\/lexikon\/wp-json\/wp\/v2\/product"}],"about":[{"href":"https:\/\/uj.adatbank.ro\/lexikon\/wp-json\/wp\/v2\/types\/product"}],"replies":[{"embeddable":true,"href":"https:\/\/uj.adatbank.ro\/lexikon\/wp-json\/wp\/v2\/comments?post=16797"}],"wp:attachment":[{"href":"https:\/\/uj.adatbank.ro\/lexikon\/wp-json\/wp\/v2\/media?parent=16797"}],"wp:term":[{"taxonomy":"product_brand","embeddable":true,"href":"https:\/\/uj.adatbank.ro\/lexikon\/wp-json\/wp\/v2\/product_brand?post=16797"},{"taxonomy":"product_cat","embeddable":true,"href":"https:\/\/uj.adatbank.ro\/lexikon\/wp-json\/wp\/v2\/product_cat?post=16797"},{"taxonomy":"product_tag","embeddable":true,"href":"https:\/\/uj.adatbank.ro\/lexikon\/wp-json\/wp\/v2\/product_tag?post=16797"}],"curies":[{"name":"wp","href":"https:\/\/api.w.org\/{rel}","templated":true}]}}

<p>Magyaró, 1858., † Ploiesti, 1918.: lelkész, tanár. – Szász gimnáziumot Régenben és Balázsfalván (1870–1878), teológia Szebenben (1881), filológiai egyetem Buk.-ben (1883). Ploiesten telepedett le (1890), ahol tanár és igazgató a „Petru şi Pavel” Lic.-ban. Tevékeny tagja a „Liga culturală pt. unitatea tuturor românilor” egyesületnek. Több újságcikke és tanulmánya látott napvilágot. <strong>F. m.:</strong> Şcoala naţională şi principiile ei (1886); Şcoala modernă şi principiul naţional (1887). <br /><strong>Irod.:</strong> Borşianu: Deda</br></p>

<p>Magyaró, 1858., † Ploiesti, 1918.: lelkész, tanár. – Szász gimnáziumot Régenben és Balázsfalván (1870–1878), teológia Szebenben (1881), filológiai egyetem Buk.-ben (1883). Ploiesten telepedett le (1890), ahol tanár és igazgató a „Petru şi Pavel” Lic.-ban. Tevékeny tagja a „Liga culturală pt. unitatea tuturor românilor” egyesületnek. Több újságcikke és tanulmánya látott napvilágot. F. m.: Şcoala naţională şi [&hellip;]</p>
