{"id":1680,"date":"2025-06-28T11:49:49","date_gmt":"2025-06-28T09:49:49","guid":{"rendered":"https:\/\/uj.adatbank.ro\/lexikon\/termek\/ajtai-lajos\/"},"modified":"2025-06-28T11:49:49","modified_gmt":"2025-06-28T09:49:49","slug":"ajtai-lajos","status":"publish","type":"product","link":"https:\/\/uj.adatbank.ro\/lexikon\/termek\/ajtai-lajos\/","title":{"rendered":"AJTAI Lajos"},"content":{"rendered":"<p>1810 ?, \u2020 Mv., 1875. jan. 16.: orvos, seb\u00e9sz. \u2013 Feles\u00e9ge: Dark\u00f3 Kl\u00e1ra. Gyermekeik: Gyula, Viktor, Berta, Katalin. \u2013 Mv.-i orvos. -seb\u00e9sz. Az 1848-as forradalmi id\u0151kben a m. \u00e9rdekeket k\u00e9pviselte, ami\u00e9rt az osztr\u00e1k korm\u00e1ny feketelist\u00e1j\u00e1ra ker\u00fclt, \u00e9s gyakori \u00fcld\u00f6ztet\u00e9snek volt kit\u00e9ve. Jelent\u0151s szerepet t\u00f6lt\u00f6tt be Mv. k\u00f6zigazgat\u00e1s\u00e1ban \u00e9s t\u00e1rsadalmi \u00e9let\u00e9ben (1850\u201360). <br \/><strong>Irod.:<\/strong> Gy\u00e1szjelent\u0151; Kr\u00f3n. F\u00fcz. (1939, 4\/4.); Ol\u00e1h-G\u00e1l R\u00f3bert: Az els\u0151 mv.-i doktorok (N\u00fa., Sz\u00ednes Vil\u00e1g, 2012. j\u00fan. 16.); P\u00e1lmay<\/br><\/p>\n","protected":false},"excerpt":{"rendered":"<p>1810 ?, \u2020 Mv., 1875. jan. 16.: orvos, seb\u00e9sz. \u2013 Feles\u00e9ge: Dark\u00f3 Kl\u00e1ra. Gyermekeik: Gyula, Viktor, Berta, Katalin. \u2013 Mv.-i orvos. -seb\u00e9sz. Az 1848-as forradalmi id\u0151kben a m. \u00e9rdekeket k\u00e9pviselte, ami\u00e9rt az osztr\u00e1k korm\u00e1ny feketelist\u00e1j\u00e1ra ker\u00fclt, \u00e9s gyakori \u00fcld\u00f6ztet\u00e9snek volt kit\u00e9ve. Jelent\u0151s szerepet t\u00f6lt\u00f6tt be Mv. k\u00f6zigazgat\u00e1s\u00e1ban \u00e9s t\u00e1rsadalmi \u00e9let\u00e9ben (1850\u201360). Irod.: Gy\u00e1szjelent\u0151; Kr\u00f3n. F\u00fcz. [&hellip;]<\/p>\n","protected":false},"featured_media":0,"comment_status":"open","ping_status":"closed","template":"","meta":[],"product_brand":[],"product_cat":[137],"product_tag":[],"class_list":{"0":"post-1680","1":"product","2":"type-product","3":"status-publish","5":"product_cat-maros-megyei-eletrajzi-lexikon","7":"first","8":"instock","9":"shipping-taxable","10":"product-type-simple"},"_links":{"self":[{"href":"https:\/\/uj.adatbank.ro\/lexikon\/wp-json\/wp\/v2\/product\/1680","targetHints":{"allow":["GET"]}}],"collection":[{"href":"https:\/\/uj.adatbank.ro\/lexikon\/wp-json\/wp\/v2\/product"}],"about":[{"href":"https:\/\/uj.adatbank.ro\/lexikon\/wp-json\/wp\/v2\/types\/product"}],"replies":[{"embeddable":true,"href":"https:\/\/uj.adatbank.ro\/lexikon\/wp-json\/wp\/v2\/comments?post=1680"}],"wp:attachment":[{"href":"https:\/\/uj.adatbank.ro\/lexikon\/wp-json\/wp\/v2\/media?parent=1680"}],"wp:term":[{"taxonomy":"product_brand","embeddable":true,"href":"https:\/\/uj.adatbank.ro\/lexikon\/wp-json\/wp\/v2\/product_brand?post=1680"},{"taxonomy":"product_cat","embeddable":true,"href":"https:\/\/uj.adatbank.ro\/lexikon\/wp-json\/wp\/v2\/product_cat?post=1680"},{"taxonomy":"product_tag","embeddable":true,"href":"https:\/\/uj.adatbank.ro\/lexikon\/wp-json\/wp\/v2\/product_tag?post=1680"}],"curies":[{"name":"wp","href":"https:\/\/api.w.org\/{rel}","templated":true}]}}

<p>1810 ?, † Mv., 1875. jan. 16.: orvos, sebész. – Felesége: Darkó Klára. Gyermekeik: Gyula, Viktor, Berta, Katalin. – Mv.-i orvos. -sebész. Az 1848-as forradalmi időkben a m. érdekeket képviselte, amiért az osztrák kormány feketelistájára került, és gyakori üldöztetésnek volt kitéve. Jelentős szerepet töltött be Mv. közigazgatásában és társadalmi életében (1850–60). <br /><strong>Irod.:</strong> Gyászjelentő; Krón. Füz. (1939, 4/4.); Oláh-Gál Róbert: Az első mv.-i doktorok (Nú., Színes Világ, 2012. jún. 16.); Pálmay</br></p>

<p>1810 ?, † Mv., 1875. jan. 16.: orvos, sebész. – Felesége: Darkó Klára. Gyermekeik: Gyula, Viktor, Berta, Katalin. – Mv.-i orvos. -sebész. Az 1848-as forradalmi időkben a m. érdekeket képviselte, amiért az osztrák kormány feketelistájára került, és gyakori üldöztetésnek volt kitéve. Jelentős szerepet töltött be Mv. közigazgatásában és társadalmi életében (1850–60). Irod.: Gyászjelentő; Krón. Füz. [&hellip;]</p>
