{"id":16807,"date":"2025-07-15T23:30:54","date_gmt":"2025-07-15T21:30:54","guid":{"rendered":"https:\/\/uj.adatbank.ro\/lexikon\/termek\/niculescu-vazul\/"},"modified":"2025-07-15T23:30:54","modified_gmt":"2025-07-15T21:30:54","slug":"niculescu-vazul","status":"publish","type":"product","link":"https:\/\/uj.adatbank.ro\/lexikon\/termek\/niculescu-vazul\/","title":{"rendered":"NICULESCU Vazul"},"content":{"rendered":"<p>1902., \u2020 ?: orvos. \u2013 A sz\u00e1szr\u00e9geni k\u00f3rh\u00e1z r\u00f6ntgenorvosa, CFR \u00e9s Munk\u00e1sbiztos\u00edt\u00f3p\u00e1nzt\u00e1ri orvos. \u2013 G\u00f6r. keleti lelk\u00e9szi csal\u00e1db\u00f3l sz\u00fcletett,. Brass\u00f3ban \u00e9retts\u00e9gizett, egyetemet Kv.-on v\u00e9gzett (1926), A kv.-i klinika seb\u00e9szeti oszt\u00e1ly\u00e1n gyakornok, majd a sz\u00e1szr\u00e9geni k\u00f3rh\u00e1zhoz ker\u00fclt (1926), ahol alorvos, majd r\u00f6ntgenorvos \u00e9s szemorvos specialista volt. Igen \u00e9rt\u00e9kes, f\u0151leg a szem\u00e9szettel foglalkoz\u00f3 cikkeket \u00edrt szaklapokban. A magyarr\u00e9geni \u00e1llami iskola eln\u00f6ke, v\u00e1rosi tan\u00e1cstag, g\u00f6r. Kel. egyh\u00e1ztan\u00e1csos, az ASTRA \u00e9s t\u00f6bb egyes\u00fclet tagja volt. <br \/><strong>Irod.:<\/strong> Ki kicsoda ?<\/br><\/p>\n","protected":false},"excerpt":{"rendered":"<p>1902., \u2020 ?: orvos. \u2013 A sz\u00e1szr\u00e9geni k\u00f3rh\u00e1z r\u00f6ntgenorvosa, CFR \u00e9s Munk\u00e1sbiztos\u00edt\u00f3p\u00e1nzt\u00e1ri orvos. \u2013 G\u00f6r. keleti lelk\u00e9szi csal\u00e1db\u00f3l sz\u00fcletett,. Brass\u00f3ban \u00e9retts\u00e9gizett, egyetemet Kv.-on v\u00e9gzett (1926), A kv.-i klinika seb\u00e9szeti oszt\u00e1ly\u00e1n gyakornok, majd a sz\u00e1szr\u00e9geni k\u00f3rh\u00e1zhoz ker\u00fclt (1926), ahol alorvos, majd r\u00f6ntgenorvos \u00e9s szemorvos specialista volt. Igen \u00e9rt\u00e9kes, f\u0151leg a szem\u00e9szettel foglalkoz\u00f3 cikkeket \u00edrt szaklapokban. A [&hellip;]<\/p>\n","protected":false},"featured_media":0,"comment_status":"open","ping_status":"closed","template":"","meta":[],"product_brand":[],"product_cat":[137],"product_tag":[],"class_list":{"0":"post-16807","1":"product","2":"type-product","3":"status-publish","5":"product_cat-maros-megyei-eletrajzi-lexikon","7":"first","8":"instock","9":"shipping-taxable","10":"product-type-simple"},"_links":{"self":[{"href":"https:\/\/uj.adatbank.ro\/lexikon\/wp-json\/wp\/v2\/product\/16807","targetHints":{"allow":["GET"]}}],"collection":[{"href":"https:\/\/uj.adatbank.ro\/lexikon\/wp-json\/wp\/v2\/product"}],"about":[{"href":"https:\/\/uj.adatbank.ro\/lexikon\/wp-json\/wp\/v2\/types\/product"}],"replies":[{"embeddable":true,"href":"https:\/\/uj.adatbank.ro\/lexikon\/wp-json\/wp\/v2\/comments?post=16807"}],"wp:attachment":[{"href":"https:\/\/uj.adatbank.ro\/lexikon\/wp-json\/wp\/v2\/media?parent=16807"}],"wp:term":[{"taxonomy":"product_brand","embeddable":true,"href":"https:\/\/uj.adatbank.ro\/lexikon\/wp-json\/wp\/v2\/product_brand?post=16807"},{"taxonomy":"product_cat","embeddable":true,"href":"https:\/\/uj.adatbank.ro\/lexikon\/wp-json\/wp\/v2\/product_cat?post=16807"},{"taxonomy":"product_tag","embeddable":true,"href":"https:\/\/uj.adatbank.ro\/lexikon\/wp-json\/wp\/v2\/product_tag?post=16807"}],"curies":[{"name":"wp","href":"https:\/\/api.w.org\/{rel}","templated":true}]}}

<p>1902., † ?: orvos. – A szászrégeni kórház röntgenorvosa, CFR és Munkásbiztosítópánztári orvos. – Gör. keleti lelkészi családból született,. Brassóban érettségizett, egyetemet Kv.-on végzett (1926), A kv.-i klinika sebészeti osztályán gyakornok, majd a szászrégeni kórházhoz került (1926), ahol alorvos, majd röntgenorvos és szemorvos specialista volt. Igen értékes, főleg a szemészettel foglalkozó cikkeket írt szaklapokban. A magyarrégeni állami iskola elnöke, városi tanácstag, gör. Kel. egyháztanácsos, az ASTRA és több egyesület tagja volt. <br /><strong>Irod.:</strong> Ki kicsoda ?</br></p>

<p>1902., † ?: orvos. – A szászrégeni kórház röntgenorvosa, CFR és Munkásbiztosítópánztári orvos. – Gör. keleti lelkészi családból született,. Brassóban érettségizett, egyetemet Kv.-on végzett (1926), A kv.-i klinika sebészeti osztályán gyakornok, majd a szászrégeni kórházhoz került (1926), ahol alorvos, majd röntgenorvos és szemorvos specialista volt. Igen értékes, főleg a szemészettel foglalkozó cikkeket írt szaklapokban. A [&hellip;]</p>
