{"id":16809,"date":"2025-07-15T23:30:58","date_gmt":"2025-07-15T21:30:58","guid":{"rendered":"https:\/\/uj.adatbank.ro\/lexikon\/termek\/nilca-augustin\/"},"modified":"2025-07-15T23:30:58","modified_gmt":"2025-07-15T21:30:58","slug":"nilca-augustin","status":"publish","type":"product","link":"https:\/\/uj.adatbank.ro\/lexikon\/termek\/nilca-augustin\/","title":{"rendered":"NILCA, Augustin"},"content":{"rendered":"<p>K\u00f3r\u00f3d, 1870. febr. 6., \u2020 Mv., 1959. febr. 24.: g. kat. \/ ort. pap. \u2013 Bal\u00e1zsfalv\u00e1n v\u00e9gezte iskol\u00e1it (1890), majd a papi szemin\u00e1riumban szentelt\u00e9k papp\u00e1 (1896). A vajdakutai pl\u00e9b\u00e1nia gondnoka (1896\u20131917), ideiglenesen a kisteremei-pl\u00e9b\u00e1ni\u00e1n is v\u00e9gezte a gondnoki teend\u0151ket. K\u00f3r\u00f3don tan\u00edtott, anyagilag t\u00e1mogatta az egyh\u00e1zi \u00e9s iskolai int\u00e9zm\u00e9nyeket. Az ASTRA dics\u0151szentm\u00e1rtoni r\u00e9szleg\u00e9nek tagja (1910), \u00f6r\u00f6k\u00f6s tag (1919). A mez\u0151szabadi egyh\u00e1zk\u00f6zs\u00e9g vezet\u0151je(1917. \u00e1pr. 9.\u201341). Mez\u0151szabad hivatalos k\u00fcld\u00f6tte a gyulafeh\u00e9rv\u00e1ri nagygy\u0171l\u00e9sre (1918. dec. 1.). a Nemzeti Tan\u00e1cs tagja Mv.-en. A Nemzeti Parasztp\u00e1rt j\u00e1r\u00e1si eln\u00f6ke, a megyei tan\u00e1cs tagja (1934\u201337); a Vulturul n\u00e9pbank mez\u0151szabadi fi\u00f3kj\u00e1nak eln\u00f6ke (1920), a k\u00f6zs\u00e9gi tan\u00e1cs tagja (1926\u201338); Furnica Hitelbank vezet\u0151tan\u00e1cs\u00e1nak eln\u00f6ke (1924), az Ogorul sz\u00f6vetkezet eln\u00f6ke, kultur\u00e1lis \u00e9s vall\u00e1si egyes\u00fcletek vezet\u0151je volt. Bizotts\u00e1got alak\u00edtottak egy a Mez\u0151szabad k\u00f6zs\u00e9gben fel\u00e1ll\u00edtand\u00f3 h\u0151si eml\u00e9km\u0171 \u00e9rdek\u00e9ben amelynek tagja volt. <br \/><strong>Irod.:<\/strong> Bosoanc\u0103; Sz\u00e9kelyf\u00f6ld \u00ed. k.; \u015eincan 2006, Todea 2013<\/br><\/p>\n","protected":false},"excerpt":{"rendered":"<p>K\u00f3r\u00f3d, 1870. febr. 6., \u2020 Mv., 1959. febr. 24.: g. kat. \/ ort. pap. \u2013 Bal\u00e1zsfalv\u00e1n v\u00e9gezte iskol\u00e1it (1890), majd a papi szemin\u00e1riumban szentelt\u00e9k papp\u00e1 (1896). A vajdakutai pl\u00e9b\u00e1nia gondnoka (1896\u20131917), ideiglenesen a kisteremei-pl\u00e9b\u00e1ni\u00e1n is v\u00e9gezte a gondnoki teend\u0151ket. K\u00f3r\u00f3don tan\u00edtott, anyagilag t\u00e1mogatta az egyh\u00e1zi \u00e9s iskolai int\u00e9zm\u00e9nyeket. Az ASTRA dics\u0151szentm\u00e1rtoni r\u00e9szleg\u00e9nek tagja (1910), \u00f6r\u00f6k\u00f6s [&hellip;]<\/p>\n","protected":false},"featured_media":0,"comment_status":"open","ping_status":"closed","template":"","meta":[],"product_brand":[],"product_cat":[137],"product_tag":[],"class_list":{"0":"post-16809","1":"product","2":"type-product","3":"status-publish","5":"product_cat-maros-megyei-eletrajzi-lexikon","7":"first","8":"instock","9":"shipping-taxable","10":"product-type-simple"},"_links":{"self":[{"href":"https:\/\/uj.adatbank.ro\/lexikon\/wp-json\/wp\/v2\/product\/16809","targetHints":{"allow":["GET"]}}],"collection":[{"href":"https:\/\/uj.adatbank.ro\/lexikon\/wp-json\/wp\/v2\/product"}],"about":[{"href":"https:\/\/uj.adatbank.ro\/lexikon\/wp-json\/wp\/v2\/types\/product"}],"replies":[{"embeddable":true,"href":"https:\/\/uj.adatbank.ro\/lexikon\/wp-json\/wp\/v2\/comments?post=16809"}],"wp:attachment":[{"href":"https:\/\/uj.adatbank.ro\/lexikon\/wp-json\/wp\/v2\/media?parent=16809"}],"wp:term":[{"taxonomy":"product_brand","embeddable":true,"href":"https:\/\/uj.adatbank.ro\/lexikon\/wp-json\/wp\/v2\/product_brand?post=16809"},{"taxonomy":"product_cat","embeddable":true,"href":"https:\/\/uj.adatbank.ro\/lexikon\/wp-json\/wp\/v2\/product_cat?post=16809"},{"taxonomy":"product_tag","embeddable":true,"href":"https:\/\/uj.adatbank.ro\/lexikon\/wp-json\/wp\/v2\/product_tag?post=16809"}],"curies":[{"name":"wp","href":"https:\/\/api.w.org\/{rel}","templated":true}]}}

<p>Kóród, 1870. febr. 6., † Mv., 1959. febr. 24.: g. kat. / ort. pap. – Balázsfalván végezte iskoláit (1890), majd a papi szemináriumban szentelték pappá (1896). A vajdakutai plébánia gondnoka (1896–1917), ideiglenesen a kisteremei-plébánián is végezte a gondnoki teendőket. Kóródon tanított, anyagilag támogatta az egyházi és iskolai intézményeket. Az ASTRA dicsőszentmártoni részlegének tagja (1910), örökös tag (1919). A mezőszabadi egyházközség vezetője(1917. ápr. 9.–41). Mezőszabad hivatalos küldötte a gyulafehérvári nagygyűlésre (1918. dec. 1.). a Nemzeti Tanács tagja Mv.-en. A Nemzeti Parasztpárt járási elnöke, a megyei tanács tagja (1934–37); a Vulturul népbank mezőszabadi fiókjának elnöke (1920), a községi tanács tagja (1926–38); Furnica Hitelbank vezetőtanácsának elnöke (1924), az Ogorul szövetkezet elnöke, kulturális és vallási egyesületek vezetője volt. Bizottságot alakítottak egy a Mezőszabad községben felállítandó hősi emlékmű érdekében amelynek tagja volt. <br /><strong>Irod.:</strong> Bosoancă; Székelyföld í. k.; Şincan 2006, Todea 2013</br></p>

<p>Kóród, 1870. febr. 6., † Mv., 1959. febr. 24.: g. kat. / ort. pap. – Balázsfalván végezte iskoláit (1890), majd a papi szemináriumban szentelték pappá (1896). A vajdakutai plébánia gondnoka (1896–1917), ideiglenesen a kisteremei-plébánián is végezte a gondnoki teendőket. Kóródon tanított, anyagilag támogatta az egyházi és iskolai intézményeket. Az ASTRA dicsőszentmártoni részlegének tagja (1910), örökös [&hellip;]</p>
