{"id":16812,"date":"2025-07-15T23:31:03","date_gmt":"2025-07-15T21:31:03","guid":{"rendered":"https:\/\/uj.adatbank.ro\/lexikon\/termek\/nilca-vasile\/"},"modified":"2025-07-15T23:31:03","modified_gmt":"2025-07-15T21:31:03","slug":"nilca-vasile","status":"publish","type":"product","link":"https:\/\/uj.adatbank.ro\/lexikon\/termek\/nilca-vasile\/","title":{"rendered":"NILCA, Vasile"},"content":{"rendered":"<p>H\u00e9jjasfalva, 1914. okt. 29., \u2020 ?: agr\u00e1rm\u00e9rn\u00f6k. \u2013 A k\u00f6z\u00e9piskol\u00e1t Segesv\u00e1ron, a Mez\u0151gatdas\u00e1gi Akad\u00e9mi\u00e1t Kv.-on v\u00e9gezte, majd doktor\u00e1lt. Egyetemei tan\u00e1r Kv.-on (\u20131958); igazgat\u00f3ja a kolozsmegyei mez\u0151gazdas\u00e1gi hivatal kert\u00e9szeti r\u00e9szleg\u00e9nek (1964\u201368). Kutat\u00e1si ter\u00fclete : z\u00f6lds\u00e9gtermeszt\u00e9s. Kit\u0171ntet\u00e9se : Mez\u0151gazdas\u00e1gi \u00c9rdem (Meritul Agricol). \u2013 <strong>F. m.:<\/strong> <strong>t\u00e1rssz.:<\/strong> Z\u00f6lds\u00e9ghajt\u00e1s \u00e9s korai termeszt\u00e9s (Buk., 1957); For\u0163atul \u00een r\u0103sadni\u0163\u0103 \u015fi culturi extratimpurii de legume (Buc., 1958). <br \/><strong>Irod.:<\/strong> Clujeni ai sec.20<\/br><\/p>\n","protected":false},"excerpt":{"rendered":"<p>H\u00e9jjasfalva, 1914. okt. 29., \u2020 ?: agr\u00e1rm\u00e9rn\u00f6k. \u2013 A k\u00f6z\u00e9piskol\u00e1t Segesv\u00e1ron, a Mez\u0151gatdas\u00e1gi Akad\u00e9mi\u00e1t Kv.-on v\u00e9gezte, majd doktor\u00e1lt. Egyetemei tan\u00e1r Kv.-on (\u20131958); igazgat\u00f3ja a kolozsmegyei mez\u0151gazdas\u00e1gi hivatal kert\u00e9szeti r\u00e9szleg\u00e9nek (1964\u201368). Kutat\u00e1si ter\u00fclete : z\u00f6lds\u00e9gtermeszt\u00e9s. Kit\u0171ntet\u00e9se : Mez\u0151gazdas\u00e1gi \u00c9rdem (Meritul Agricol). \u2013 F. m.: t\u00e1rssz.: Z\u00f6lds\u00e9ghajt\u00e1s \u00e9s korai termeszt\u00e9s (Buk., 1957); For\u0163atul \u00een r\u0103sadni\u0163\u0103 \u015fi culturi [&hellip;]<\/p>\n","protected":false},"featured_media":0,"comment_status":"open","ping_status":"closed","template":"","meta":[],"product_brand":[],"product_cat":[137],"product_tag":[],"class_list":{"0":"post-16812","1":"product","2":"type-product","3":"status-publish","5":"product_cat-maros-megyei-eletrajzi-lexikon","7":"first","8":"instock","9":"shipping-taxable","10":"product-type-simple"},"_links":{"self":[{"href":"https:\/\/uj.adatbank.ro\/lexikon\/wp-json\/wp\/v2\/product\/16812","targetHints":{"allow":["GET"]}}],"collection":[{"href":"https:\/\/uj.adatbank.ro\/lexikon\/wp-json\/wp\/v2\/product"}],"about":[{"href":"https:\/\/uj.adatbank.ro\/lexikon\/wp-json\/wp\/v2\/types\/product"}],"replies":[{"embeddable":true,"href":"https:\/\/uj.adatbank.ro\/lexikon\/wp-json\/wp\/v2\/comments?post=16812"}],"wp:attachment":[{"href":"https:\/\/uj.adatbank.ro\/lexikon\/wp-json\/wp\/v2\/media?parent=16812"}],"wp:term":[{"taxonomy":"product_brand","embeddable":true,"href":"https:\/\/uj.adatbank.ro\/lexikon\/wp-json\/wp\/v2\/product_brand?post=16812"},{"taxonomy":"product_cat","embeddable":true,"href":"https:\/\/uj.adatbank.ro\/lexikon\/wp-json\/wp\/v2\/product_cat?post=16812"},{"taxonomy":"product_tag","embeddable":true,"href":"https:\/\/uj.adatbank.ro\/lexikon\/wp-json\/wp\/v2\/product_tag?post=16812"}],"curies":[{"name":"wp","href":"https:\/\/api.w.org\/{rel}","templated":true}]}}

<p>Héjjasfalva, 1914. okt. 29., † ?: agrármérnök. – A középiskolát Segesváron, a Mezőgatdasági Akadémiát Kv.-on végezte, majd doktorált. Egyetemei tanár Kv.-on (–1958); igazgatója a kolozsmegyei mezőgazdasági hivatal kertészeti részlegének (1964–68). Kutatási területe : zöldségtermesztés. Kitűntetése : Mezőgazdasági Érdem (Meritul Agricol). – <strong>F. m.:</strong> <strong>társsz.:</strong> Zöldséghajtás és korai termesztés (Buk., 1957); Forţatul în răsadniţă şi culturi extratimpurii de legume (Buc., 1958). <br /><strong>Irod.:</strong> Clujeni ai sec.20</br></p>

<p>Héjjasfalva, 1914. okt. 29., † ?: agrármérnök. – A középiskolát Segesváron, a Mezőgatdasági Akadémiát Kv.-on végezte, majd doktorált. Egyetemei tanár Kv.-on (–1958); igazgatója a kolozsmegyei mezőgazdasági hivatal kertészeti részlegének (1964–68). Kutatási területe : zöldségtermesztés. Kitűntetése : Mezőgazdasági Érdem (Meritul Agricol). – F. m.: társsz.: Zöldséghajtás és korai termesztés (Buk., 1957); Forţatul în răsadniţă şi culturi [&hellip;]</p>
