{"id":16815,"date":"2025-07-15T23:31:11","date_gmt":"2025-07-15T21:31:11","guid":{"rendered":"https:\/\/uj.adatbank.ro\/lexikon\/termek\/niresteanu-emil-niristeanu\/"},"modified":"2025-07-15T23:31:11","modified_gmt":"2025-07-15T21:31:11","slug":"niresteanu-emil-niristeanu","status":"publish","type":"product","link":"https:\/\/uj.adatbank.ro\/lexikon\/termek\/niresteanu-emil-niristeanu\/","title":{"rendered":"NIRE\u015eTEANU, Emil, Niri\u015fteanu"},"content":{"rendered":"<p>Radn\u00f3t, 1910. j\u00fal. 21., \u2020 Bal\u00e1zsfalva, 1990. jan. 16.: tan\u00e1r. \u2013 Sz\u00fcl\u0151faluj\u00e1ban v\u00e9gezte az elemi iskol\u00e1t (1916\u201320) \u00e9s Mv.-en az \u201eAl. Papiu Ilarian\u201d L\u00edc. (1920\u201328). F\u00f6ldrajz-term\u00e9szetrajz szakot v\u00e9gzett a kv.-i egyetemen (1928\u201332), \u201eMagna cum laude\u201d-vel diplom\u00e1zott, majd pedag\u00f3gia szakot is v\u00e9gzett (1937). Bal\u00e1zsfalv\u00e1n tan\u00edtott f\u00f6ldrajzot a a kereskedelmi k\u00f6z\u00e9piskol\u00e1ban, ahol bentlak\u00e1s vezet\u0151 is volt n\u00e9gy \u00e9ven \u00e1t, a Sf. Sava liceumban (1939\u201345), iskolaigazgat\u00f3 volt Gyergy\u00f3szentmikl\u00f3son az elm\u00e9leti liceumban (1945\u201348), tan\u00edtott T\u00f6visen, Bal\u00e1zsfalv\u00e1n, Mih\u00e1lcfalv\u00e1n, Ol\u00e1hcsesztv\u00e9n (1948\u201368), majd a bal\u00e1zsfalvi Gyermekek H\u00e1za igazgat\u00f3ja (1968\u201372), tan\u00e1r az 1. sz elemi iskol\u00e1ban \u00e9s a Iacob Muresianu liceumban. <br \/><strong>Irod.:<\/strong> Com\u015fa \u2013 Seiceanu; \u015eerban 2006; Todea 2013<\/br><\/p>\n","protected":false},"excerpt":{"rendered":"<p>Radn\u00f3t, 1910. j\u00fal. 21., \u2020 Bal\u00e1zsfalva, 1990. jan. 16.: tan\u00e1r. \u2013 Sz\u00fcl\u0151faluj\u00e1ban v\u00e9gezte az elemi iskol\u00e1t (1916\u201320) \u00e9s Mv.-en az \u201eAl. Papiu Ilarian\u201d L\u00edc. (1920\u201328). F\u00f6ldrajz-term\u00e9szetrajz szakot v\u00e9gzett a kv.-i egyetemen (1928\u201332), \u201eMagna cum laude\u201d-vel diplom\u00e1zott, majd pedag\u00f3gia szakot is v\u00e9gzett (1937). Bal\u00e1zsfalv\u00e1n tan\u00edtott f\u00f6ldrajzot a a kereskedelmi k\u00f6z\u00e9piskol\u00e1ban, ahol bentlak\u00e1s vezet\u0151 is volt n\u00e9gy [&hellip;]<\/p>\n","protected":false},"featured_media":0,"comment_status":"open","ping_status":"closed","template":"","meta":[],"product_brand":[],"product_cat":[137],"product_tag":[],"class_list":{"0":"post-16815","1":"product","2":"type-product","3":"status-publish","5":"product_cat-maros-megyei-eletrajzi-lexikon","7":"first","8":"instock","9":"shipping-taxable","10":"product-type-simple"},"_links":{"self":[{"href":"https:\/\/uj.adatbank.ro\/lexikon\/wp-json\/wp\/v2\/product\/16815","targetHints":{"allow":["GET"]}}],"collection":[{"href":"https:\/\/uj.adatbank.ro\/lexikon\/wp-json\/wp\/v2\/product"}],"about":[{"href":"https:\/\/uj.adatbank.ro\/lexikon\/wp-json\/wp\/v2\/types\/product"}],"replies":[{"embeddable":true,"href":"https:\/\/uj.adatbank.ro\/lexikon\/wp-json\/wp\/v2\/comments?post=16815"}],"wp:attachment":[{"href":"https:\/\/uj.adatbank.ro\/lexikon\/wp-json\/wp\/v2\/media?parent=16815"}],"wp:term":[{"taxonomy":"product_brand","embeddable":true,"href":"https:\/\/uj.adatbank.ro\/lexikon\/wp-json\/wp\/v2\/product_brand?post=16815"},{"taxonomy":"product_cat","embeddable":true,"href":"https:\/\/uj.adatbank.ro\/lexikon\/wp-json\/wp\/v2\/product_cat?post=16815"},{"taxonomy":"product_tag","embeddable":true,"href":"https:\/\/uj.adatbank.ro\/lexikon\/wp-json\/wp\/v2\/product_tag?post=16815"}],"curies":[{"name":"wp","href":"https:\/\/api.w.org\/{rel}","templated":true}]}}

NIREŞTEANU, Emil, Nirişteanu

<p>Radnót, 1910. júl. 21., † Balázsfalva, 1990. jan. 16.: tanár. – Szülőfalujában végezte az elemi iskolát (1916–20) és Mv.-en az „Al. Papiu Ilarian” Líc. (1920–28). Földrajz-természetrajz szakot végzett a kv.-i egyetemen (1928–32), „Magna cum laude”-vel diplomázott, majd pedagógia szakot is végzett (1937). Balázsfalván tanított földrajzot a a kereskedelmi középiskolában, ahol bentlakás vezető is volt négy éven át, a Sf. Sava liceumban (1939–45), iskolaigazgató volt Gyergyószentmiklóson az elméleti liceumban (1945–48), tanított Tövisen, Balázsfalván, Mihálcfalván, Oláhcsesztvén (1948–68), majd a balázsfalvi Gyermekek Háza igazgatója (1968–72), tanár az 1. sz elemi iskolában és a Iacob Muresianu liceumban. <br /><strong>Irod.:</strong> Comşa – Seiceanu; Şerban 2006; Todea 2013</br></p>

<p>Radnót, 1910. júl. 21., † Balázsfalva, 1990. jan. 16.: tanár. – Szülőfalujában végezte az elemi iskolát (1916–20) és Mv.-en az „Al. Papiu Ilarian” Líc. (1920–28). Földrajz-természetrajz szakot végzett a kv.-i egyetemen (1928–32), „Magna cum laude”-vel diplomázott, majd pedagógia szakot is végzett (1937). Balázsfalván tanított földrajzot a a kereskedelmi középiskolában, ahol bentlakás vezető is volt négy [&hellip;]</p>
