{"id":16816,"date":"2025-07-15T23:31:20","date_gmt":"2025-07-15T21:31:20","guid":{"rendered":"https:\/\/uj.adatbank.ro\/lexikon\/termek\/niresteanu-petru\/"},"modified":"2025-07-15T23:31:20","modified_gmt":"2025-07-15T21:31:20","slug":"niresteanu-petru","status":"publish","type":"product","link":"https:\/\/uj.adatbank.ro\/lexikon\/termek\/niresteanu-petru\/","title":{"rendered":"NIRE\u015eTEANU, Petru"},"content":{"rendered":"<p>? \u2020 Mv., 2002. \u00e1pr. 20.: tan\u00e1r. \u2013 Tan\u00edtott a mv.-i 4-es sz\u00ed. k\u00f6z\u00e9piskol\u00e1ban is (1958 k.). A mv.-i Pedag\u00f3giai Int\u00e9zet (1960-ban alakult) rom\u00e1n nyelv tan\u00e1ra, prorektora. <br \/><strong>Irod.:<\/strong> N. P.: Az \u00faj id\u0151k \u00faj ember\u00e9t kialak\u00edt\u00f3 nemes \u00e9s felemel\u0151 tev\u00e9kenys\u00e9g (V. Z., 1964. aug. 14.); [Nekrol\u00f3g] (N\u00fa., 2002. \u00e1pr. 22.)<\/br><\/p>\n","protected":false},"excerpt":{"rendered":"<p>? \u2020 Mv., 2002. \u00e1pr. 20.: tan\u00e1r. \u2013 Tan\u00edtott a mv.-i 4-es sz\u00ed. k\u00f6z\u00e9piskol\u00e1ban is (1958 k.). A mv.-i Pedag\u00f3giai Int\u00e9zet (1960-ban alakult) rom\u00e1n nyelv tan\u00e1ra, prorektora. Irod.: N. P.: Az \u00faj id\u0151k \u00faj ember\u00e9t kialak\u00edt\u00f3 nemes \u00e9s felemel\u0151 tev\u00e9kenys\u00e9g (V. Z., 1964. aug. 14.); [Nekrol\u00f3g] (N\u00fa., 2002. \u00e1pr. 22.)<\/p>\n","protected":false},"featured_media":0,"comment_status":"open","ping_status":"closed","template":"","meta":[],"product_brand":[],"product_cat":[137],"product_tag":[],"class_list":{"0":"post-16816","1":"product","2":"type-product","3":"status-publish","5":"product_cat-maros-megyei-eletrajzi-lexikon","7":"first","8":"instock","9":"shipping-taxable","10":"product-type-simple"},"_links":{"self":[{"href":"https:\/\/uj.adatbank.ro\/lexikon\/wp-json\/wp\/v2\/product\/16816","targetHints":{"allow":["GET"]}}],"collection":[{"href":"https:\/\/uj.adatbank.ro\/lexikon\/wp-json\/wp\/v2\/product"}],"about":[{"href":"https:\/\/uj.adatbank.ro\/lexikon\/wp-json\/wp\/v2\/types\/product"}],"replies":[{"embeddable":true,"href":"https:\/\/uj.adatbank.ro\/lexikon\/wp-json\/wp\/v2\/comments?post=16816"}],"wp:attachment":[{"href":"https:\/\/uj.adatbank.ro\/lexikon\/wp-json\/wp\/v2\/media?parent=16816"}],"wp:term":[{"taxonomy":"product_brand","embeddable":true,"href":"https:\/\/uj.adatbank.ro\/lexikon\/wp-json\/wp\/v2\/product_brand?post=16816"},{"taxonomy":"product_cat","embeddable":true,"href":"https:\/\/uj.adatbank.ro\/lexikon\/wp-json\/wp\/v2\/product_cat?post=16816"},{"taxonomy":"product_tag","embeddable":true,"href":"https:\/\/uj.adatbank.ro\/lexikon\/wp-json\/wp\/v2\/product_tag?post=16816"}],"curies":[{"name":"wp","href":"https:\/\/api.w.org\/{rel}","templated":true}]}}