{"id":16818,"date":"2025-07-15T23:31:23","date_gmt":"2025-07-15T21:31:23","guid":{"rendered":"https:\/\/uj.adatbank.ro\/lexikon\/termek\/nistor-alexandru\/"},"modified":"2025-07-15T23:31:23","modified_gmt":"2025-07-15T21:31:23","slug":"nistor-alexandru","status":"publish","type":"product","link":"https:\/\/uj.adatbank.ro\/lexikon\/termek\/nistor-alexandru\/","title":{"rendered":"NISTOR, Alexandru"},"content":{"rendered":"<p>V\u00e1rhegy, 1931. jan. 4. \u2020 Beszterce, 2007. \u00e1pr. 7.: lev\u00e9lt\u00e1ros. \u2013 Elemi iskol\u00e1t sz\u00fcl\u0151faluja rom. isk.-j\u00e1ban, V. \u2013 VII. oszt. a m. iskol\u00e1ban v\u00e9gezte. Egy \u00e9vig otthon maradt, majd mag\u00e1ntanul\u00f3k\u00e9nt k\u00e9t \u00e9vet v\u00e9gzett a mv.-i Papiu Ilarian L\u00edc.-ban (1945\u201347). A tan\u00fcgyi reform ut\u00e1n Gyergy\u00f3szentmikl\u00f3son a Vegyes L\u00edc.-ban tanult \u00e9s \u00e9retts\u00e9gizett (1951). Sikeresen felv\u00e9telizett a iasi egyetem jogi kar\u00e1ra, de nem tanulhatott ott. Helyettes taner\u0151 lett G\u00f6rg\u00e9nykakucsban, majd beh\u00edvt\u00e1k katonai szolg\u00e1latra (1952. nov. 14. \u2013 1955). Leszerel\u00e9s ut\u00e1n egy ideig a koll. gazd.-ban dolgozott \u00e9s k\u00e9sz\u00fclt az \u00fajabb felv\u00e9teli vizsg\u00e1ra, k\u00f6zben G\u00f6rg\u00e9nyoroszfalu \u00c1lt Isk.-ban a rom. \u2013 francia katedr\u00e1n tan\u00edtott (1956\u201357. szept.1.). Iasiban a jogon nem siker\u00fclt a versenyvizsg\u00e1ja, az als\u00f3idecsi N\u00e9ptan\u00e1cs keret\u00e9ben titk\u00e1ri \u00e1ll\u00e1st v\u00e1llalt, \u00e9s Aradon v\u00e9gzett titk\u00e1ri szaktanfolyamot (1957\u201361). Mv.-en a 3 \u00e9ves Ped. F\u0151isk. fiilol\u00f3gia kar\u00e1n, rom\u00e1n \u2013t\u00f6rt. szakon tan\u00e1ri okl.-t szerzett (1961\u201364). Marosligetre helyezt\u00e9k az \u00c1lt. Iskol\u00e1ba (1964. szept. 1.\u2013). Ezt az \u00e1ll\u00e1st nem fogadta el \u00e9s lev\u00e9lt\u00e1ros lett a MAT Lev\u00e9lt\u00e1r\u00e1ban (1964. aug. 1.\u2013). \u00c1thelyezt\u00e9k a Cs\u00edk rajoni fi\u00f3klev\u00e9lt\u00e1r f\u0151n\u0151k\u00e9v\u00e9 (1964. dec. 5.\u2013). Ott gy\u00fcm\u00f6lcs\u00f6z\u0151 tev\u00e9kenys\u00e9get fejtett ki : fellelt\u00e1rozta az \u00e9rt\u00e9kes lev\u00e9lt\u00e1ri anyagot, \u00fajakat szerzett \u00e9s megoldotta a lev\u00e9lt\u00e1r helys\u00e9g gondj\u00e1t, \u00faj megfelel\u0151 \u00e9p\u00fcletbe k\u00f6lt\u00f6ztetve azt (1974). Megmentette az eny\u00e9szett\u0151l a cs\u00edki lev\u00e9lt\u00e1rban tal\u00e1lhat\u00f3 dokumentumanyagot az 1563 \u2013 1876 k\u00f6z\u00f6tti id\u0151szakb\u00f3l. Munkat\u00e1rsaival t\u00f6bb ezer kartot\u00e9kot k\u00e9sz\u00edtett az \u00e9rt\u00e9kes anyagb\u00f3l. Meg\u00edrta az els\u0151 lev\u00e9lt\u00e1r \u2013 t\u00f6rt\u00e9neti szakdolgozat\u00e1t, a Culegere de referate \u2013 Sesiunea 1969 (Buk., 1970) k\u00f6z\u00f6lte. Egy \u00e9vtized m\u00falva f\u0151lev\u00e9lt\u00e1rosnak \u00e1thelyezt\u00e9k a besztercei lev\u00e9lt\u00e1rba, amelynek k\u00f6zpontja akkor Nasz\u00f3don volt (1975. nov.1.\u2013). Beszterc\u00e9n is rendbe tette az \u00e9rt\u00e9kes m. nyelv\u0171 lev\u00e9lt\u00e1ri anyagot, \u00e9s megfelel\u0151 \u00e9p\u00fcletbe k\u00f6lt\u00f6ztette (1981), k\u00f6zben \u00e1lland\u00f3an gyarap\u00edtotta a meglev\u0151 alapot (kb. 1000 m hossz\u00fas\u00e1g\u00fa anyagot vett \u00e1t mag\u00e1ngy\u0171jt\u0151kt\u0151l \u00e9s int\u00e9zm\u00e9nyekt\u0151l). A besztercei lev\u00e9lt\u00e1r vezet\u0151j\u00e9v\u00e9 nevezt\u00e9k ki, amely funkci\u00f3t betegnyugd\u00edjaz\u00e1s\u00e1ig t\u00f6lt\u00f6tt be \u2013 s\u00falyos agyv\u00e9rz\u00e9st szenvedett (1983. febr. 1. \u2013 1988. j\u00fan. 1.). T\u00f6bb \u00e9rt\u00e9kes cikk \u00e9s tanulm\u00e1ny szerz\u0151je Crisia (Nagyv\u00e1rad), File de istorie (Beszterce). \u2013 <strong>F. m.:<\/strong> <strong>t\u00e1rssz.:<\/strong> \u00cendrum\u0103torul Arhivistic al Jude\u0163ului Bistri\u0163a \u2013 N\u0103s\u0103ud (1988). <br \/><strong>Irod.:<\/strong> Boar, Liviu: Portret de arhivist A. N. (1931\u20132007) (Acta Bacoviensia, Anuarul Arhivelor Na\u0163ionale Bac\u0103u, VI.; One\u015fti, 2011)<\/br><\/p>\n","protected":false},"excerpt":{"rendered":"<p>V\u00e1rhegy, 1931. jan. 4. \u2020 Beszterce, 2007. \u00e1pr. 7.: lev\u00e9lt\u00e1ros. \u2013 Elemi iskol\u00e1t sz\u00fcl\u0151faluja rom. isk.-j\u00e1ban, V. \u2013 VII. oszt. a m. iskol\u00e1ban v\u00e9gezte. Egy \u00e9vig otthon maradt, majd mag\u00e1ntanul\u00f3k\u00e9nt k\u00e9t \u00e9vet v\u00e9gzett a mv.-i Papiu Ilarian L\u00edc.-ban (1945\u201347). A tan\u00fcgyi reform ut\u00e1n Gyergy\u00f3szentmikl\u00f3son a Vegyes L\u00edc.-ban tanult \u00e9s \u00e9retts\u00e9gizett (1951). Sikeresen felv\u00e9telizett a iasi [&hellip;]<\/p>\n","protected":false},"featured_media":0,"comment_status":"open","ping_status":"closed","template":"","meta":[],"product_brand":[],"product_cat":[137],"product_tag":[],"class_list":{"0":"post-16818","1":"product","2":"type-product","3":"status-publish","5":"product_cat-maros-megyei-eletrajzi-lexikon","7":"first","8":"instock","9":"shipping-taxable","10":"product-type-simple"},"_links":{"self":[{"href":"https:\/\/uj.adatbank.ro\/lexikon\/wp-json\/wp\/v2\/product\/16818","targetHints":{"allow":["GET"]}}],"collection":[{"href":"https:\/\/uj.adatbank.ro\/lexikon\/wp-json\/wp\/v2\/product"}],"about":[{"href":"https:\/\/uj.adatbank.ro\/lexikon\/wp-json\/wp\/v2\/types\/product"}],"replies":[{"embeddable":true,"href":"https:\/\/uj.adatbank.ro\/lexikon\/wp-json\/wp\/v2\/comments?post=16818"}],"wp:attachment":[{"href":"https:\/\/uj.adatbank.ro\/lexikon\/wp-json\/wp\/v2\/media?parent=16818"}],"wp:term":[{"taxonomy":"product_brand","embeddable":true,"href":"https:\/\/uj.adatbank.ro\/lexikon\/wp-json\/wp\/v2\/product_brand?post=16818"},{"taxonomy":"product_cat","embeddable":true,"href":"https:\/\/uj.adatbank.ro\/lexikon\/wp-json\/wp\/v2\/product_cat?post=16818"},{"taxonomy":"product_tag","embeddable":true,"href":"https:\/\/uj.adatbank.ro\/lexikon\/wp-json\/wp\/v2\/product_tag?post=16818"}],"curies":[{"name":"wp","href":"https:\/\/api.w.org\/{rel}","templated":true}]}}

<p>Várhegy, 1931. jan. 4. † Beszterce, 2007. ápr. 7.: levéltáros. – Elemi iskolát szülőfaluja rom. isk.-jában, V. – VII. oszt. a m. iskolában végezte. Egy évig otthon maradt, majd magántanulóként két évet végzett a mv.-i Papiu Ilarian Líc.-ban (1945–47). A tanügyi reform után Gyergyószentmiklóson a Vegyes Líc.-ban tanult és érettségizett (1951). Sikeresen felvételizett a iasi egyetem jogi karára, de nem tanulhatott ott. Helyettes tanerő lett Görgénykakucsban, majd behívták katonai szolgálatra (1952. nov. 14. – 1955). Leszerelés után egy ideig a koll. gazd.-ban dolgozott és készült az újabb felvételi vizsgára, közben Görgényoroszfalu Ált Isk.-ban a rom. – francia katedrán tanított (1956–57. szept.1.). Iasiban a jogon nem sikerült a versenyvizsgája, az alsóidecsi Néptanács keretében titkári állást vállalt, és Aradon végzett titkári szaktanfolyamot (1957–61). Mv.-en a 3 éves Ped. Főisk. fiilológia karán, román –tört. szakon tanári okl.-t szerzett (1961–64). Marosligetre helyezték az Ált. Iskolába (1964. szept. 1.–). Ezt az állást nem fogadta el és levéltáros lett a MAT Levéltárában (1964. aug. 1.–). Áthelyezték a Csík rajoni fióklevéltár főnőkévé (1964. dec. 5.–). Ott gyümölcsöző tevékenységet fejtett ki : felleltározta az értékes levéltári anyagot, újakat szerzett és megoldotta a levéltár helység gondját, új megfelelő épületbe költöztetve azt (1974). Megmentette az enyészettől a csíki levéltárban található dokumentumanyagot az 1563 – 1876 közötti időszakból. Munkatársaival több ezer kartotékot készített az értékes anyagból. Megírta az első levéltár – történeti szakdolgozatát, a Culegere de referate – Sesiunea 1969 (Buk., 1970) közölte. Egy évtized múlva főlevéltárosnak áthelyezték a besztercei levéltárba, amelynek központja akkor Naszódon volt (1975. nov.1.–). Besztercén is rendbe tette az értékes m. nyelvű levéltári anyagot, és megfelelő épületbe költöztette (1981), közben állandóan gyarapította a meglevő alapot (kb. 1000 m hosszúságú anyagot vett át magángyűjtőktől és intézményektől). A besztercei levéltár vezetőjévé nevezték ki, amely funkciót betegnyugdíjazásáig töltött be – súlyos agyvérzést szenvedett (1983. febr. 1. – 1988. jún. 1.). Több értékes cikk és tanulmány szerzője Crisia (Nagyvárad), File de istorie (Beszterce). – <strong>F. m.:</strong> <strong>társsz.:</strong> Îndrumătorul Arhivistic al Judeţului Bistriţa – Năsăud (1988). <br /><strong>Irod.:</strong> Boar, Liviu: Portret de arhivist A. N. (1931–2007) (Acta Bacoviensia, Anuarul Arhivelor Naţionale Bacău, VI.; Oneşti, 2011)</br></p>

<p>Várhegy, 1931. jan. 4. † Beszterce, 2007. ápr. 7.: levéltáros. – Elemi iskolát szülőfaluja rom. isk.-jában, V. – VII. oszt. a m. iskolában végezte. Egy évig otthon maradt, majd magántanulóként két évet végzett a mv.-i Papiu Ilarian Líc.-ban (1945–47). A tanügyi reform után Gyergyószentmiklóson a Vegyes Líc.-ban tanult és érettségizett (1951). Sikeresen felvételizett a iasi [&hellip;]</p>
