{"id":16823,"date":"2025-07-15T23:31:36","date_gmt":"2025-07-15T21:31:36","guid":{"rendered":"https:\/\/uj.adatbank.ro\/lexikon\/termek\/nistor-nicolae\/"},"modified":"2025-07-15T23:31:36","modified_gmt":"2025-07-15T21:31:36","slug":"nistor-nicolae","status":"publish","type":"product","link":"https:\/\/uj.adatbank.ro\/lexikon\/termek\/nistor-nicolae\/","title":{"rendered":"NISTOR, Nicolae"},"content":{"rendered":"<p>? \u2020 ?: k\u00e1ntortan\u00edt\u00f3. \u2013 Erd\u0151szak\u00e1lban tan\u00edtott (1907\u20131925). Szebenben szerzett tan\u00edt\u00f3i okl.-et. Rom\u00e1n nyelven tan\u00edtott, sok hazafias \u00e9s vall\u00e1sos dalt tan\u00edtott a gyermekeknek, a vall\u00e1st is \u0151 oktatta; p\u00e9nzt szerzett egy gazdag beszar\u00e1biai boj\u00e1rt\u00f3l \u00e9s 800 k\u00f6tetes k\u00f6nyvt\u00e1rat l\u00e9tes\u00edtett, sok sz\u00fcks\u00e9ges eszk\u00f6zzel szerelte fel az iskol\u00e1t, sz\u00edndarabokat tan\u00edtott az \u00edfjaknak, m\u0171soros el\u0151ad\u00e1sokat k\u00e9sz\u00edtett el\u0151. \u00c9vre n\u0151tt a tanul\u00f3k l\u00e9tsz\u00e1ma. <br \/><strong>Irod.:<\/strong> S\u0103calu de P\u0103dure<\/br><\/p>\n","protected":false},"excerpt":{"rendered":"<p>? \u2020 ?: k\u00e1ntortan\u00edt\u00f3. \u2013 Erd\u0151szak\u00e1lban tan\u00edtott (1907\u20131925). Szebenben szerzett tan\u00edt\u00f3i okl.-et. Rom\u00e1n nyelven tan\u00edtott, sok hazafias \u00e9s vall\u00e1sos dalt tan\u00edtott a gyermekeknek, a vall\u00e1st is \u0151 oktatta; p\u00e9nzt szerzett egy gazdag beszar\u00e1biai boj\u00e1rt\u00f3l \u00e9s 800 k\u00f6tetes k\u00f6nyvt\u00e1rat l\u00e9tes\u00edtett, sok sz\u00fcks\u00e9ges eszk\u00f6zzel szerelte fel az iskol\u00e1t, sz\u00edndarabokat tan\u00edtott az \u00edfjaknak, m\u0171soros el\u0151ad\u00e1sokat k\u00e9sz\u00edtett el\u0151. \u00c9vre [&hellip;]<\/p>\n","protected":false},"featured_media":0,"comment_status":"open","ping_status":"closed","template":"","meta":[],"product_brand":[],"product_cat":[137],"product_tag":[],"class_list":{"0":"post-16823","1":"product","2":"type-product","3":"status-publish","5":"product_cat-maros-megyei-eletrajzi-lexikon","7":"first","8":"instock","9":"shipping-taxable","10":"product-type-simple"},"_links":{"self":[{"href":"https:\/\/uj.adatbank.ro\/lexikon\/wp-json\/wp\/v2\/product\/16823","targetHints":{"allow":["GET"]}}],"collection":[{"href":"https:\/\/uj.adatbank.ro\/lexikon\/wp-json\/wp\/v2\/product"}],"about":[{"href":"https:\/\/uj.adatbank.ro\/lexikon\/wp-json\/wp\/v2\/types\/product"}],"replies":[{"embeddable":true,"href":"https:\/\/uj.adatbank.ro\/lexikon\/wp-json\/wp\/v2\/comments?post=16823"}],"wp:attachment":[{"href":"https:\/\/uj.adatbank.ro\/lexikon\/wp-json\/wp\/v2\/media?parent=16823"}],"wp:term":[{"taxonomy":"product_brand","embeddable":true,"href":"https:\/\/uj.adatbank.ro\/lexikon\/wp-json\/wp\/v2\/product_brand?post=16823"},{"taxonomy":"product_cat","embeddable":true,"href":"https:\/\/uj.adatbank.ro\/lexikon\/wp-json\/wp\/v2\/product_cat?post=16823"},{"taxonomy":"product_tag","embeddable":true,"href":"https:\/\/uj.adatbank.ro\/lexikon\/wp-json\/wp\/v2\/product_tag?post=16823"}],"curies":[{"name":"wp","href":"https:\/\/api.w.org\/{rel}","templated":true}]}}

<p>? † ?: kántortanító. – Erdőszakálban tanított (1907–1925). Szebenben szerzett tanítói okl.-et. Román nyelven tanított, sok hazafias és vallásos dalt tanított a gyermekeknek, a vallást is ő oktatta; pénzt szerzett egy gazdag beszarábiai bojártól és 800 kötetes könyvtárat létesített, sok szükséges eszközzel szerelte fel az iskolát, színdarabokat tanított az ífjaknak, műsoros előadásokat készített elő. Évre nőtt a tanulók létszáma. <br /><strong>Irod.:</strong> Săcalu de Pădure</br></p>

<p>? † ?: kántortanító. – Erdőszakálban tanított (1907–1925). Szebenben szerzett tanítói okl.-et. Román nyelven tanított, sok hazafias és vallásos dalt tanított a gyermekeknek, a vallást is ő oktatta; pénzt szerzett egy gazdag beszarábiai bojártól és 800 kötetes könyvtárat létesített, sok szükséges eszközzel szerelte fel az iskolát, színdarabokat tanított az ífjaknak, műsoros előadásokat készített elő. Évre [&hellip;]</p>
