{"id":16829,"date":"2025-07-15T23:31:48","date_gmt":"2025-07-15T21:31:48","guid":{"rendered":"https:\/\/uj.adatbank.ro\/lexikon\/termek\/nizet-ferenc-henrik-denes\/"},"modified":"2025-07-15T23:31:48","modified_gmt":"2025-07-15T21:31:48","slug":"nizet-ferenc-henrik-denes","status":"publish","type":"product","link":"https:\/\/uj.adatbank.ro\/lexikon\/termek\/nizet-ferenc-henrik-denes\/","title":{"rendered":"NIZET Ferenc Henrik D\u00e9nes"},"content":{"rendered":"<p>N\u00e9metalf\u00f6ld, 1666., \u2020 Mikh\u00e1za, 1714. feb. 23.: ferences misszion\u00e1rius. \u2013 Bel\u00e9pett a rendbe (1688. m\u00e1j. 6.); papp\u00e1 szentelt\u00e9k (1691). Mirza tat\u00e1r k\u00e1n cs\u00edki t\u00e1mad\u00e1sakor az \u0151 buzd\u00edt\u00e1s\u00e1ra \u00e9s szervez\u00e9s\u00e9ben az ellen\u00e1ll\u00f3 felcs\u00edki n\u00e9p megfutam\u00edtotta a tat\u00e1rokat \u00e9s kiszabad\u00edtotta foglyaikat (1694. febr.); definitor (1696); visitator gener\u00e1lis \u00e9s custos (1699); definitor (1706\u201309); ism\u00e9t custos (1709\u201312). Az Ortus et Progressus c. rendt\u00f6rt\u00e9netet kezdte \u00edrni, melyet Bal\u00e1sffi Mih\u00e1ly folytatott. <br \/><strong>Irod.:<\/strong> Guly\u00e1s; Gy\u00f6rgy: A ferencrendiek<\/br><\/p>\n","protected":false},"excerpt":{"rendered":"<p>N\u00e9metalf\u00f6ld, 1666., \u2020 Mikh\u00e1za, 1714. feb. 23.: ferences misszion\u00e1rius. \u2013 Bel\u00e9pett a rendbe (1688. m\u00e1j. 6.); papp\u00e1 szentelt\u00e9k (1691). Mirza tat\u00e1r k\u00e1n cs\u00edki t\u00e1mad\u00e1sakor az \u0151 buzd\u00edt\u00e1s\u00e1ra \u00e9s szervez\u00e9s\u00e9ben az ellen\u00e1ll\u00f3 felcs\u00edki n\u00e9p megfutam\u00edtotta a tat\u00e1rokat \u00e9s kiszabad\u00edtotta foglyaikat (1694. febr.); definitor (1696); visitator gener\u00e1lis \u00e9s custos (1699); definitor (1706\u201309); ism\u00e9t custos (1709\u201312). Az Ortus [&hellip;]<\/p>\n","protected":false},"featured_media":0,"comment_status":"open","ping_status":"closed","template":"","meta":[],"product_brand":[],"product_cat":[137],"product_tag":[],"class_list":{"0":"post-16829","1":"product","2":"type-product","3":"status-publish","5":"product_cat-maros-megyei-eletrajzi-lexikon","7":"first","8":"instock","9":"shipping-taxable","10":"product-type-simple"},"_links":{"self":[{"href":"https:\/\/uj.adatbank.ro\/lexikon\/wp-json\/wp\/v2\/product\/16829","targetHints":{"allow":["GET"]}}],"collection":[{"href":"https:\/\/uj.adatbank.ro\/lexikon\/wp-json\/wp\/v2\/product"}],"about":[{"href":"https:\/\/uj.adatbank.ro\/lexikon\/wp-json\/wp\/v2\/types\/product"}],"replies":[{"embeddable":true,"href":"https:\/\/uj.adatbank.ro\/lexikon\/wp-json\/wp\/v2\/comments?post=16829"}],"wp:attachment":[{"href":"https:\/\/uj.adatbank.ro\/lexikon\/wp-json\/wp\/v2\/media?parent=16829"}],"wp:term":[{"taxonomy":"product_brand","embeddable":true,"href":"https:\/\/uj.adatbank.ro\/lexikon\/wp-json\/wp\/v2\/product_brand?post=16829"},{"taxonomy":"product_cat","embeddable":true,"href":"https:\/\/uj.adatbank.ro\/lexikon\/wp-json\/wp\/v2\/product_cat?post=16829"},{"taxonomy":"product_tag","embeddable":true,"href":"https:\/\/uj.adatbank.ro\/lexikon\/wp-json\/wp\/v2\/product_tag?post=16829"}],"curies":[{"name":"wp","href":"https:\/\/api.w.org\/{rel}","templated":true}]}}

NIZET Ferenc Henrik Dénes

<p>Németalföld, 1666., † Mikháza, 1714. feb. 23.: ferences misszionárius. – Belépett a rendbe (1688. máj. 6.); pappá szentelték (1691). Mirza tatár kán csíki támadásakor az ő buzdítására és szervezésében az ellenálló felcsíki nép megfutamította a tatárokat és kiszabadította foglyaikat (1694. febr.); definitor (1696); visitator generális és custos (1699); definitor (1706–09); ismét custos (1709–12). Az Ortus et Progressus c. rendtörténetet kezdte írni, melyet Balásffi Mihály folytatott. <br /><strong>Irod.:</strong> Gulyás; György: A ferencrendiek</br></p>

<p>Németalföld, 1666., † Mikháza, 1714. feb. 23.: ferences misszionárius. – Belépett a rendbe (1688. máj. 6.); pappá szentelték (1691). Mirza tatár kán csíki támadásakor az ő buzdítására és szervezésében az ellenálló felcsíki nép megfutamította a tatárokat és kiszabadította foglyaikat (1694. febr.); definitor (1696); visitator generális és custos (1699); definitor (1706–09); ismét custos (1709–12). Az Ortus [&hellip;]</p>
