{"id":1684,"date":"2025-06-28T11:49:57","date_gmt":"2025-06-28T09:49:57","guid":{"rendered":"https:\/\/uj.adatbank.ro\/lexikon\/termek\/ajtai-mihaly-abod-mihaly\/"},"modified":"2025-06-28T11:49:57","modified_gmt":"2025-06-28T09:49:57","slug":"ajtai-mihaly-abod-mihaly","status":"publish","type":"product","link":"https:\/\/uj.adatbank.ro\/lexikon\/termek\/ajtai-mihaly-abod-mihaly\/","title":{"rendered":"AJTAI Mih\u00e1ly, Ab\u00f3d Mih\u00e1ly"},"content":{"rendered":"<p>Sz\u00e1razajta, 1704. szept. 29 \u2020 Nagyenyed, 1776. nov. 16,: ref. lelk\u00e9sz, f\u0151iskolai tan\u00e1r. \u2013 Apja A. J\u00e1nos. \u2013 Mv.-en, Nagyenyeden \u00e9s Sz\u00e1szv\u00e1roson tanult, ahol a n\u00e9met nyelvet saj\u00e1t\u00edtotta el. A Bethlen csal\u00e1dn\u00e1l majd a Teleki h\u00e1zban volt nevel\u0151 (1727\u2013). K\u00fclf\u00f6ld\u00f6n folytatta tanulm\u00e1nyait Odera Frankfurtban \u00e9s Franekerben (1732\u201335). Mv.-en a gr. Teleki J\u00f3zsefn\u00e9, \u00e1rva Bethlen Kata h\u00e1z\u00e1ban lett udvari pr\u00e9dik\u00e1tor (1735\u2013). A nagyenyedi ref. f\u0151iskola tan\u00e1ra (1737\u201375), a keleti nyelveket, r\u00e9gis\u00e9gtan \u00e9s t\u00f6rt\u00e9nelmet tan\u00edtott. Mv.-en utca viselte a nev\u00e9t (1941). \u2013 <strong>F. m.:<\/strong> Dissertatio theologica de mora Dei,\u2026 (Francofurti ad Viadrum, 1733). <br \/><strong>Irod.:<\/strong> M\u00e1th\u00e9 Levente; M\u00c9L; RMK III\/18.sz; Szab\u00f3\u2013Sz\u00f6gi; Szinnyei<\/br><\/p>\n","protected":false},"excerpt":{"rendered":"<p>Sz\u00e1razajta, 1704. szept. 29 \u2020 Nagyenyed, 1776. nov. 16,: ref. lelk\u00e9sz, f\u0151iskolai tan\u00e1r. \u2013 Apja A. J\u00e1nos. \u2013 Mv.-en, Nagyenyeden \u00e9s Sz\u00e1szv\u00e1roson tanult, ahol a n\u00e9met nyelvet saj\u00e1t\u00edtotta el. A Bethlen csal\u00e1dn\u00e1l majd a Teleki h\u00e1zban volt nevel\u0151 (1727\u2013). K\u00fclf\u00f6ld\u00f6n folytatta tanulm\u00e1nyait Odera Frankfurtban \u00e9s Franekerben (1732\u201335). Mv.-en a gr. Teleki J\u00f3zsefn\u00e9, \u00e1rva Bethlen Kata [&hellip;]<\/p>\n","protected":false},"featured_media":0,"comment_status":"open","ping_status":"closed","template":"","meta":[],"product_brand":[],"product_cat":[137],"product_tag":[],"class_list":{"0":"post-1684","1":"product","2":"type-product","3":"status-publish","5":"product_cat-maros-megyei-eletrajzi-lexikon","7":"first","8":"instock","9":"shipping-taxable","10":"product-type-simple"},"_links":{"self":[{"href":"https:\/\/uj.adatbank.ro\/lexikon\/wp-json\/wp\/v2\/product\/1684","targetHints":{"allow":["GET"]}}],"collection":[{"href":"https:\/\/uj.adatbank.ro\/lexikon\/wp-json\/wp\/v2\/product"}],"about":[{"href":"https:\/\/uj.adatbank.ro\/lexikon\/wp-json\/wp\/v2\/types\/product"}],"replies":[{"embeddable":true,"href":"https:\/\/uj.adatbank.ro\/lexikon\/wp-json\/wp\/v2\/comments?post=1684"}],"wp:attachment":[{"href":"https:\/\/uj.adatbank.ro\/lexikon\/wp-json\/wp\/v2\/media?parent=1684"}],"wp:term":[{"taxonomy":"product_brand","embeddable":true,"href":"https:\/\/uj.adatbank.ro\/lexikon\/wp-json\/wp\/v2\/product_brand?post=1684"},{"taxonomy":"product_cat","embeddable":true,"href":"https:\/\/uj.adatbank.ro\/lexikon\/wp-json\/wp\/v2\/product_cat?post=1684"},{"taxonomy":"product_tag","embeddable":true,"href":"https:\/\/uj.adatbank.ro\/lexikon\/wp-json\/wp\/v2\/product_tag?post=1684"}],"curies":[{"name":"wp","href":"https:\/\/api.w.org\/{rel}","templated":true}]}}

AJTAI Mihály, Abód Mihály

<p>Szárazajta, 1704. szept. 29 † Nagyenyed, 1776. nov. 16,: ref. lelkész, főiskolai tanár. – Apja A. János. – Mv.-en, Nagyenyeden és Szászvároson tanult, ahol a német nyelvet sajátította el. A Bethlen családnál majd a Teleki házban volt nevelő (1727–). Külföldön folytatta tanulmányait Odera Frankfurtban és Franekerben (1732–35). Mv.-en a gr. Teleki Józsefné, árva Bethlen Kata házában lett udvari prédikátor (1735–). A nagyenyedi ref. főiskola tanára (1737–75), a keleti nyelveket, régiségtan és történelmet tanított. Mv.-en utca viselte a nevét (1941). – <strong>F. m.:</strong> Dissertatio theologica de mora Dei,… (Francofurti ad Viadrum, 1733). <br /><strong>Irod.:</strong> Máthé Levente; MÉL; RMK III/18.sz; Szabó–Szögi; Szinnyei</br></p>

<p>Szárazajta, 1704. szept. 29 † Nagyenyed, 1776. nov. 16,: ref. lelkész, főiskolai tanár. – Apja A. János. – Mv.-en, Nagyenyeden és Szászvároson tanult, ahol a német nyelvet sajátította el. A Bethlen családnál majd a Teleki házban volt nevelő (1727–). Külföldön folytatta tanulmányait Odera Frankfurtban és Franekerben (1732–35). Mv.-en a gr. Teleki Józsefné, árva Bethlen Kata [&hellip;]</p>
