{"id":16855,"date":"2025-07-15T23:32:45","date_gmt":"2025-07-15T21:32:45","guid":{"rendered":"https:\/\/uj.adatbank.ro\/lexikon\/termek\/nuridsany-laszlo\/"},"modified":"2025-07-15T23:32:45","modified_gmt":"2025-07-15T21:32:45","slug":"nuridsany-laszlo","status":"publish","type":"product","link":"https:\/\/uj.adatbank.ro\/lexikon\/termek\/nuridsany-laszlo\/","title":{"rendered":"NURIDS\u00c1NY L\u00e1szl\u00f3"},"content":{"rendered":"<p>Nagyajta, 1917. szept. 5., \u2020 Mv.1995. dec. 5.: keresked\u0151, tan\u00e1r. \u2013 L\u00e1nyai zeneszakot v\u00e9geztek, Mv.-en \u00e9s Gyergy\u00f3ban zenepedag\u00f3gusok. \u2013 A jogi tanulm\u00e1nyait a II. vil\u00e1gh\u00e1bor\u00fa megszak\u00edtotta. A vh.-ban tart. hadnagyi rangban vett r\u00e9szt. S\u00falyos l\u00e1bs\u00e9r\u00fcl\u00e9st szenvecett, \u00e9lete v\u00e9g\u00e9ig rokkant maradt. Textilkeresked\u0151, majd a sepsiszentgy\u00f6rgyi Kereskedelmi Szakli\u00edc.-ban textilszak\u00e9rt\u0151 tan\u00e1rk\u00e9nt m\u0171k\u00f6d\u00f6tt. Gyermekmes\u00e9i: Mesel\u00e1da (1988); Mondd ki nevem (2010). <br \/><strong>Irod.:<\/strong> Berekm\u00e9ri<\/br><\/p>\n","protected":false},"excerpt":{"rendered":"<p>Nagyajta, 1917. szept. 5., \u2020 Mv.1995. dec. 5.: keresked\u0151, tan\u00e1r. \u2013 L\u00e1nyai zeneszakot v\u00e9geztek, Mv.-en \u00e9s Gyergy\u00f3ban zenepedag\u00f3gusok. \u2013 A jogi tanulm\u00e1nyait a II. vil\u00e1gh\u00e1bor\u00fa megszak\u00edtotta. A vh.-ban tart. hadnagyi rangban vett r\u00e9szt. S\u00falyos l\u00e1bs\u00e9r\u00fcl\u00e9st szenvecett, \u00e9lete v\u00e9g\u00e9ig rokkant maradt. Textilkeresked\u0151, majd a sepsiszentgy\u00f6rgyi Kereskedelmi Szakli\u00edc.-ban textilszak\u00e9rt\u0151 tan\u00e1rk\u00e9nt m\u0171k\u00f6d\u00f6tt. Gyermekmes\u00e9i: Mesel\u00e1da (1988); Mondd ki nevem [&hellip;]<\/p>\n","protected":false},"featured_media":0,"comment_status":"open","ping_status":"closed","template":"","meta":[],"product_brand":[],"product_cat":[137],"product_tag":[],"class_list":{"0":"post-16855","1":"product","2":"type-product","3":"status-publish","5":"product_cat-maros-megyei-eletrajzi-lexikon","7":"first","8":"instock","9":"shipping-taxable","10":"product-type-simple"},"_links":{"self":[{"href":"https:\/\/uj.adatbank.ro\/lexikon\/wp-json\/wp\/v2\/product\/16855","targetHints":{"allow":["GET"]}}],"collection":[{"href":"https:\/\/uj.adatbank.ro\/lexikon\/wp-json\/wp\/v2\/product"}],"about":[{"href":"https:\/\/uj.adatbank.ro\/lexikon\/wp-json\/wp\/v2\/types\/product"}],"replies":[{"embeddable":true,"href":"https:\/\/uj.adatbank.ro\/lexikon\/wp-json\/wp\/v2\/comments?post=16855"}],"wp:attachment":[{"href":"https:\/\/uj.adatbank.ro\/lexikon\/wp-json\/wp\/v2\/media?parent=16855"}],"wp:term":[{"taxonomy":"product_brand","embeddable":true,"href":"https:\/\/uj.adatbank.ro\/lexikon\/wp-json\/wp\/v2\/product_brand?post=16855"},{"taxonomy":"product_cat","embeddable":true,"href":"https:\/\/uj.adatbank.ro\/lexikon\/wp-json\/wp\/v2\/product_cat?post=16855"},{"taxonomy":"product_tag","embeddable":true,"href":"https:\/\/uj.adatbank.ro\/lexikon\/wp-json\/wp\/v2\/product_tag?post=16855"}],"curies":[{"name":"wp","href":"https:\/\/api.w.org\/{rel}","templated":true}]}}

NURIDSÁNY László

<p>Nagyajta, 1917. szept. 5., † Mv.1995. dec. 5.: kereskedő, tanár. – Lányai zeneszakot végeztek, Mv.-en és Gyergyóban zenepedagógusok. – A jogi tanulmányait a II. világháború megszakította. A vh.-ban tart. hadnagyi rangban vett részt. Súlyos lábsérülést szenvecett, élete végéig rokkant maradt. Textilkereskedő, majd a sepsiszentgyörgyi Kereskedelmi Szakliíc.-ban textilszakértő tanárként működött. Gyermekmeséi: Meseláda (1988); Mondd ki nevem (2010). <br /><strong>Irod.:</strong> Berekméri</br></p>

<p>Nagyajta, 1917. szept. 5., † Mv.1995. dec. 5.: kereskedő, tanár. – Lányai zeneszakot végeztek, Mv.-en és Gyergyóban zenepedagógusok. – A jogi tanulmányait a II. világháború megszakította. A vh.-ban tart. hadnagyi rangban vett részt. Súlyos lábsérülést szenvecett, élete végéig rokkant maradt. Textilkereskedő, majd a sepsiszentgyörgyi Kereskedelmi Szakliíc.-ban textilszakértő tanárként működött. Gyermekmeséi: Meseláda (1988); Mondd ki nevem [&hellip;]</p>
