{"id":16856,"date":"2025-07-15T23:32:46","date_gmt":"2025-07-15T21:32:46","guid":{"rendered":"https:\/\/uj.adatbank.ro\/lexikon\/termek\/nuridsany-tibor\/"},"modified":"2025-07-15T23:32:46","modified_gmt":"2025-07-15T21:32:46","slug":"nuridsany-tibor","status":"publish","type":"product","link":"https:\/\/uj.adatbank.ro\/lexikon\/termek\/nuridsany-tibor\/","title":{"rendered":"NURIDS\u00c1NY Tibor"},"content":{"rendered":"<p>Mv., 1922. jan. 22., \u2020 Mv., 2005. nov. 23.: hadapr\u00f3d \u0151rmester. \u2013 A mv.-i Ref.Koll. di\u00e1kja, azon 12 di\u00e1k egyike, aki a ref. koll.-b\u00f3l \u00e1tment a katolikus gimn.-ba \u00e9s \u00edgy vissza\u00e1llhatott ott is a nyolc oszt\u00e1ly (194\u00f6\u201341) \u00e9s a t\u00f6bbiek: Barab\u00e1s G\u00e9za, Boros Jen\u0151, Domby K\u00e1roly, Fekete Andr\u00e1s, Horny\u00e1k B\u00e9la, Koncz mikl\u00f3s, Landau Tibor, Lukits Mil\u00e1n, M\u00e1rk Tibor, Schupiter Jen\u0151, Sz\u00f6rtsey L\u00e1szl\u00f3.. A vh.ban hadapr\u00f3d \u0151rmesteri rangban vett r\u00e9szt. A mv.-i 27.\/ III. z\u00e1szl\u00f3aljhoz h\u00edvt\u00e1k be t\u00e9nyleges szolg\u00e1latra (1942. okt. 7.), tartal\u00e9kos gazd\u00e1szati tiszti tanfolyamon Bp.-en vett r\u00e9szt. Z\u00e1szl\u00f3alj\u00e1val a keleti hadsz\u00ednt\u00e9rre ker\u00fclt. Hadapr\u00f3d \u0151rmesterr\u00e9 l\u00e9ptett\u00e9k el\u0151 (1944. \u00e1pr.\u2013). A z\u00e1szl\u00f3alja gazdas\u00e1gi hivatal\u00e1nak f\u0151n\u00f6kek\u00e9nt vett r\u00e9szt a galiciai, erd\u00e9lyi \u00e9s magyaro.-i hadm\u0171veletekben. Szovjet hadifogs\u00e1gba esett alakulat\u00e1val (1945. m\u00e1j. 10), ahonnan 4 \u00e9v ut\u00e1n t\u00e9rt haza (1949. j\u00fal. 3.). A Volt Szovjetuni\u00f3beli Hadifoglyok \u00c9rekv\u00e9delmi Sz\u00f6vets\u00e9g\u00e9nek vezet\u0151s\u00e9gi tagja. <br \/><strong>Irod.:<\/strong> Berekm\u00e9ri; Berekm\u00e9ri: mv.-i 27. hadoszt\u00e1ly; N. T.: Hadifogoly-\u00e9lm\u00e9nyek (N\u00fa., 1995. j\u00fal. 21.); Berekm\u00e9ri 2015; Mv.-i R.K.okt; [Nekrol\u00f3g] (N\u00fa., 2006. nov.. 22.)<\/br><\/p>\n","protected":false},"excerpt":{"rendered":"<p>Mv., 1922. jan. 22., \u2020 Mv., 2005. nov. 23.: hadapr\u00f3d \u0151rmester. \u2013 A mv.-i Ref.Koll. di\u00e1kja, azon 12 di\u00e1k egyike, aki a ref. koll.-b\u00f3l \u00e1tment a katolikus gimn.-ba \u00e9s \u00edgy vissza\u00e1llhatott ott is a nyolc oszt\u00e1ly (194\u00f6\u201341) \u00e9s a t\u00f6bbiek: Barab\u00e1s G\u00e9za, Boros Jen\u0151, Domby K\u00e1roly, Fekete Andr\u00e1s, Horny\u00e1k B\u00e9la, Koncz mikl\u00f3s, Landau Tibor, Lukits [&hellip;]<\/p>\n","protected":false},"featured_media":0,"comment_status":"open","ping_status":"closed","template":"","meta":[],"product_brand":[],"product_cat":[137],"product_tag":[],"class_list":{"0":"post-16856","1":"product","2":"type-product","3":"status-publish","5":"product_cat-maros-megyei-eletrajzi-lexikon","7":"first","8":"instock","9":"shipping-taxable","10":"product-type-simple"},"_links":{"self":[{"href":"https:\/\/uj.adatbank.ro\/lexikon\/wp-json\/wp\/v2\/product\/16856","targetHints":{"allow":["GET"]}}],"collection":[{"href":"https:\/\/uj.adatbank.ro\/lexikon\/wp-json\/wp\/v2\/product"}],"about":[{"href":"https:\/\/uj.adatbank.ro\/lexikon\/wp-json\/wp\/v2\/types\/product"}],"replies":[{"embeddable":true,"href":"https:\/\/uj.adatbank.ro\/lexikon\/wp-json\/wp\/v2\/comments?post=16856"}],"wp:attachment":[{"href":"https:\/\/uj.adatbank.ro\/lexikon\/wp-json\/wp\/v2\/media?parent=16856"}],"wp:term":[{"taxonomy":"product_brand","embeddable":true,"href":"https:\/\/uj.adatbank.ro\/lexikon\/wp-json\/wp\/v2\/product_brand?post=16856"},{"taxonomy":"product_cat","embeddable":true,"href":"https:\/\/uj.adatbank.ro\/lexikon\/wp-json\/wp\/v2\/product_cat?post=16856"},{"taxonomy":"product_tag","embeddable":true,"href":"https:\/\/uj.adatbank.ro\/lexikon\/wp-json\/wp\/v2\/product_tag?post=16856"}],"curies":[{"name":"wp","href":"https:\/\/api.w.org\/{rel}","templated":true}]}}

NURIDSÁNY Tibor

<p>Mv., 1922. jan. 22., † Mv., 2005. nov. 23.: hadapród őrmester. – A mv.-i Ref.Koll. diákja, azon 12 diák egyike, aki a ref. koll.-ból átment a katolikus gimn.-ba és így visszaállhatott ott is a nyolc osztály (194ö–41) és a többiek: Barabás Géza, Boros Jenő, Domby Károly, Fekete András, Hornyák Béla, Koncz miklós, Landau Tibor, Lukits Milán, Márk Tibor, Schupiter Jenő, Szörtsey László.. A vh.ban hadapród őrmesteri rangban vett részt. A mv.-i 27./ III. zászlóaljhoz hívták be tényleges szolgálatra (1942. okt. 7.), tartalékos gazdászati tiszti tanfolyamon Bp.-en vett részt. Zászlóaljával a keleti hadszíntérre került. Hadapród őrmesterré léptették elő (1944. ápr.–). A zászlóalja gazdasági hivatalának főnökeként vett részt a galiciai, erdélyi és magyaro.-i hadműveletekben. Szovjet hadifogságba esett alakulatával (1945. máj. 10), ahonnan 4 év után tért haza (1949. júl. 3.). A Volt Szovjetunióbeli Hadifoglyok Érekvédelmi Szövetségének vezetőségi tagja. <br /><strong>Irod.:</strong> Berekméri; Berekméri: mv.-i 27. hadosztály; N. T.: Hadifogoly-élmények (Nú., 1995. júl. 21.); Berekméri 2015; Mv.-i R.K.okt; [Nekrológ] (Nú., 2006. nov.. 22.)</br></p>

<p>Mv., 1922. jan. 22., † Mv., 2005. nov. 23.: hadapród őrmester. – A mv.-i Ref.Koll. diákja, azon 12 diák egyike, aki a ref. koll.-ból átment a katolikus gimn.-ba és így visszaállhatott ott is a nyolc osztály (194ö–41) és a többiek: Barabás Géza, Boros Jenő, Domby Károly, Fekete András, Hornyák Béla, Koncz miklós, Landau Tibor, Lukits [&hellip;]</p>
