{"id":16857,"date":"2025-07-15T23:32:49","date_gmt":"2025-07-15T21:32:49","guid":{"rendered":"https:\/\/uj.adatbank.ro\/lexikon\/termek\/nuridsany-zoltan\/"},"modified":"2025-07-15T23:32:49","modified_gmt":"2025-07-15T21:32:49","slug":"nuridsany-zoltan","status":"publish","type":"product","link":"https:\/\/uj.adatbank.ro\/lexikon\/termek\/nuridsany-zoltan\/","title":{"rendered":"NURIDS\u00c1NY Zolt\u00e1n"},"content":{"rendered":"<p>Mv., 1925. aug. 22., \u2020 Debrecen, 1974. m\u00e1j. 22.: fest\u0151. \u2013 A bp.-i ciszterci Szent Imre Gimn.-ban kezdett tanulni, majd a M. K\u00e9pz\u0151m\u0171v. F\u0151isk.-\u00e1n Sz\u0151nyi Istv\u00e1n, Barcsay Jen\u0151, Kmetty J\u00e1nos \u00e9s F\u00f3nyi G\u00e9za tan\u00edtv\u00e1nya volt (1944\u201348), oklevelet kapott (1949). Di\u00e1kk\u00e9nt r\u00e9szt vett az Eur\u00f3pai Iskola fiataljainak ki\u00e1ll\u00edt\u00e1sain (1947). A R\u00f3mai M. Akad. \u00f6szt\u00f6nd\u00edjasak\u00e9nt n\u00e9h\u00e1ny h\u00f3napig Olaszo.-ban tanulm\u00e1nyuton volt (1948). K\u00e9s\u0151bb t\u00f6bb Ny \u2013 \u00e9s K-eur\u00f3pai orsz\u00e1gban, a Szovjetuni\u00f3ban, K\u00edn\u00e1ban, Mong\u00f3li\u00e1ban \u00e9s Vietn\u00e1mban (1962) j\u00e1rt tanulm\u00e1ny\u00faton. M\u0171v\u00e9szi indul\u00e1s\u00e1t az Eur\u00f3pai Isk. hat\u00e1rozta meg. Figur\u00e1lis kompoz\u00edci\u00f3k\u00adkal \u00e9s t\u00e1jk\u00e9pekkel rendszeresen r\u00e9szt vett ki\u00e1l\u00adl\u00edt\u00e1sokon (1950\u2013). T\u00e1jk\u00e9pein leggyakrabban a Duna\u00adkanyart \u00e1br\u00e1zolta; k\u00e9peinek dekorat\u00edvak. Monument\u00e1lis m\u0171\u00adfajokban is alkotott, mozaikokat is k\u00e9sz\u00edtett. M. Partiz\u00e1n Eml\u00e9k\u00e9rem (1974). \u2013 <strong>F. ki\u00e1ll.:<\/strong> egy\u00e9ni: F\u00e9nyes Adolf Terem [J\u00e1nossy Ferenccel, Orosz Gell\u00e9rttel, Sug\u00e1r Gyul\u00e1val] (Bp., 1949, 1962); Pamuttextil M\u0171vek Kult\u00farh\u00e1za [J\u00e1nossy Ferenccel, Orosz Gell\u00e9rttel, Sug\u00e1r Gyul\u00e1val] (Bp., 1952); K\u00e9pcsarnok bemutat\u00f3terme (Sze\u00adged, 1967); Bp. (1968, 1976, 1986); Hanoi (1972); Jerev\u00e1n (1973); Pest\u00fajhelyi Szalon (1996, 2000); Balatonalm\u00e1di (1997); <strong>Eml\u00e9kki\u00e1ll.:<\/strong> [Vietn\u00e1mban k\u00e9sz\u00edtett grafik\u00e1i] (St\u00fadi\u00f3 Gal\u00e9ria, Bp., 1976); \u00dajpalotai Lila Isk. (Bp., 1987); k\u00f6zt\u00e9ri m\u0171ve: M\u00e9rn\u00f6k (mozaik, Sz\u00e9kesfeh\u00e9rv\u00e1r, \u00dat \u2013 \u00e9s Vas\u00fat\u00e9p\u00edt\u00e9si Technikum); m\u0171vei k\u00f6zgy\u0171jtem\u00e9nyekben: Janus Pannonius M\u00fazeum, P\u00e9cs; M. Nemzeti Gal\u00e9ria, Bp.; M\u00f3ra Ferenc M\u00fazeum, Szeged; Thury Gy\u00f6rgy M\u00fazeum, Nagykanizsa; T\u00fcrr Istv\u00e1n M\u00fazeum, Baja. <br \/><strong>Irod.:<\/strong> artportal; M\u00c9L; Moln\u00e1r; Mur\u00e1din 2002; Szab\u00f3 \u2013 K\u00e1llai; \u00daM\u00c9L<\/br><\/p>\n","protected":false},"excerpt":{"rendered":"<p>Mv., 1925. aug. 22., \u2020 Debrecen, 1974. m\u00e1j. 22.: fest\u0151. \u2013 A bp.-i ciszterci Szent Imre Gimn.-ban kezdett tanulni, majd a M. K\u00e9pz\u0151m\u0171v. F\u0151isk.-\u00e1n Sz\u0151nyi Istv\u00e1n, Barcsay Jen\u0151, Kmetty J\u00e1nos \u00e9s F\u00f3nyi G\u00e9za tan\u00edtv\u00e1nya volt (1944\u201348), oklevelet kapott (1949). Di\u00e1kk\u00e9nt r\u00e9szt vett az Eur\u00f3pai Iskola fiataljainak ki\u00e1ll\u00edt\u00e1sain (1947). A R\u00f3mai M. Akad. \u00f6szt\u00f6nd\u00edjasak\u00e9nt n\u00e9h\u00e1ny h\u00f3napig [&hellip;]<\/p>\n","protected":false},"featured_media":0,"comment_status":"open","ping_status":"closed","template":"","meta":[],"product_brand":[],"product_cat":[137],"product_tag":[],"class_list":{"0":"post-16857","1":"product","2":"type-product","3":"status-publish","5":"product_cat-maros-megyei-eletrajzi-lexikon","7":"first","8":"instock","9":"shipping-taxable","10":"product-type-simple"},"_links":{"self":[{"href":"https:\/\/uj.adatbank.ro\/lexikon\/wp-json\/wp\/v2\/product\/16857","targetHints":{"allow":["GET"]}}],"collection":[{"href":"https:\/\/uj.adatbank.ro\/lexikon\/wp-json\/wp\/v2\/product"}],"about":[{"href":"https:\/\/uj.adatbank.ro\/lexikon\/wp-json\/wp\/v2\/types\/product"}],"replies":[{"embeddable":true,"href":"https:\/\/uj.adatbank.ro\/lexikon\/wp-json\/wp\/v2\/comments?post=16857"}],"wp:attachment":[{"href":"https:\/\/uj.adatbank.ro\/lexikon\/wp-json\/wp\/v2\/media?parent=16857"}],"wp:term":[{"taxonomy":"product_brand","embeddable":true,"href":"https:\/\/uj.adatbank.ro\/lexikon\/wp-json\/wp\/v2\/product_brand?post=16857"},{"taxonomy":"product_cat","embeddable":true,"href":"https:\/\/uj.adatbank.ro\/lexikon\/wp-json\/wp\/v2\/product_cat?post=16857"},{"taxonomy":"product_tag","embeddable":true,"href":"https:\/\/uj.adatbank.ro\/lexikon\/wp-json\/wp\/v2\/product_tag?post=16857"}],"curies":[{"name":"wp","href":"https:\/\/api.w.org\/{rel}","templated":true}]}}

NURIDSÁNY Zoltán

<p>Mv., 1925. aug. 22., † Debrecen, 1974. máj. 22.: festő. – A bp.-i ciszterci Szent Imre Gimn.-ban kezdett tanulni, majd a M. Képzőműv. Főisk.-án Szőnyi István, Barcsay Jenő, Kmetty János és Fónyi Géza tanítványa volt (1944–48), oklevelet kapott (1949). Diákként részt vett az Európai Iskola fiataljainak kiállításain (1947). A Római M. Akad. ösztöndíjasaként néhány hónapig Olaszo.-ban tanulmányuton volt (1948). Később több Ny – és K-európai országban, a Szovjetunióban, Kínában, Mongóliában és Vietnámban (1962) járt tanulmányúton. Művészi indulását az Európai Isk. határozta meg. Figurális kompozíciók­kal és tájképekkel rendszeresen részt vett kiál­lításokon (1950–). Tájképein leggyakrabban a Duna­kanyart ábrázolta; képeinek dekoratívak. Monumentális mű­fajokban is alkotott, mozaikokat is készített. M. Partizán Emlékérem (1974). – <strong>F. kiáll.:</strong> egyéni: Fényes Adolf Terem [Jánossy Ferenccel, Orosz Gellérttel, Sugár Gyulával] (Bp., 1949, 1962); Pamuttextil Művek Kultúrháza [Jánossy Ferenccel, Orosz Gellérttel, Sugár Gyulával] (Bp., 1952); Képcsarnok bemutatóterme (Sze­ged, 1967); Bp. (1968, 1976, 1986); Hanoi (1972); Jereván (1973); Pestújhelyi Szalon (1996, 2000); Balatonalmádi (1997); <strong>Emlékkiáll.:</strong> [Vietnámban készített grafikái] (Stúdió Galéria, Bp., 1976); Újpalotai Lila Isk. (Bp., 1987); köztéri műve: Mérnök (mozaik, Székesfehérvár, Út – és Vasútépítési Technikum); művei közgyűjteményekben: Janus Pannonius Múzeum, Pécs; M. Nemzeti Galéria, Bp.; Móra Ferenc Múzeum, Szeged; Thury György Múzeum, Nagykanizsa; Türr István Múzeum, Baja. <br /><strong>Irod.:</strong> artportal; MÉL; Molnár; Murádin 2002; Szabó – Kállai; ÚMÉL</br></p>

<p>Mv., 1925. aug. 22., † Debrecen, 1974. máj. 22.: festő. – A bp.-i ciszterci Szent Imre Gimn.-ban kezdett tanulni, majd a M. Képzőműv. Főisk.-án Szőnyi István, Barcsay Jenő, Kmetty János és Fónyi Géza tanítványa volt (1944–48), oklevelet kapott (1949). Diákként részt vett az Európai Iskola fiataljainak kiállításain (1947). A Római M. Akad. ösztöndíjasaként néhány hónapig [&hellip;]</p>
