{"id":16858,"date":"2025-07-15T23:32:51","date_gmt":"2025-07-15T21:32:51","guid":{"rendered":"https:\/\/uj.adatbank.ro\/lexikon\/termek\/nussbaum-testverek\/"},"modified":"2025-07-15T23:32:51","modified_gmt":"2025-07-15T21:32:51","slug":"nussbaum-testverek","status":"publish","type":"product","link":"https:\/\/uj.adatbank.ro\/lexikon\/termek\/nussbaum-testverek\/","title":{"rendered":"NUSSBAUM testv\u00e9rek"},"content":{"rendered":"<p>Mv.-i v\u00e1lallalat. \u2013 N\u00fcrnbergi d\u00edszm\u0171 \u2013 \u00e9s r\u00f6vid\u00e1r\u00fa nagykeresked\u00e9s\u00fck volt a f\u0151t\u00e9ren, (1920\u2013). Textil, j\u00e1t\u00e9k \u00e9s n\u00fcrnbergi \u00e1r\u00fak behozatal\u00e1val \u00e9s nagybani \u00e1r\u00fas\u00edt\u00e1s\u00e1val foglalkoztak. Zsinor\u00e1r\u00fagy\u00e1rat alap\u00edtottak (1927), ahol 25\u201330 embert foglalkoztattak; volt f\u00e9m\u00f6nt\u0151d\u00e9j\u00fck, paszom\u00e1nt \u2013 \u00e9s babagy\u00e1ruk is.Tulajdonosok Adolf \u00e9s J\u00f3zsef. Jelent\u0151s szerepet j\u00e1tszottak v\u00e1rosunk ipari \u00e9s kereskedelmi \u00e9let\u00e9ben. A csal\u00e1d egyik gazdag tagja a K\u00f6teles S\u00e1muel utc\u00e1ban lakott \u00e9s a Szabad K\u0151m\u0171ves P\u00e1holy keret\u00e9ben adogatott p\u00e9nzseg\u00e9lyeket kev\u00e9sp\u00e9nz\u0171 v\u00e1s\u00e1rhelyi egyetemist\u00e1knak. A szeg\u00e9nyebb \u00e1gb\u00f3l az egyik Adri\u00e1ni n\u00e9ven \u00fajs\u00e1g\u00edr\u00f3 lett. <br \/><strong>Irod.:<\/strong> EBKL; Sipos<\/br><\/p>\n","protected":false},"excerpt":{"rendered":"<p>Mv.-i v\u00e1lallalat. \u2013 N\u00fcrnbergi d\u00edszm\u0171 \u2013 \u00e9s r\u00f6vid\u00e1r\u00fa nagykeresked\u00e9s\u00fck volt a f\u0151t\u00e9ren, (1920\u2013). Textil, j\u00e1t\u00e9k \u00e9s n\u00fcrnbergi \u00e1r\u00fak behozatal\u00e1val \u00e9s nagybani \u00e1r\u00fas\u00edt\u00e1s\u00e1val foglalkoztak. Zsinor\u00e1r\u00fagy\u00e1rat alap\u00edtottak (1927), ahol 25\u201330 embert foglalkoztattak; volt f\u00e9m\u00f6nt\u0151d\u00e9j\u00fck, paszom\u00e1nt \u2013 \u00e9s babagy\u00e1ruk is.Tulajdonosok Adolf \u00e9s J\u00f3zsef. Jelent\u0151s szerepet j\u00e1tszottak v\u00e1rosunk ipari \u00e9s kereskedelmi \u00e9let\u00e9ben. A csal\u00e1d egyik gazdag tagja a K\u00f6teles [&hellip;]<\/p>\n","protected":false},"featured_media":0,"comment_status":"open","ping_status":"closed","template":"","meta":[],"product_brand":[],"product_cat":[137],"product_tag":[],"class_list":{"0":"post-16858","1":"product","2":"type-product","3":"status-publish","5":"product_cat-maros-megyei-eletrajzi-lexikon","7":"first","8":"instock","9":"shipping-taxable","10":"product-type-simple"},"_links":{"self":[{"href":"https:\/\/uj.adatbank.ro\/lexikon\/wp-json\/wp\/v2\/product\/16858","targetHints":{"allow":["GET"]}}],"collection":[{"href":"https:\/\/uj.adatbank.ro\/lexikon\/wp-json\/wp\/v2\/product"}],"about":[{"href":"https:\/\/uj.adatbank.ro\/lexikon\/wp-json\/wp\/v2\/types\/product"}],"replies":[{"embeddable":true,"href":"https:\/\/uj.adatbank.ro\/lexikon\/wp-json\/wp\/v2\/comments?post=16858"}],"wp:attachment":[{"href":"https:\/\/uj.adatbank.ro\/lexikon\/wp-json\/wp\/v2\/media?parent=16858"}],"wp:term":[{"taxonomy":"product_brand","embeddable":true,"href":"https:\/\/uj.adatbank.ro\/lexikon\/wp-json\/wp\/v2\/product_brand?post=16858"},{"taxonomy":"product_cat","embeddable":true,"href":"https:\/\/uj.adatbank.ro\/lexikon\/wp-json\/wp\/v2\/product_cat?post=16858"},{"taxonomy":"product_tag","embeddable":true,"href":"https:\/\/uj.adatbank.ro\/lexikon\/wp-json\/wp\/v2\/product_tag?post=16858"}],"curies":[{"name":"wp","href":"https:\/\/api.w.org\/{rel}","templated":true}]}}

NUSSBAUM testvérek

<p>Mv.-i válallalat. – Nürnbergi díszmű – és rövidárú nagykereskedésük volt a főtéren, (1920–). Textil, játék és nürnbergi árúk behozatalával és nagybani árúsításával foglalkoztak. Zsinorárúgyárat alapítottak (1927), ahol 25–30 embert foglalkoztattak; volt fémöntődéjük, paszománt – és babagyáruk is.Tulajdonosok Adolf és József. Jelentős szerepet játszottak városunk ipari és kereskedelmi életében. A család egyik gazdag tagja a Köteles Sámuel utcában lakott és a Szabad Kőműves Páholy keretében adogatott pénzsegélyeket kevéspénzű vásárhelyi egyetemistáknak. A szegényebb ágból az egyik Adriáni néven újságíró lett. <br /><strong>Irod.:</strong> EBKL; Sipos</br></p>

<p>Mv.-i válallalat. – Nürnbergi díszmű – és rövidárú nagykereskedésük volt a főtéren, (1920–). Textil, játék és nürnbergi árúk behozatalával és nagybani árúsításával foglalkoztak. Zsinorárúgyárat alapítottak (1927), ahol 25–30 embert foglalkoztattak; volt fémöntődéjük, paszománt – és babagyáruk is.Tulajdonosok Adolf és József. Jelentős szerepet játszottak városunk ipari és kereskedelmi életében. A család egyik gazdag tagja a Köteles [&hellip;]</p>
