{"id":16859,"date":"2025-07-15T23:32:52","date_gmt":"2025-07-15T21:32:52","guid":{"rendered":"https:\/\/uj.adatbank.ro\/lexikon\/termek\/nussbaum-adolf-%c2%a7-nuszbaum-adolf\/"},"modified":"2025-07-15T23:32:52","modified_gmt":"2025-07-15T21:32:52","slug":"nussbaum-adolf-%c2%a7-nuszbaum-adolf","status":"publish","type":"product","link":"https:\/\/uj.adatbank.ro\/lexikon\/termek\/nussbaum-adolf-%c2%a7-nuszbaum-adolf\/","title":{"rendered":"NUSSBAUM Adolf, \u00a7 Nuszbaum Adolf"},"content":{"rendered":"<p>Mv., 1887., lehet 1882., \u2020 ?: nagyiparos, nagykeresked\u0151. \u2013 Testv\u00e9re: J\u00f3zsef. \u2013 Iskol\u00e1it Nagyszebenben v\u00e9gezte majd kereskedelmi p\u00e1ly\u00e1ra l\u00e9pett. V\u00e9gig k\u00fczd\u00f6tte az I. vh.-t (1915. okt.\u201318. nov.), a 12. hegyit\u00fcz\u00e9rekn\u00e9l szolg\u00e1lt. Olasz \u00e9s rom\u00e1n harct\u00e9ren szakaszvezet\u0151, irodai szolg\u00e1latot teljes\u00edtett. <strong>Kit\u00fcntet\u00e9sei:<\/strong> Ob, Vas \u00e9rdemkereszt a v. \u00e9. sz. A Nussbaumm Testv\u00e9rek c\u00e9g t\u00e1rstulajdonosa (alap\u00edt\u00e1si \u00e9v 1920), Mv.-en testv\u00e9reivel k\u00f6z\u00f6sen v\u00e9gezte az esztend\u0151k \u00f3ta fen\u00e1ll\u00f3 c\u00e9g vezet\u00e9s\u00e9t. V\u00e9gig k\u00fczd\u00f6tte az els\u0151 vh.-t. Mv.-r\u0151l deport\u00e1lt\u00e1k (1944. m\u00e1j. 29.). <br \/><strong>Irod.:<\/strong> EBKL; M. hadviselt zsid\u00f3k; Mv. zsid\u00f3s\u00e1ga; Sz\u00e9kelyf\u00f6ld \u00ed.k.<\/br><\/p>\n","protected":false},"excerpt":{"rendered":"<p>Mv., 1887., lehet 1882., \u2020 ?: nagyiparos, nagykeresked\u0151. \u2013 Testv\u00e9re: J\u00f3zsef. \u2013 Iskol\u00e1it Nagyszebenben v\u00e9gezte majd kereskedelmi p\u00e1ly\u00e1ra l\u00e9pett. V\u00e9gig k\u00fczd\u00f6tte az I. vh.-t (1915. okt.\u201318. nov.), a 12. hegyit\u00fcz\u00e9rekn\u00e9l szolg\u00e1lt. Olasz \u00e9s rom\u00e1n harct\u00e9ren szakaszvezet\u0151, irodai szolg\u00e1latot teljes\u00edtett. Kit\u00fcntet\u00e9sei: Ob, Vas \u00e9rdemkereszt a v. \u00e9. sz. A Nussbaumm Testv\u00e9rek c\u00e9g t\u00e1rstulajdonosa (alap\u00edt\u00e1si \u00e9v 1920), [&hellip;]<\/p>\n","protected":false},"featured_media":0,"comment_status":"open","ping_status":"closed","template":"","meta":[],"product_brand":[],"product_cat":[137],"product_tag":[],"class_list":{"0":"post-16859","1":"product","2":"type-product","3":"status-publish","5":"product_cat-maros-megyei-eletrajzi-lexikon","7":"first","8":"instock","9":"shipping-taxable","10":"product-type-simple"},"_links":{"self":[{"href":"https:\/\/uj.adatbank.ro\/lexikon\/wp-json\/wp\/v2\/product\/16859","targetHints":{"allow":["GET"]}}],"collection":[{"href":"https:\/\/uj.adatbank.ro\/lexikon\/wp-json\/wp\/v2\/product"}],"about":[{"href":"https:\/\/uj.adatbank.ro\/lexikon\/wp-json\/wp\/v2\/types\/product"}],"replies":[{"embeddable":true,"href":"https:\/\/uj.adatbank.ro\/lexikon\/wp-json\/wp\/v2\/comments?post=16859"}],"wp:attachment":[{"href":"https:\/\/uj.adatbank.ro\/lexikon\/wp-json\/wp\/v2\/media?parent=16859"}],"wp:term":[{"taxonomy":"product_brand","embeddable":true,"href":"https:\/\/uj.adatbank.ro\/lexikon\/wp-json\/wp\/v2\/product_brand?post=16859"},{"taxonomy":"product_cat","embeddable":true,"href":"https:\/\/uj.adatbank.ro\/lexikon\/wp-json\/wp\/v2\/product_cat?post=16859"},{"taxonomy":"product_tag","embeddable":true,"href":"https:\/\/uj.adatbank.ro\/lexikon\/wp-json\/wp\/v2\/product_tag?post=16859"}],"curies":[{"name":"wp","href":"https:\/\/api.w.org\/{rel}","templated":true}]}}

<p>Mv., 1887., lehet 1882., † ?: nagyiparos, nagykereskedő. – Testvére: József. – Iskoláit Nagyszebenben végezte majd kereskedelmi pályára lépett. Végig küzdötte az I. vh.-t (1915. okt.–18. nov.), a 12. hegyitüzéreknél szolgált. Olasz és román harctéren szakaszvezető, irodai szolgálatot teljesített. <strong>Kitüntetései:</strong> Ob, Vas érdemkereszt a v. é. sz. A Nussbaumm Testvérek cég társtulajdonosa (alapítási év 1920), Mv.-en testvéreivel közösen végezte az esztendők óta fenálló cég vezetését. Végig küzdötte az első vh.-t. Mv.-ről deportálták (1944. máj. 29.). <br /><strong>Irod.:</strong> EBKL; M. hadviselt zsidók; Mv. zsidósága; Székelyföld í.k.</br></p>

<p>Mv., 1887., lehet 1882., † ?: nagyiparos, nagykereskedő. – Testvére: József. – Iskoláit Nagyszebenben végezte majd kereskedelmi pályára lépett. Végig küzdötte az I. vh.-t (1915. okt.–18. nov.), a 12. hegyitüzéreknél szolgált. Olasz és román harctéren szakaszvezető, irodai szolgálatot teljesített. Kitüntetései: Ob, Vas érdemkereszt a v. é. sz. A Nussbaumm Testvérek cég társtulajdonosa (alapítási év 1920), [&hellip;]</p>
