{"id":1686,"date":"2025-06-28T11:49:59","date_gmt":"2025-06-28T09:49:59","guid":{"rendered":"https:\/\/uj.adatbank.ro\/lexikon\/termek\/ajtai-sandor\/"},"modified":"2025-06-28T11:49:59","modified_gmt":"2025-06-28T09:49:59","slug":"ajtai-sandor","status":"publish","type":"product","link":"https:\/\/uj.adatbank.ro\/lexikon\/termek\/ajtai-sandor\/","title":{"rendered":"AJTAI S\u00e1ndor"},"content":{"rendered":"<p>1929. okt. 4., \u2020 Mv., 2009. okt. 29.: gyermekgy\u00f3gy\u00e1sz f\u0151orvos. \u2013 Ajtai Tibor J\u00e1nos (Mv., 1901.- Mv., 1967) \u00e9s Papp Vikt\u00f3ria fia. Feles\u00e9ge: Pusk\u00e1s Katalin (Kv., 1940. jan. 29.\u2013). Gyermekei: ikrek Tibor \u00e9s Katalin (1973\u2013), S\u00e1ndor (1974\u2013). \u2013 Elemi \u00e9s k\u00f6z\u00e9piskolai tanulm\u00e1nyait a mv.-i Ref. Koll.-ban v\u00e9gezte (1948), a MOGYI hallgat\u00f3ja, a gyermeggy\u00f3gy\u00e1szati karon v\u00e9gzett (1954). Szakvizsg\u00e1zott (Buk., 1959). F\u0151orvosi vizsg\u00e1t tett (Mv., 1972). Gyermekgy\u00f3gy\u00e1sz Sz\u00e9kelykereszt\u00faron az Egyes\u00edtett K\u00f3rh\u00e1zban (1954\u201371), a ludasi poliklinik\u00e1n (1971\u201372), majd a Maros megyei Eg\u00e9szs\u00e9g\u00fcgyi Igazgat\u00f3s\u00e1gon (1973\u201375) dolgozott. F\u0151orvos a mv.-i egyetemi gyermekklinik\u00e1n nyugd\u00edjaz\u00e1s\u00e1ig (1975. szept. 1.\u20131992. j\u00fan. 1.), ill. m\u00e9g tov\u00e1bb (1992\u201397). \u2013 <strong>F. m.:<\/strong> <strong>t\u00e1rssz.:<\/strong> Diagnostic diferen\u0163ial pediatric: ghid clinic (Muntean Ioan, Kiss \u00c9v\u00e1val, Buc, 1987). <br \/><strong>Irod.:<\/strong> csal\u00e1di inf.; Kiss\u2013P\u00e9terffy\u2013P\u00e9terffy; Nekrol\u00f3g (N\u00fa., 2009. okt. 31.); Todea\u2013F\u00fcl\u00f6p\u2013Avram<\/br><\/p>\n","protected":false},"excerpt":{"rendered":"<p>1929. okt. 4., \u2020 Mv., 2009. okt. 29.: gyermekgy\u00f3gy\u00e1sz f\u0151orvos. \u2013 Ajtai Tibor J\u00e1nos (Mv., 1901.- Mv., 1967) \u00e9s Papp Vikt\u00f3ria fia. Feles\u00e9ge: Pusk\u00e1s Katalin (Kv., 1940. jan. 29.\u2013). Gyermekei: ikrek Tibor \u00e9s Katalin (1973\u2013), S\u00e1ndor (1974\u2013). \u2013 Elemi \u00e9s k\u00f6z\u00e9piskolai tanulm\u00e1nyait a mv.-i Ref. Koll.-ban v\u00e9gezte (1948), a MOGYI hallgat\u00f3ja, a gyermeggy\u00f3gy\u00e1szati karon v\u00e9gzett [&hellip;]<\/p>\n","protected":false},"featured_media":0,"comment_status":"open","ping_status":"closed","template":"","meta":[],"product_brand":[],"product_cat":[137],"product_tag":[],"class_list":{"0":"post-1686","1":"product","2":"type-product","3":"status-publish","5":"product_cat-maros-megyei-eletrajzi-lexikon","7":"first","8":"instock","9":"shipping-taxable","10":"product-type-simple"},"_links":{"self":[{"href":"https:\/\/uj.adatbank.ro\/lexikon\/wp-json\/wp\/v2\/product\/1686","targetHints":{"allow":["GET"]}}],"collection":[{"href":"https:\/\/uj.adatbank.ro\/lexikon\/wp-json\/wp\/v2\/product"}],"about":[{"href":"https:\/\/uj.adatbank.ro\/lexikon\/wp-json\/wp\/v2\/types\/product"}],"replies":[{"embeddable":true,"href":"https:\/\/uj.adatbank.ro\/lexikon\/wp-json\/wp\/v2\/comments?post=1686"}],"wp:attachment":[{"href":"https:\/\/uj.adatbank.ro\/lexikon\/wp-json\/wp\/v2\/media?parent=1686"}],"wp:term":[{"taxonomy":"product_brand","embeddable":true,"href":"https:\/\/uj.adatbank.ro\/lexikon\/wp-json\/wp\/v2\/product_brand?post=1686"},{"taxonomy":"product_cat","embeddable":true,"href":"https:\/\/uj.adatbank.ro\/lexikon\/wp-json\/wp\/v2\/product_cat?post=1686"},{"taxonomy":"product_tag","embeddable":true,"href":"https:\/\/uj.adatbank.ro\/lexikon\/wp-json\/wp\/v2\/product_tag?post=1686"}],"curies":[{"name":"wp","href":"https:\/\/api.w.org\/{rel}","templated":true}]}}

AJTAI Sándor

<p>1929. okt. 4., † Mv., 2009. okt. 29.: gyermekgyógyász főorvos. – Ajtai Tibor János (Mv., 1901.- Mv., 1967) és Papp Viktória fia. Felesége: Puskás Katalin (Kv., 1940. jan. 29.–). Gyermekei: ikrek Tibor és Katalin (1973–), Sándor (1974–). – Elemi és középiskolai tanulmányait a mv.-i Ref. Koll.-ban végezte (1948), a MOGYI hallgatója, a gyermeggyógyászati karon végzett (1954). Szakvizsgázott (Buk., 1959). Főorvosi vizsgát tett (Mv., 1972). Gyermekgyógyász Székelykeresztúron az Egyesített Kórházban (1954–71), a ludasi poliklinikán (1971–72), majd a Maros megyei Egészségügyi Igazgatóságon (1973–75) dolgozott. Főorvos a mv.-i egyetemi gyermekklinikán nyugdíjazásáig (1975. szept. 1.–1992. jún. 1.), ill. még tovább (1992–97). – <strong>F. m.:</strong> <strong>társsz.:</strong> Diagnostic diferenţial pediatric: ghid clinic (Muntean Ioan, Kiss Évával, Buc, 1987). <br /><strong>Irod.:</strong> családi inf.; Kiss–Péterffy–Péterffy; Nekrológ (Nú., 2009. okt. 31.); Todea–Fülöp–Avram</br></p>

<p>1929. okt. 4., † Mv., 2009. okt. 29.: gyermekgyógyász főorvos. – Ajtai Tibor János (Mv., 1901.- Mv., 1967) és Papp Viktória fia. Felesége: Puskás Katalin (Kv., 1940. jan. 29.–). Gyermekei: ikrek Tibor és Katalin (1973–), Sándor (1974–). – Elemi és középiskolai tanulmányait a mv.-i Ref. Koll.-ban végezte (1948), a MOGYI hallgatója, a gyermeggyógyászati karon végzett [&hellip;]</p>
