{"id":16862,"date":"2025-07-15T23:32:59","date_gmt":"2025-07-15T21:32:59","guid":{"rendered":"https:\/\/uj.adatbank.ro\/lexikon\/termek\/nussbaum-jozsef-%c2%a7-nuszbaum-jozsef\/"},"modified":"2025-07-15T23:32:59","modified_gmt":"2025-07-15T21:32:59","slug":"nussbaum-jozsef-%c2%a7-nuszbaum-jozsef","status":"publish","type":"product","link":"https:\/\/uj.adatbank.ro\/lexikon\/termek\/nussbaum-jozsef-%c2%a7-nuszbaum-jozsef\/","title":{"rendered":"NUSSBAUM J\u00f3zsef, \u00a7 Nuszbaum J\u00f3zsef"},"content":{"rendered":"<p>Hossz\u00faassz\u00f3, 1885., \u2020 ?: nagykeresked\u0151. \u2013 Testv\u00e9re: N. Em\u00e1nuel, a 63. gy.-e. katon\u00e1ja, orosz fronton esett fogs\u00e1gba 5 \u00e9vet, megsz\u00f6k\u00f6tt, az itt szerzett betegs\u00e9g\u00e9ben halt meg (\u2020 1927). \u2013 Tanulm\u00e1nyait Nagyszebenben \u00e9s Kv.-on v\u00e9gezte, fels\u0151kereskedelmi \u00e9retts\u00e9gi let\u00e9tele ut\u00e1n Kv.-on \u00e9s Bp.-en mag\u00e1n c\u00e9gekn\u00e9l m\u0171k\u00f6d\u00f6tt. V\u00e9gig k\u00fczd\u00f6tte az els\u0151 vh.-t. Bevonult a 23. h. gy. e. (1914. aug. 23.\u201318. nov.), az orosz harct\u00e9ren volt \u0151rmester, I. oszt. sz\u00e1mv. Kit\u00fcntet\u00e9se: K\u00e1roly cs. k. ig. a. Testv\u00e9reivel megalap\u00edtotta a Nussbaum Testv\u00e9rek nagykereskedelmi c\u00e9get (1920), melynek k\u00f6zpontja Mv.-en volt, valamint a Viktoria paszom\u00e1ny \u00e9s zsinorgy\u00e1rat Medgyesfalv\u00e1n. A Kereskedelmi \u00e9s Iparkamara tan\u00e1csosa, igazgat\u00f3s\u00e1gi tagja, a MP. \u00e9s a Kaszin\u00f3 tagja. Mv.-r\u0151l deport\u00e1lt\u00e1k feles\u00e9g\u00e9vel (1905\u2013) egy\u00fctt (1944. m\u00e1j. 29.). <br \/><strong>Irod.:<\/strong>EBKL; Ki kicsoda?, M. hadviselt zsid\u00f3k; Mv. zsid\u00f3s\u00e1ga; Sz\u00e9kelyf\u00f6ld \u00ed. k.<\/br><\/p>\n","protected":false},"excerpt":{"rendered":"<p>Hossz\u00faassz\u00f3, 1885., \u2020 ?: nagykeresked\u0151. \u2013 Testv\u00e9re: N. Em\u00e1nuel, a 63. gy.-e. katon\u00e1ja, orosz fronton esett fogs\u00e1gba 5 \u00e9vet, megsz\u00f6k\u00f6tt, az itt szerzett betegs\u00e9g\u00e9ben halt meg (\u2020 1927). \u2013 Tanulm\u00e1nyait Nagyszebenben \u00e9s Kv.-on v\u00e9gezte, fels\u0151kereskedelmi \u00e9retts\u00e9gi let\u00e9tele ut\u00e1n Kv.-on \u00e9s Bp.-en mag\u00e1n c\u00e9gekn\u00e9l m\u0171k\u00f6d\u00f6tt. V\u00e9gig k\u00fczd\u00f6tte az els\u0151 vh.-t. Bevonult a 23. h. gy. e. [&hellip;]<\/p>\n","protected":false},"featured_media":0,"comment_status":"open","ping_status":"closed","template":"","meta":[],"product_brand":[],"product_cat":[137],"product_tag":[],"class_list":{"0":"post-16862","1":"product","2":"type-product","3":"status-publish","5":"product_cat-maros-megyei-eletrajzi-lexikon","7":"first","8":"instock","9":"shipping-taxable","10":"product-type-simple"},"_links":{"self":[{"href":"https:\/\/uj.adatbank.ro\/lexikon\/wp-json\/wp\/v2\/product\/16862","targetHints":{"allow":["GET"]}}],"collection":[{"href":"https:\/\/uj.adatbank.ro\/lexikon\/wp-json\/wp\/v2\/product"}],"about":[{"href":"https:\/\/uj.adatbank.ro\/lexikon\/wp-json\/wp\/v2\/types\/product"}],"replies":[{"embeddable":true,"href":"https:\/\/uj.adatbank.ro\/lexikon\/wp-json\/wp\/v2\/comments?post=16862"}],"wp:attachment":[{"href":"https:\/\/uj.adatbank.ro\/lexikon\/wp-json\/wp\/v2\/media?parent=16862"}],"wp:term":[{"taxonomy":"product_brand","embeddable":true,"href":"https:\/\/uj.adatbank.ro\/lexikon\/wp-json\/wp\/v2\/product_brand?post=16862"},{"taxonomy":"product_cat","embeddable":true,"href":"https:\/\/uj.adatbank.ro\/lexikon\/wp-json\/wp\/v2\/product_cat?post=16862"},{"taxonomy":"product_tag","embeddable":true,"href":"https:\/\/uj.adatbank.ro\/lexikon\/wp-json\/wp\/v2\/product_tag?post=16862"}],"curies":[{"name":"wp","href":"https:\/\/api.w.org\/{rel}","templated":true}]}}

NUSSBAUM József, § Nuszbaum József

<p>Hosszúasszó, 1885., † ?: nagykereskedő. – Testvére: N. Emánuel, a 63. gy.-e. katonája, orosz fronton esett fogságba 5 évet, megszökött, az itt szerzett betegségében halt meg († 1927). – Tanulmányait Nagyszebenben és Kv.-on végezte, felsőkereskedelmi érettségi letétele után Kv.-on és Bp.-en magán cégeknél működött. Végig küzdötte az első vh.-t. Bevonult a 23. h. gy. e. (1914. aug. 23.–18. nov.), az orosz harctéren volt őrmester, I. oszt. számv. Kitüntetése: Károly cs. k. ig. a. Testvéreivel megalapította a Nussbaum Testvérek nagykereskedelmi céget (1920), melynek központja Mv.-en volt, valamint a Viktoria paszomány és zsinorgyárat Medgyesfalván. A Kereskedelmi és Iparkamara tanácsosa, igazgatósági tagja, a MP. és a Kaszinó tagja. Mv.-ről deportálták feleségével (1905–) együtt (1944. máj. 29.). <br /><strong>Irod.:</strong>EBKL; Ki kicsoda?, M. hadviselt zsidók; Mv. zsidósága; Székelyföld í. k.</br></p>

<p>Hosszúasszó, 1885., † ?: nagykereskedő. – Testvére: N. Emánuel, a 63. gy.-e. katonája, orosz fronton esett fogságba 5 évet, megszökött, az itt szerzett betegségében halt meg († 1927). – Tanulmányait Nagyszebenben és Kv.-on végezte, felsőkereskedelmi érettségi letétele után Kv.-on és Bp.-en magán cégeknél működött. Végig küzdötte az első vh.-t. Bevonult a 23. h. gy. e. [&hellip;]</p>
