{"id":16863,"date":"2025-07-15T23:33:02","date_gmt":"2025-07-15T21:33:02","guid":{"rendered":"https:\/\/uj.adatbank.ro\/lexikon\/termek\/nussbaum-lajos-%c2%a7-nuszbaum-lajos\/"},"modified":"2025-07-15T23:33:02","modified_gmt":"2025-07-15T21:33:02","slug":"nussbaum-lajos-%c2%a7-nuszbaum-lajos","status":"publish","type":"product","link":"https:\/\/uj.adatbank.ro\/lexikon\/termek\/nussbaum-lajos-%c2%a7-nuszbaum-lajos\/","title":{"rendered":"NUSSBAUM Lajos, \u00a7 Nuszbaum Lajos"},"content":{"rendered":"<p>Nagyszeben, 1896., \u2020 ?: keresked\u0151, gy\u00e1riparos. \u2013 Iskol\u00e1it Nagyszebenben v\u00e9gezte, ut\u00e1na keresked\u0151i p\u00e1ly\u00e1ra l\u00e9pett. Az I. vh.-ban (1915. m\u00e1j.\u20131918. szept.) a 12. tr\u00e9ndivizi\u00f3nval az olasz harct\u00e9ren volt sz\u00e1mvev\u0151 altisz. Kit\u00fcntet\u00e9se: K\u00e1roly cs. k. Mv.-en r\u00e9szt vett a testv\u00e9rei \u00e1ltal l\u00e9trehozott Nussbaum Testv\u00e9rek c\u00e9g \u00e9s gy\u00e1r megalap\u00edt\u00e1s\u00e1ban (1920), \u00e9s mint beltag dolgozott a k\u00e9t gy\u00e1r fejl\u0151d\u00e9s\u00e9t seg\u00edtve. Mv.-r\u0151l deport\u00e1lt\u00e1k feles\u00e9g\u00e9vel (*1908\u2013) egy\u00fctt (1944. m\u00e1j. 29.). <br \/><strong>Irod.:<\/strong> Ki kicsoda ?, M. hadviselt zsid\u00f3k; Mv. zsid\u00f3s\u00e1ga; Sz\u00e9kelyf\u00f6ld \u00ed. k.<\/br><\/p>\n","protected":false},"excerpt":{"rendered":"<p>Nagyszeben, 1896., \u2020 ?: keresked\u0151, gy\u00e1riparos. \u2013 Iskol\u00e1it Nagyszebenben v\u00e9gezte, ut\u00e1na keresked\u0151i p\u00e1ly\u00e1ra l\u00e9pett. Az I. vh.-ban (1915. m\u00e1j.\u20131918. szept.) a 12. tr\u00e9ndivizi\u00f3nval az olasz harct\u00e9ren volt sz\u00e1mvev\u0151 altisz. Kit\u00fcntet\u00e9se: K\u00e1roly cs. k. Mv.-en r\u00e9szt vett a testv\u00e9rei \u00e1ltal l\u00e9trehozott Nussbaum Testv\u00e9rek c\u00e9g \u00e9s gy\u00e1r megalap\u00edt\u00e1s\u00e1ban (1920), \u00e9s mint beltag dolgozott a k\u00e9t gy\u00e1r fejl\u0151d\u00e9s\u00e9t [&hellip;]<\/p>\n","protected":false},"featured_media":0,"comment_status":"open","ping_status":"closed","template":"","meta":[],"product_brand":[],"product_cat":[137],"product_tag":[],"class_list":{"0":"post-16863","1":"product","2":"type-product","3":"status-publish","5":"product_cat-maros-megyei-eletrajzi-lexikon","7":"first","8":"instock","9":"shipping-taxable","10":"product-type-simple"},"_links":{"self":[{"href":"https:\/\/uj.adatbank.ro\/lexikon\/wp-json\/wp\/v2\/product\/16863","targetHints":{"allow":["GET"]}}],"collection":[{"href":"https:\/\/uj.adatbank.ro\/lexikon\/wp-json\/wp\/v2\/product"}],"about":[{"href":"https:\/\/uj.adatbank.ro\/lexikon\/wp-json\/wp\/v2\/types\/product"}],"replies":[{"embeddable":true,"href":"https:\/\/uj.adatbank.ro\/lexikon\/wp-json\/wp\/v2\/comments?post=16863"}],"wp:attachment":[{"href":"https:\/\/uj.adatbank.ro\/lexikon\/wp-json\/wp\/v2\/media?parent=16863"}],"wp:term":[{"taxonomy":"product_brand","embeddable":true,"href":"https:\/\/uj.adatbank.ro\/lexikon\/wp-json\/wp\/v2\/product_brand?post=16863"},{"taxonomy":"product_cat","embeddable":true,"href":"https:\/\/uj.adatbank.ro\/lexikon\/wp-json\/wp\/v2\/product_cat?post=16863"},{"taxonomy":"product_tag","embeddable":true,"href":"https:\/\/uj.adatbank.ro\/lexikon\/wp-json\/wp\/v2\/product_tag?post=16863"}],"curies":[{"name":"wp","href":"https:\/\/api.w.org\/{rel}","templated":true}]}}

<p>Nagyszeben, 1896., † ?: kereskedő, gyáriparos. – Iskoláit Nagyszebenben végezte, utána kereskedői pályára lépett. Az I. vh.-ban (1915. máj.–1918. szept.) a 12. tréndiviziónval az olasz harctéren volt számvevő altisz. Kitüntetése: Károly cs. k. Mv.-en részt vett a testvérei által létrehozott Nussbaum Testvérek cég és gyár megalapításában (1920), és mint beltag dolgozott a két gyár fejlődését segítve. Mv.-ről deportálták feleségével (*1908–) együtt (1944. máj. 29.). <br /><strong>Irod.:</strong> Ki kicsoda ?, M. hadviselt zsidók; Mv. zsidósága; Székelyföld í. k.</br></p>

<p>Nagyszeben, 1896., † ?: kereskedő, gyáriparos. – Iskoláit Nagyszebenben végezte, utána kereskedői pályára lépett. Az I. vh.-ban (1915. máj.–1918. szept.) a 12. tréndiviziónval az olasz harctéren volt számvevő altisz. Kitüntetése: Károly cs. k. Mv.-en részt vett a testvérei által létrehozott Nussbaum Testvérek cég és gyár megalapításában (1920), és mint beltag dolgozott a két gyár fejlődését [&hellip;]</p>
