{"id":16864,"date":"2025-07-15T23:33:04","date_gmt":"2025-07-15T21:33:04","guid":{"rendered":"https:\/\/uj.adatbank.ro\/lexikon\/termek\/nussbaum-mor-%c2%a7-nuszbaum-moricz-nussbaum-mozes-mor\/"},"modified":"2025-07-15T23:33:04","modified_gmt":"2025-07-15T21:33:04","slug":"nussbaum-mor-%c2%a7-nuszbaum-moricz-nussbaum-mozes-mor","status":"publish","type":"product","link":"https:\/\/uj.adatbank.ro\/lexikon\/termek\/nussbaum-mor-%c2%a7-nuszbaum-moricz-nussbaum-mozes-mor\/","title":{"rendered":"NUSSBAUM M\u00f3r, \u00a7 Nuszbaum M\u00f3ricz, Nussbaum M\u00f3zes M\u00f3r"},"content":{"rendered":"<p>1894., \u2020 1944.: keresked\u0151, c\u00e9gt\u00e1rstulajdonos. \u2013 A Nussbaum Testv\u00e9rek c\u00e9g tulajdonosa. Az I. vh.-ban (1914\u20131918. okt. ) a 21. h. gy. e.-ben az orosz \u00e9s olasz harct\u00e9ren volt I. oszt. sz\u00e1mvev\u0151 altisz. <strong>Kit\u00fcntet\u00e9sei:<\/strong> O 2, Ob, Kor. ez\u00fcst \u00e9rdemker. a v. \u00e9. sz., K\u00e1roly cs. k. Mv.-en testv\u00e9reivel egy\u00fctt vezette a c\u00e9get. Mv.-r\u0151l deport\u00e1lt\u00e1k (1944. m\u00e1j. 29.). <br \/><strong>Irod.:<\/strong> Mv. zsid\u00f3s\u00e1ga; M. hadviselt zsid\u00f3k; Mv.-i zsid\u00f3 temet\u0151 dok.; Sz\u00e9kelyf\u00f6ld \u00ed. k.<\/br><\/p>\n","protected":false},"excerpt":{"rendered":"<p>1894., \u2020 1944.: keresked\u0151, c\u00e9gt\u00e1rstulajdonos. \u2013 A Nussbaum Testv\u00e9rek c\u00e9g tulajdonosa. Az I. vh.-ban (1914\u20131918. okt. ) a 21. h. gy. e.-ben az orosz \u00e9s olasz harct\u00e9ren volt I. oszt. sz\u00e1mvev\u0151 altisz. Kit\u00fcntet\u00e9sei: O 2, Ob, Kor. ez\u00fcst \u00e9rdemker. a v. \u00e9. sz., K\u00e1roly cs. k. Mv.-en testv\u00e9reivel egy\u00fctt vezette a c\u00e9get. Mv.-r\u0151l deport\u00e1lt\u00e1k (1944. [&hellip;]<\/p>\n","protected":false},"featured_media":0,"comment_status":"open","ping_status":"closed","template":"","meta":[],"product_brand":[],"product_cat":[137],"product_tag":[],"class_list":{"0":"post-16864","1":"product","2":"type-product","3":"status-publish","5":"product_cat-maros-megyei-eletrajzi-lexikon","7":"first","8":"instock","9":"shipping-taxable","10":"product-type-simple"},"_links":{"self":[{"href":"https:\/\/uj.adatbank.ro\/lexikon\/wp-json\/wp\/v2\/product\/16864","targetHints":{"allow":["GET"]}}],"collection":[{"href":"https:\/\/uj.adatbank.ro\/lexikon\/wp-json\/wp\/v2\/product"}],"about":[{"href":"https:\/\/uj.adatbank.ro\/lexikon\/wp-json\/wp\/v2\/types\/product"}],"replies":[{"embeddable":true,"href":"https:\/\/uj.adatbank.ro\/lexikon\/wp-json\/wp\/v2\/comments?post=16864"}],"wp:attachment":[{"href":"https:\/\/uj.adatbank.ro\/lexikon\/wp-json\/wp\/v2\/media?parent=16864"}],"wp:term":[{"taxonomy":"product_brand","embeddable":true,"href":"https:\/\/uj.adatbank.ro\/lexikon\/wp-json\/wp\/v2\/product_brand?post=16864"},{"taxonomy":"product_cat","embeddable":true,"href":"https:\/\/uj.adatbank.ro\/lexikon\/wp-json\/wp\/v2\/product_cat?post=16864"},{"taxonomy":"product_tag","embeddable":true,"href":"https:\/\/uj.adatbank.ro\/lexikon\/wp-json\/wp\/v2\/product_tag?post=16864"}],"curies":[{"name":"wp","href":"https:\/\/api.w.org\/{rel}","templated":true}]}}

NUSSBAUM Mór, § Nuszbaum Móricz, Nussbaum Mózes Mór

<p>1894., † 1944.: kereskedő, cégtárstulajdonos. – A Nussbaum Testvérek cég tulajdonosa. Az I. vh.-ban (1914–1918. okt. ) a 21. h. gy. e.-ben az orosz és olasz harctéren volt I. oszt. számvevő altisz. <strong>Kitüntetései:</strong> O 2, Ob, Kor. ezüst érdemker. a v. é. sz., Károly cs. k. Mv.-en testvéreivel együtt vezette a céget. Mv.-ről deportálták (1944. máj. 29.). <br /><strong>Irod.:</strong> Mv. zsidósága; M. hadviselt zsidók; Mv.-i zsidó temető dok.; Székelyföld í. k.</br></p>

<p>1894., † 1944.: kereskedő, cégtárstulajdonos. – A Nussbaum Testvérek cég tulajdonosa. Az I. vh.-ban (1914–1918. okt. ) a 21. h. gy. e.-ben az orosz és olasz harctéren volt I. oszt. számvevő altisz. Kitüntetései: O 2, Ob, Kor. ezüst érdemker. a v. é. sz., Károly cs. k. Mv.-en testvéreivel együtt vezette a céget. Mv.-ről deportálták (1944. [&hellip;]</p>
