{"id":16865,"date":"2025-07-15T23:33:06","date_gmt":"2025-07-15T21:33:06","guid":{"rendered":"https:\/\/uj.adatbank.ro\/lexikon\/termek\/nussbaum-oszkar\/"},"modified":"2025-07-15T23:33:06","modified_gmt":"2025-07-15T21:33:06","slug":"nussbaum-oszkar","status":"publish","type":"product","link":"https:\/\/uj.adatbank.ro\/lexikon\/termek\/nussbaum-oszkar\/","title":{"rendered":"NUSSBAUM Oszk\u00e1r"},"content":{"rendered":"<p>Mv., 1923, \u2020 Mv., 1981. m\u00e1rc. 21.:orvos, gyermekgy\u00f3gy\u00e1sz. \u2013 Feles\u00e9ge: N. Vera. \u2013 A MOGYI orvos szak\u00e1n v\u00e9gzett (1951). Pusk\u00e1s Gy\u00f6rgy professzor mellett a gyermekklinik\u00e1n dolgozott. Gyakornok (1948\u201350), tan\u00e1rseg\u00e9d (1951\u201371) adjunktus(1981-ig). Az Orvosi Szeml\u00e9ben (1976).sz\u00e1molt be k\u00f6z\u00f6s kutat\u00e1si eredm\u00e9ny\u00fckr\u0151l: a gyermekkori cukorbetegs\u00e9gben fell\u00e9p\u0151 vese-\u00e9relv\u00e1ltoz\u00e1sokr\u00f3l. \u2013 <strong>F. m.:<\/strong> <strong>t\u00e1rssz.:<\/strong> Gyermekgy\u00f3gy\u00e1szat. Egyetemi jegyzet. 1\u20133. k\u00f6tet (szerk Pusk\u00e1s Gy\u00f6rgy, Mv., 1980). <br \/><strong>Irod.:<\/strong> Genersich; Kiss Cs.M.3.; Mv.-i zsid\u00f3 temet\u0151 dok.; [Nekrol\u00f3g] (V. Z., 1981. m\u00e1rc. 24.), R\u00e9thy\u2013\u00dajv\u00e1ri\u2013V\u00e1czi<\/br><\/p>\n","protected":false},"excerpt":{"rendered":"<p>Mv., 1923, \u2020 Mv., 1981. m\u00e1rc. 21.:orvos, gyermekgy\u00f3gy\u00e1sz. \u2013 Feles\u00e9ge: N. Vera. \u2013 A MOGYI orvos szak\u00e1n v\u00e9gzett (1951). Pusk\u00e1s Gy\u00f6rgy professzor mellett a gyermekklinik\u00e1n dolgozott. Gyakornok (1948\u201350), tan\u00e1rseg\u00e9d (1951\u201371) adjunktus(1981-ig). Az Orvosi Szeml\u00e9ben (1976).sz\u00e1molt be k\u00f6z\u00f6s kutat\u00e1si eredm\u00e9ny\u00fckr\u0151l: a gyermekkori cukorbetegs\u00e9gben fell\u00e9p\u0151 vese-\u00e9relv\u00e1ltoz\u00e1sokr\u00f3l. \u2013 F. m.: t\u00e1rssz.: Gyermekgy\u00f3gy\u00e1szat. Egyetemi jegyzet. 1\u20133. k\u00f6tet (szerk Pusk\u00e1s [&hellip;]<\/p>\n","protected":false},"featured_media":0,"comment_status":"open","ping_status":"closed","template":"","meta":[],"product_brand":[],"product_cat":[137],"product_tag":[],"class_list":{"0":"post-16865","1":"product","2":"type-product","3":"status-publish","5":"product_cat-maros-megyei-eletrajzi-lexikon","7":"first","8":"instock","9":"shipping-taxable","10":"product-type-simple"},"_links":{"self":[{"href":"https:\/\/uj.adatbank.ro\/lexikon\/wp-json\/wp\/v2\/product\/16865","targetHints":{"allow":["GET"]}}],"collection":[{"href":"https:\/\/uj.adatbank.ro\/lexikon\/wp-json\/wp\/v2\/product"}],"about":[{"href":"https:\/\/uj.adatbank.ro\/lexikon\/wp-json\/wp\/v2\/types\/product"}],"replies":[{"embeddable":true,"href":"https:\/\/uj.adatbank.ro\/lexikon\/wp-json\/wp\/v2\/comments?post=16865"}],"wp:attachment":[{"href":"https:\/\/uj.adatbank.ro\/lexikon\/wp-json\/wp\/v2\/media?parent=16865"}],"wp:term":[{"taxonomy":"product_brand","embeddable":true,"href":"https:\/\/uj.adatbank.ro\/lexikon\/wp-json\/wp\/v2\/product_brand?post=16865"},{"taxonomy":"product_cat","embeddable":true,"href":"https:\/\/uj.adatbank.ro\/lexikon\/wp-json\/wp\/v2\/product_cat?post=16865"},{"taxonomy":"product_tag","embeddable":true,"href":"https:\/\/uj.adatbank.ro\/lexikon\/wp-json\/wp\/v2\/product_tag?post=16865"}],"curies":[{"name":"wp","href":"https:\/\/api.w.org\/{rel}","templated":true}]}}

NUSSBAUM Oszkár

<p>Mv., 1923, † Mv., 1981. márc. 21.:orvos, gyermekgyógyász. – Felesége: N. Vera. – A MOGYI orvos szakán végzett (1951). Puskás György professzor mellett a gyermekklinikán dolgozott. Gyakornok (1948–50), tanársegéd (1951–71) adjunktus(1981-ig). Az Orvosi Szemlében (1976).számolt be közös kutatási eredményükről: a gyermekkori cukorbetegségben fellépő vese-érelváltozásokról. – <strong>F. m.:</strong> <strong>társsz.:</strong> Gyermekgyógyászat. Egyetemi jegyzet. 1–3. kötet (szerk Puskás György, Mv., 1980). <br /><strong>Irod.:</strong> Genersich; Kiss Cs.M.3.; Mv.-i zsidó temető dok.; [Nekrológ] (V. Z., 1981. márc. 24.), Réthy–Újvári–Váczi</br></p>

<p>Mv., 1923, † Mv., 1981. márc. 21.:orvos, gyermekgyógyász. – Felesége: N. Vera. – A MOGYI orvos szakán végzett (1951). Puskás György professzor mellett a gyermekklinikán dolgozott. Gyakornok (1948–50), tanársegéd (1951–71) adjunktus(1981-ig). Az Orvosi Szemlében (1976).számolt be közös kutatási eredményükről: a gyermekkori cukorbetegségben fellépő vese-érelváltozásokról. – F. m.: társsz.: Gyermekgyógyászat. Egyetemi jegyzet. 1–3. kötet (szerk Puskás [&hellip;]</p>
