{"id":16869,"date":"2025-07-15T23:33:14","date_gmt":"2025-07-15T21:33:14","guid":{"rendered":"https:\/\/uj.adatbank.ro\/lexikon\/termek\/nuszl-laszlo-aladar-istvan-%c2%a7-nuszl-ladislau\/"},"modified":"2025-07-15T23:33:14","modified_gmt":"2025-07-15T21:33:14","slug":"nuszl-laszlo-aladar-istvan-%c2%a7-nuszl-ladislau","status":"publish","type":"product","link":"https:\/\/uj.adatbank.ro\/lexikon\/termek\/nuszl-laszlo-aladar-istvan-%c2%a7-nuszl-ladislau\/","title":{"rendered":"N\u00dcSZL L\u00e1szl\u00f3 Alad\u00e1r Istv\u00e1n, \u00a7 N\u00fcszl Ladislau"},"content":{"rendered":"<p>Temesv\u00e1r, 1938. j\u00fan. 29., \u2020 Mv., 1997. m\u00e1rc. 2.: b\u0151rgy\u00f3gy\u00e1sz szakorvos, egyetemi el\u0151ad\u00f3tan\u00e1r. \u2013 Feles\u00e9ge: Tak\u00e1cs Hajnalka (1939. \u2020 2021. \u00e1pr..25.?) f\u0151gy\u00f3gyszer\u00e9sz. Gyermekeik: Imola (1962\u2013), Istv\u00e1n Tibor (1971\u2013). \u2013 Sz\u00fcl\u0151v\u00e1ros\u00e1ban \u00e9retts\u00e9gizett \u00e9rdemdiplom\u00e1val (1955), orvosi oklevel\u00e9t a MOGYI-n szerezte \u00e9rdemdiplom\u00e1val (1961). Mv.-en kezdte p\u00e1ly\u00e1j\u00e1t, m\u00e9g di\u00e1kk\u00e9nt dr. Gyergyai Ferenc \u00e1ltal vezetett k\u00f3rbonctani int\u00e9zetben dolgozott (1960. \u00e1pr.\u201363. szept.); gyakornok (1960\u201368), tan\u00e1rseg\u00e9d (1968\u201375); az orvostudom\u00e1nyok doktora (1971); b\u0151rgy\u00f3gy\u00e1sz f\u0151orvos (1972); adjunktus (1975\u201390), a Nemi Betegs\u00e9geket Megel\u0151z\u0151 \u00e9s Lek\u0171zd\u0151 Megyei Bizotts\u00e1g koordin\u00e1l\u00f3 f\u0151orvosa \u00e9s a megyei Onkol\u00f3giai Bizotts\u00e1g tagja; egyetemi el\u0151ad\u00f3tan\u00e1r (1990\u201397) a B\u0151r \u2013 \u00e9s Nemibetegs\u00e9gek klinik\u00e1j\u00e1n. T\u00f6bb mint 120 tudom\u00e1nyos \u00e9rtekez\u00e9se jelent meg rom\u00e1niai \u00e9s k\u00fclf\u00f6ldi foly\u00f3iratokban rom\u00e1n, magyar, n\u00e9met \u00e9s angol nyelven : Orvosi Szemle, Orvostudom\u00e1nyi \u00c9rtes\u00edt\u0151, Via\u0163a Medical\u0103 Dermatologie, ezekben a b\u0151rvir\u00f3zisokkal, b\u0151rgomb\u00e1sod\u00e1sokkal, a l\u00e1bsz\u00e1rfek\u00e9llyel \u00e9s a nemi betegs\u00e9gekkel foglalkozott, egyetemi jegyzetek t\u00e1rsszerz\u0151je. Sz\u00e1mos szimpozium kongresszus \u00e9s konferencia r\u00e9sztvev\u0151je. Tal\u00e1lm\u00e1ny\u00e1t kit\u0171ntett\u00e9k (1987), egyike a mv.-i Carit San Poliklinika alap\u00edt\u00f3inak (1991), az EME tagja. \u2013 <strong>F. m.:<\/strong> Contribu\u0163ii la cunoa\u015fterea modului de comportare al mastocitelor \u00een unele tumori cutante \u015fi experimentale: Tez\u0103 de doctorat (Tg :M., 1971); <strong>t\u00e1rssz.:<\/strong> Curs de dermato-venerologie (Bu\u0163iu, Ovidiu. V. -, Munteanu, Dorinel-lel.; Tg.M., 1979); B\u0151r \u2013 \u00e9s nemigy\u00f3gy\u00e1szat (Bu\u0163iu, Ovoidiu. V.-, Munteanu, Dorinel-lel.; Mv., 1980); Sexualitatea uman\u0103 (Tg.M., 1996); A Marosv\u00e1s\u00e1rhelyi magyar nyelv\u0171 orvos \u00e9s gy\u00f3gyszer\u00e9szk\u00e9pz\u00e9s 50 \u00e9ve (Mv, 1996). <br \/><strong>Irod.:<\/strong> B\u00e9rczes Judit; Genersich; Kiss-P. \u2013 P; [Nekrol\u00f3g] (N\u00fa., 1997. m\u00e1rc. 4.; m\u00e1rc. 8.); Pop \u2013 Tofolean-F\u00fcl\u00f6p; P\u00e9ter; RMIL, Tizenk\u00e9t \u00e9v<\/br><\/p>\n","protected":false},"excerpt":{"rendered":"<p>Temesv\u00e1r, 1938. j\u00fan. 29., \u2020 Mv., 1997. m\u00e1rc. 2.: b\u0151rgy\u00f3gy\u00e1sz szakorvos, egyetemi el\u0151ad\u00f3tan\u00e1r. \u2013 Feles\u00e9ge: Tak\u00e1cs Hajnalka (1939. \u2020 2021. \u00e1pr..25.?) f\u0151gy\u00f3gyszer\u00e9sz. Gyermekeik: Imola (1962\u2013), Istv\u00e1n Tibor (1971\u2013). \u2013 Sz\u00fcl\u0151v\u00e1ros\u00e1ban \u00e9retts\u00e9gizett \u00e9rdemdiplom\u00e1val (1955), orvosi oklevel\u00e9t a MOGYI-n szerezte \u00e9rdemdiplom\u00e1val (1961). Mv.-en kezdte p\u00e1ly\u00e1j\u00e1t, m\u00e9g di\u00e1kk\u00e9nt dr. Gyergyai Ferenc \u00e1ltal vezetett k\u00f3rbonctani int\u00e9zetben dolgozott (1960. \u00e1pr.\u201363. [&hellip;]<\/p>\n","protected":false},"featured_media":0,"comment_status":"open","ping_status":"closed","template":"","meta":[],"product_brand":[],"product_cat":[137],"product_tag":[],"class_list":{"0":"post-16869","1":"product","2":"type-product","3":"status-publish","5":"product_cat-maros-megyei-eletrajzi-lexikon","7":"first","8":"instock","9":"shipping-taxable","10":"product-type-simple"},"_links":{"self":[{"href":"https:\/\/uj.adatbank.ro\/lexikon\/wp-json\/wp\/v2\/product\/16869","targetHints":{"allow":["GET"]}}],"collection":[{"href":"https:\/\/uj.adatbank.ro\/lexikon\/wp-json\/wp\/v2\/product"}],"about":[{"href":"https:\/\/uj.adatbank.ro\/lexikon\/wp-json\/wp\/v2\/types\/product"}],"replies":[{"embeddable":true,"href":"https:\/\/uj.adatbank.ro\/lexikon\/wp-json\/wp\/v2\/comments?post=16869"}],"wp:attachment":[{"href":"https:\/\/uj.adatbank.ro\/lexikon\/wp-json\/wp\/v2\/media?parent=16869"}],"wp:term":[{"taxonomy":"product_brand","embeddable":true,"href":"https:\/\/uj.adatbank.ro\/lexikon\/wp-json\/wp\/v2\/product_brand?post=16869"},{"taxonomy":"product_cat","embeddable":true,"href":"https:\/\/uj.adatbank.ro\/lexikon\/wp-json\/wp\/v2\/product_cat?post=16869"},{"taxonomy":"product_tag","embeddable":true,"href":"https:\/\/uj.adatbank.ro\/lexikon\/wp-json\/wp\/v2\/product_tag?post=16869"}],"curies":[{"name":"wp","href":"https:\/\/api.w.org\/{rel}","templated":true}]}}