{"id":16870,"date":"2025-07-15T23:33:15","date_gmt":"2025-07-15T21:33:15","guid":{"rendered":"https:\/\/uj.adatbank.ro\/lexikon\/termek\/nutiu-emil\/"},"modified":"2025-07-15T23:33:15","modified_gmt":"2025-07-15T21:33:15","slug":"nutiu-emil","status":"publish","type":"product","link":"https:\/\/uj.adatbank.ro\/lexikon\/termek\/nutiu-emil\/","title":{"rendered":"NU\u0162IU, Emil"},"content":{"rendered":"<p>K\u00e1sva, 1928. j\u00fal. 8., \u2020 Mv., 2005. m\u00e1j. 4.: jog\u00e1sz. \u2013 Elemi isk.-t a sz\u00fcl\u0151faluj\u00e1ban, a l\u00edc. n\u00e9gy \u00e9v\u00e9t a k\u00f6v. v\u00e1rosokban v\u00e9gezte: Mv.-en a tan\u00edt\u00f3k\u00e9pz\u0151ben, Sz\u00e1szr\u00e9genben a n\u00e9met l\u00edc.-ban, Kv.-on a Gh. Bari\u0163 Lic.-ban \u00e9s az Inocen\u0163iu Micu Klein Lic.-ban, majd Mv.-en \u00e9retts\u00e9gizett a Papiu Ilarian lic.-ban (1948). Jogot Kv.-on v\u00e9gzett kit\u0171n\u0151 eredm\u00e9nnyel. Letette a jog\u00e1szi v\u00e9gles\u00edt\u0151, a II. \u00e9s I. fokozati vizsg\u00e1t. Jog\u00e1szi tev\u00e9kenys\u00e9g\u00e9t a Mv. k\u00f6zel\u00e9ben lev\u0151 v\u00e1rosokban fejtette ki: \u00e1llami jegyz\u0151 Erd\u0151szentgy\u00f6rgy\u00f6n (1954); R\u00e9genben (1956\u201363); Mv.-en b\u00edr\u00f3 (1963\u201366); b\u00edr\u00f3 \u00e9s a Maros Megyei T\u00f6rv\u00e9nysz\u00e9k aleln\u00f6ke (1966\u201396); a Marosi \u00cdt\u00e9l\u0151t\u00e1bla aleln\u00f6ke is (1986\u201396). Nyugd\u00edjba vonult (1996\u2013). Sz\u00e1mos \u00e9rt\u00e9kes el\u0151ad\u00e1st tartott hazai \u00e9s nemzetk\u00f6zi jog\u00e1sz-kongresszusokon, t\u00f6bb jog\u00e1szgyakornokot ir\u00e1ny\u00edtott \u00e9s k\u00e9sz\u00edtett fel k\u00fcl\u00f6nb\u00f6z\u0151 vizsg\u00e1kra. T\u00f6bb alkalommal t\u00fcntett\u00e9k ki. <br \/><strong>Irod.:<\/strong> [Nekrol\u00f3g] (C. L., 7. mai. 2005.)<\/br><\/p>\n","protected":false},"excerpt":{"rendered":"<p>K\u00e1sva, 1928. j\u00fal. 8., \u2020 Mv., 2005. m\u00e1j. 4.: jog\u00e1sz. \u2013 Elemi isk.-t a sz\u00fcl\u0151faluj\u00e1ban, a l\u00edc. n\u00e9gy \u00e9v\u00e9t a k\u00f6v. v\u00e1rosokban v\u00e9gezte: Mv.-en a tan\u00edt\u00f3k\u00e9pz\u0151ben, Sz\u00e1szr\u00e9genben a n\u00e9met l\u00edc.-ban, Kv.-on a Gh. Bari\u0163 Lic.-ban \u00e9s az Inocen\u0163iu Micu Klein Lic.-ban, majd Mv.-en \u00e9retts\u00e9gizett a Papiu Ilarian lic.-ban (1948). Jogot Kv.-on v\u00e9gzett kit\u0171n\u0151 eredm\u00e9nnyel. Letette [&hellip;]<\/p>\n","protected":false},"featured_media":0,"comment_status":"open","ping_status":"closed","template":"","meta":[],"product_brand":[],"product_cat":[137],"product_tag":[],"class_list":{"0":"post-16870","1":"product","2":"type-product","3":"status-publish","5":"product_cat-maros-megyei-eletrajzi-lexikon","7":"first","8":"instock","9":"shipping-taxable","10":"product-type-simple"},"_links":{"self":[{"href":"https:\/\/uj.adatbank.ro\/lexikon\/wp-json\/wp\/v2\/product\/16870","targetHints":{"allow":["GET"]}}],"collection":[{"href":"https:\/\/uj.adatbank.ro\/lexikon\/wp-json\/wp\/v2\/product"}],"about":[{"href":"https:\/\/uj.adatbank.ro\/lexikon\/wp-json\/wp\/v2\/types\/product"}],"replies":[{"embeddable":true,"href":"https:\/\/uj.adatbank.ro\/lexikon\/wp-json\/wp\/v2\/comments?post=16870"}],"wp:attachment":[{"href":"https:\/\/uj.adatbank.ro\/lexikon\/wp-json\/wp\/v2\/media?parent=16870"}],"wp:term":[{"taxonomy":"product_brand","embeddable":true,"href":"https:\/\/uj.adatbank.ro\/lexikon\/wp-json\/wp\/v2\/product_brand?post=16870"},{"taxonomy":"product_cat","embeddable":true,"href":"https:\/\/uj.adatbank.ro\/lexikon\/wp-json\/wp\/v2\/product_cat?post=16870"},{"taxonomy":"product_tag","embeddable":true,"href":"https:\/\/uj.adatbank.ro\/lexikon\/wp-json\/wp\/v2\/product_tag?post=16870"}],"curies":[{"name":"wp","href":"https:\/\/api.w.org\/{rel}","templated":true}]}}

NUŢIU, Emil

<p>Kásva, 1928. júl. 8., † Mv., 2005. máj. 4.: jogász. – Elemi isk.-t a szülőfalujában, a líc. négy évét a köv. városokban végezte: Mv.-en a tanítóképzőben, Szászrégenben a német líc.-ban, Kv.-on a Gh. Bariţ Lic.-ban és az Inocenţiu Micu Klein Lic.-ban, majd Mv.-en érettségizett a Papiu Ilarian lic.-ban (1948). Jogot Kv.-on végzett kitűnő eredménnyel. Letette a jogászi véglesítő, a II. és I. fokozati vizsgát. Jogászi tevékenységét a Mv. közelében levő városokban fejtette ki: állami jegyző Erdőszentgyörgyön (1954); Régenben (1956–63); Mv.-en bíró (1963–66); bíró és a Maros Megyei Törvényszék alelnöke (1966–96); a Marosi Ítélőtábla alelnöke is (1986–96). Nyugdíjba vonult (1996–). Számos értékes előadást tartott hazai és nemzetközi jogász-kongresszusokon, több jogászgyakornokot irányított és készített fel különböző vizsgákra. Több alkalommal tüntették ki. <br /><strong>Irod.:</strong> [Nekrológ] (C. L., 7. mai. 2005.)</br></p>

<p>Kásva, 1928. júl. 8., † Mv., 2005. máj. 4.: jogász. – Elemi isk.-t a szülőfalujában, a líc. négy évét a köv. városokban végezte: Mv.-en a tanítóképzőben, Szászrégenben a német líc.-ban, Kv.-on a Gh. Bariţ Lic.-ban és az Inocenţiu Micu Klein Lic.-ban, majd Mv.-en érettségizett a Papiu Ilarian lic.-ban (1948). Jogot Kv.-on végzett kitűnő eredménnyel. Letette [&hellip;]</p>
