{"id":16871,"date":"2025-07-15T23:33:18","date_gmt":"2025-07-15T21:33:18","guid":{"rendered":"https:\/\/uj.adatbank.ro\/lexikon\/termek\/nutiu-eugen\/"},"modified":"2025-07-15T23:33:18","modified_gmt":"2025-07-15T21:33:18","slug":"nutiu-eugen","status":"publish","type":"product","link":"https:\/\/uj.adatbank.ro\/lexikon\/termek\/nutiu-eugen\/","title":{"rendered":"NU\u0162IU, Eugen"},"content":{"rendered":"<p>Hundorf, 1906. jan 6., \u2020 ?: orvos. \u2013 A Faliboga-f\u00e9le szervezked\u00e9s I. csoportj\u00e1nak tagja. A Nemzeti Felszabad\u00edt\u00f3 Bizotts\u00e1gban titkos \u00f6sszej\u00f6veteleket tartottak amelyen a szervezet b\u0151v\u00edt\u00e9s\u00e9t t\u00e1rgyalt\u00e1k, egy illeg\u00e1lis p\u00e1rt l\u00e9trehoz\u00e1s\u00e1t tervezt\u00e9k. A magyar forradalom kirobban\u00e1sa ut\u00e1n ki\u00e1ltv\u00e1nyt fogalmaztak meg, a szervezetet katonai jelleg\u0171v\u00e9 akart\u00e1k alak\u00edtani, Letart\u00f3ztatt\u00e1k Mv.-en (1956. nov. 4). <br \/><strong>Irod.:<\/strong> \u00c1ldozatok<\/br><\/p>\n","protected":false},"excerpt":{"rendered":"<p>Hundorf, 1906. jan 6., \u2020 ?: orvos. \u2013 A Faliboga-f\u00e9le szervezked\u00e9s I. csoportj\u00e1nak tagja. A Nemzeti Felszabad\u00edt\u00f3 Bizotts\u00e1gban titkos \u00f6sszej\u00f6veteleket tartottak amelyen a szervezet b\u0151v\u00edt\u00e9s\u00e9t t\u00e1rgyalt\u00e1k, egy illeg\u00e1lis p\u00e1rt l\u00e9trehoz\u00e1s\u00e1t tervezt\u00e9k. A magyar forradalom kirobban\u00e1sa ut\u00e1n ki\u00e1ltv\u00e1nyt fogalmaztak meg, a szervezetet katonai jelleg\u0171v\u00e9 akart\u00e1k alak\u00edtani, Letart\u00f3ztatt\u00e1k Mv.-en (1956. nov. 4). Irod.: \u00c1ldozatok<\/p>\n","protected":false},"featured_media":0,"comment_status":"open","ping_status":"closed","template":"","meta":[],"product_brand":[],"product_cat":[137],"product_tag":[],"class_list":{"0":"post-16871","1":"product","2":"type-product","3":"status-publish","5":"product_cat-maros-megyei-eletrajzi-lexikon","7":"first","8":"instock","9":"shipping-taxable","10":"product-type-simple"},"_links":{"self":[{"href":"https:\/\/uj.adatbank.ro\/lexikon\/wp-json\/wp\/v2\/product\/16871","targetHints":{"allow":["GET"]}}],"collection":[{"href":"https:\/\/uj.adatbank.ro\/lexikon\/wp-json\/wp\/v2\/product"}],"about":[{"href":"https:\/\/uj.adatbank.ro\/lexikon\/wp-json\/wp\/v2\/types\/product"}],"replies":[{"embeddable":true,"href":"https:\/\/uj.adatbank.ro\/lexikon\/wp-json\/wp\/v2\/comments?post=16871"}],"wp:attachment":[{"href":"https:\/\/uj.adatbank.ro\/lexikon\/wp-json\/wp\/v2\/media?parent=16871"}],"wp:term":[{"taxonomy":"product_brand","embeddable":true,"href":"https:\/\/uj.adatbank.ro\/lexikon\/wp-json\/wp\/v2\/product_brand?post=16871"},{"taxonomy":"product_cat","embeddable":true,"href":"https:\/\/uj.adatbank.ro\/lexikon\/wp-json\/wp\/v2\/product_cat?post=16871"},{"taxonomy":"product_tag","embeddable":true,"href":"https:\/\/uj.adatbank.ro\/lexikon\/wp-json\/wp\/v2\/product_tag?post=16871"}],"curies":[{"name":"wp","href":"https:\/\/api.w.org\/{rel}","templated":true}]}}