{"id":16876,"date":"2025-07-15T23:33:30","date_gmt":"2025-07-15T21:33:30","guid":{"rendered":"https:\/\/uj.adatbank.ro\/lexikon\/termek\/nyaradi-toldalagi-csalad\/"},"modified":"2025-07-15T23:33:30","modified_gmt":"2025-07-15T21:33:30","slug":"nyaradi-toldalagi-csalad","status":"publish","type":"product","link":"https:\/\/uj.adatbank.ro\/lexikon\/termek\/nyaradi-toldalagi-csalad\/","title":{"rendered":"NY\u00c1R\u00c1DI, toldalagi, csal\u00e1d"},"content":{"rendered":"<p>A 18. \u00e9s 19. sz.-ban P\u00f3ka t\u00e1rsadalmi \u00e9s gazdas\u00e1gi \u00e9let\u00e9ben nagy szerepet j\u00e1tsz\u00f3 f\u00f6ldbirtokos nemes csal\u00e1d. <br \/><strong>Irod.:<\/strong> P\u00f3ka<\/br><\/p>\n","protected":false},"excerpt":{"rendered":"<p>A 18. \u00e9s 19. sz.-ban P\u00f3ka t\u00e1rsadalmi \u00e9s gazdas\u00e1gi \u00e9let\u00e9ben nagy szerepet j\u00e1tsz\u00f3 f\u00f6ldbirtokos nemes csal\u00e1d. Irod.: P\u00f3ka<\/p>\n","protected":false},"featured_media":0,"comment_status":"open","ping_status":"closed","template":"","meta":[],"product_brand":[],"product_cat":[137],"product_tag":[],"class_list":{"0":"post-16876","1":"product","2":"type-product","3":"status-publish","5":"product_cat-maros-megyei-eletrajzi-lexikon","7":"first","8":"instock","9":"shipping-taxable","10":"product-type-simple"},"_links":{"self":[{"href":"https:\/\/uj.adatbank.ro\/lexikon\/wp-json\/wp\/v2\/product\/16876","targetHints":{"allow":["GET"]}}],"collection":[{"href":"https:\/\/uj.adatbank.ro\/lexikon\/wp-json\/wp\/v2\/product"}],"about":[{"href":"https:\/\/uj.adatbank.ro\/lexikon\/wp-json\/wp\/v2\/types\/product"}],"replies":[{"embeddable":true,"href":"https:\/\/uj.adatbank.ro\/lexikon\/wp-json\/wp\/v2\/comments?post=16876"}],"wp:attachment":[{"href":"https:\/\/uj.adatbank.ro\/lexikon\/wp-json\/wp\/v2\/media?parent=16876"}],"wp:term":[{"taxonomy":"product_brand","embeddable":true,"href":"https:\/\/uj.adatbank.ro\/lexikon\/wp-json\/wp\/v2\/product_brand?post=16876"},{"taxonomy":"product_cat","embeddable":true,"href":"https:\/\/uj.adatbank.ro\/lexikon\/wp-json\/wp\/v2\/product_cat?post=16876"},{"taxonomy":"product_tag","embeddable":true,"href":"https:\/\/uj.adatbank.ro\/lexikon\/wp-json\/wp\/v2\/product_tag?post=16876"}],"curies":[{"name":"wp","href":"https:\/\/api.w.org\/{rel}","templated":true}]}}