{"id":16884,"date":"2025-07-15T23:33:48","date_gmt":"2025-07-15T21:33:48","guid":{"rendered":"https:\/\/uj.adatbank.ro\/lexikon\/termek\/nyarady-antal\/"},"modified":"2025-07-15T23:33:48","modified_gmt":"2025-07-15T21:33:48","slug":"nyarady-antal","status":"publish","type":"product","link":"https:\/\/uj.adatbank.ro\/lexikon\/termek\/nyarady-antal\/","title":{"rendered":"NY\u00c1R\u00c1DY Antal"},"content":{"rendered":"<p>Mv., 1920. j\u00fan. 5., \u2020 Kv., 1982. aug. 21.a H\u00e1zsong\u00e1rdi temet\u0151ben nyugszik: botanikus, Ny\u00e1r\u00e1dy Erasmus Gyula fia. \u2013 A k\u00f6z\u00e9piskol\u00e1t Kv.-on v\u00e9gezte (1938). A kv.-i egyetem N\u00f6v\u00e9nyrendszertani \u00e9s Geobotanikai Int\u00e9zet\u00e9nek gyakornoka; doktor\u00e1lt So\u00f3 Rezs\u0151 prof.-n\u00e1l (1942); tan\u00e1rseg\u00e9d (1942\u201343); beh\u00edvt\u00e1k katon\u00e1nak, fogs\u00e1gba esett a Donyec-medence sz\u00e9bb\u00e1ny\u00e1iban dolgozott; Hazat\u00e9rve k\u00f6z\u00e9piskolai tan\u00e1r volt a kv.-i tan\u00edt\u00f3k\u00e9pz\u0151ben (1947\u2013), majd a Mez\u0151gazdas\u00e1gi Int\u00e9zet n\u00f6v\u00e9nytan tan\u00e1ra \u00e9s katedraf\u0151n\u00f6ke (1949\u201375); \u00fajraszervezte az int\u00e9zet botanikus kertj\u00e9t, ugyanakkor a R. Akad\u00e9mia kv.-i fi\u00f3kj\u00e1nak keret\u00e9ben f\u0151kutat\u00f3, a Notulae Botanicae Clujenses f\u0151szerkeszt\u0151je (1965\u201375). Apja ir\u00e1ny\u00edt\u00e1s\u00e1val a monument\u00e1lis Flora R.P.R.-R.S.R. 13 k\u00f6tet\u00e9ben 12 n\u00f6v\u00e9nycsal\u00e1d 85 nem\u00e9t dolgozta fel, apja hal\u00e1la ut\u00e1n (1966) az utols\u00f3 k\u00e9t k\u00f6tetnek t\u00e9nyleges szerkeszt\u0151je volt. Az \u00e9rt\u00e9kes Ny\u00e1r\u00e1dy herb\u00e1rium \u2013 csal\u00e1di gy\u0171jtem\u00e9ny\u00fck \u2013 a nagyszebeni Brukental M\u00fazeumba ker\u00fclt. K\u00f6zel k\u00e9tsz\u00e1z n\u00f6v\u00e9nyrendszertani \u00e9s geobotanikai t\u00e1rgy\u00fa szakdolgozata f\u0151leg hazai rom\u00e1n nyelv\u0171 foly\u00f3iratokban, magyarorsz\u00e1gi \u00e9s m\u00e1s k\u00fclf\u00f6ldi tudom\u00e1nyos kiadv\u00e1nyokban jelent meg: Acta Geobotanica (1941); Acta Botanici Horti Bucuressstensis (1961\u201362); Revue Roumaine de biologie (1964); Contribu\u0163ii botanice (1967); Acta Agronomica Acad. Sci. Hungarice (1969)-ben T\u00e1rsszerz\u0151je volt t\u00f6bb rom\u00e1n nyelv\u0171 egyetemi tank\u00f6nyvnek. \u2013 <strong>F. m.:<\/strong> Sz\u00e1nt\u00f3f\u00f6ldi gyomn\u00f6v\u00e9nyek. \u2013 1952.; A m\u00e9hlegel\u0151 \u00e9s n\u00f6v\u00e9nyei. \u2013 1958; t\u00e1rssz: Flora Republicii Populare Rom\u00e2ne. 1\u201313 vol. (Buc., 1952\u20131972.); Botanica agricol\u0103 vol.2. (Buia, Al., R\u0103v\u0103ru\u0163; Buc., 1965); Dic\u0163ionar etnobotanic. (Buc., 1968); \u00cendrum\u0103tor metodologic pentru cartarea \u015fi recuno\u015fterea buruienilor din sem\u0103n\u0103turi (P\u00e1zm\u00e1ny D\u00e9nessel, Cluj, 1974); Botanic\u0103 : manual univ. (Buc., 1975); <strong>szerk.:<\/strong> Index seminum Horti Agrobotanici IX f\u00fczet (Kv., ); Flora Republicii Populare Rom\u00e2ne. 1\u201313 vol. (Buc., 1952\u20131972.); Notulae botanice Horti Agrobotanici \u2013 Cluj, X.f\u00fczet (1962\u201375). <br \/><strong>Irod.:<\/strong> Clujeni ai sec. 20; H\u00e1zsong\u00e1rd; R\u00e9thy\u2013\u00dajv\u00e1ri\u2013V\u00e1czi , RMIL<\/br><\/p>\n","protected":false},"excerpt":{"rendered":"<p>Mv., 1920. j\u00fan. 5., \u2020 Kv., 1982. aug. 21.a H\u00e1zsong\u00e1rdi temet\u0151ben nyugszik: botanikus, Ny\u00e1r\u00e1dy Erasmus Gyula fia. \u2013 A k\u00f6z\u00e9piskol\u00e1t Kv.-on v\u00e9gezte (1938). A kv.-i egyetem N\u00f6v\u00e9nyrendszertani \u00e9s Geobotanikai Int\u00e9zet\u00e9nek gyakornoka; doktor\u00e1lt So\u00f3 Rezs\u0151 prof.-n\u00e1l (1942); tan\u00e1rseg\u00e9d (1942\u201343); beh\u00edvt\u00e1k katon\u00e1nak, fogs\u00e1gba esett a Donyec-medence sz\u00e9bb\u00e1ny\u00e1iban dolgozott; Hazat\u00e9rve k\u00f6z\u00e9piskolai tan\u00e1r volt a kv.-i tan\u00edt\u00f3k\u00e9pz\u0151ben (1947\u2013), majd [&hellip;]<\/p>\n","protected":false},"featured_media":0,"comment_status":"open","ping_status":"closed","template":"","meta":[],"product_brand":[],"product_cat":[137],"product_tag":[],"class_list":{"0":"post-16884","1":"product","2":"type-product","3":"status-publish","5":"product_cat-maros-megyei-eletrajzi-lexikon","7":"first","8":"instock","9":"shipping-taxable","10":"product-type-simple"},"_links":{"self":[{"href":"https:\/\/uj.adatbank.ro\/lexikon\/wp-json\/wp\/v2\/product\/16884","targetHints":{"allow":["GET"]}}],"collection":[{"href":"https:\/\/uj.adatbank.ro\/lexikon\/wp-json\/wp\/v2\/product"}],"about":[{"href":"https:\/\/uj.adatbank.ro\/lexikon\/wp-json\/wp\/v2\/types\/product"}],"replies":[{"embeddable":true,"href":"https:\/\/uj.adatbank.ro\/lexikon\/wp-json\/wp\/v2\/comments?post=16884"}],"wp:attachment":[{"href":"https:\/\/uj.adatbank.ro\/lexikon\/wp-json\/wp\/v2\/media?parent=16884"}],"wp:term":[{"taxonomy":"product_brand","embeddable":true,"href":"https:\/\/uj.adatbank.ro\/lexikon\/wp-json\/wp\/v2\/product_brand?post=16884"},{"taxonomy":"product_cat","embeddable":true,"href":"https:\/\/uj.adatbank.ro\/lexikon\/wp-json\/wp\/v2\/product_cat?post=16884"},{"taxonomy":"product_tag","embeddable":true,"href":"https:\/\/uj.adatbank.ro\/lexikon\/wp-json\/wp\/v2\/product_tag?post=16884"}],"curies":[{"name":"wp","href":"https:\/\/api.w.org\/{rel}","templated":true}]}}

NYÁRÁDY Antal

<p>Mv., 1920. jún. 5., † Kv., 1982. aug. 21.a Házsongárdi temetőben nyugszik: botanikus, Nyárády Erasmus Gyula fia. – A középiskolát Kv.-on végezte (1938). A kv.-i egyetem Növényrendszertani és Geobotanikai Intézetének gyakornoka; doktorált Soó Rezső prof.-nál (1942); tanársegéd (1942–43); behívták katonának, fogságba esett a Donyec-medence szébbányáiban dolgozott; Hazatérve középiskolai tanár volt a kv.-i tanítóképzőben (1947–), majd a Mezőgazdasági Intézet növénytan tanára és katedrafőnöke (1949–75); újraszervezte az intézet botanikus kertjét, ugyanakkor a R. Akadémia kv.-i fiókjának keretében főkutató, a Notulae Botanicae Clujenses főszerkesztője (1965–75). Apja irányításával a monumentális Flora R.P.R.-R.S.R. 13 kötetében 12 növénycsalád 85 nemét dolgozta fel, apja halála után (1966) az utolsó két kötetnek tényleges szerkesztője volt. Az értékes Nyárády herbárium – családi gyűjteményük – a nagyszebeni Brukental Múzeumba került. Közel kétszáz növényrendszertani és geobotanikai tárgyú szakdolgozata főleg hazai román nyelvű folyóiratokban, magyarországi és más külföldi tudományos kiadványokban jelent meg: Acta Geobotanica (1941); Acta Botanici Horti Bucuressstensis (1961–62); Revue Roumaine de biologie (1964); Contribuţii botanice (1967); Acta Agronomica Acad. Sci. Hungarice (1969)-ben Társszerzője volt több román nyelvű egyetemi tankönyvnek. – <strong>F. m.:</strong> Szántóföldi gyomnövények. – 1952.; A méhlegelő és növényei. – 1958; társsz: Flora Republicii Populare Române. 1–13 vol. (Buc., 1952–1972.); Botanica agricolă vol.2. (Buia, Al., Răvăruţ; Buc., 1965); Dicţionar etnobotanic. (Buc., 1968); Îndrumător metodologic pentru cartarea şi recunoşterea buruienilor din semănături (Pázmány Dénessel, Cluj, 1974); Botanică : manual univ. (Buc., 1975); <strong>szerk.:</strong> Index seminum Horti Agrobotanici IX füzet (Kv., ); Flora Republicii Populare Române. 1–13 vol. (Buc., 1952–1972.); Notulae botanice Horti Agrobotanici – Cluj, X.füzet (1962–75). <br /><strong>Irod.:</strong> Clujeni ai sec. 20; Házsongárd; Réthy–Újvári–Váczi , RMIL</br></p>

<p>Mv., 1920. jún. 5., † Kv., 1982. aug. 21.a Házsongárdi temetőben nyugszik: botanikus, Nyárády Erasmus Gyula fia. – A középiskolát Kv.-on végezte (1938). A kv.-i egyetem Növényrendszertani és Geobotanikai Intézetének gyakornoka; doktorált Soó Rezső prof.-nál (1942); tanársegéd (1942–43); behívták katonának, fogságba esett a Donyec-medence szébbányáiban dolgozott; Hazatérve középiskolai tanár volt a kv.-i tanítóképzőben (1947–), majd [&hellip;]</p>
