{"id":16888,"date":"2025-07-15T23:33:55","date_gmt":"2025-07-15T21:33:55","guid":{"rendered":"https:\/\/uj.adatbank.ro\/lexikon\/termek\/nyarady-gyorgy\/"},"modified":"2025-07-15T23:33:55","modified_gmt":"2025-07-15T21:33:55","slug":"nyarady-gyorgy","status":"publish","type":"product","link":"https:\/\/uj.adatbank.ro\/lexikon\/termek\/nyarady-gyorgy\/","title":{"rendered":"NY\u00c1R\u00c1DY Gy\u00f6rgy"},"content":{"rendered":"<p>Dics\u0151szentm\u00e1rton, 1889. \u00e1pr. 17., \u2020 Balatonalm\u00e1di, 1956. m\u00e1rc. 6.: mez\u0151gazd\u00e1sz. \u2013 \u00c9retts\u00e9gi ut\u00e1n Kv.-on jogot \u00e9s a Kolozsmonostori Gazdas\u00e1gi Akad\u00e9mi\u00e1t v\u00e9gezte el. J\u00e1rt a berlini Mez\u0151g. F\u0151isk. (1913\u201314). A Magyar\u00f3v\u00e1ri Gazdas\u00e1gi Akad.-\u00e1n tan\u00edtott (1911\u2013), a gyakorlati tansz\u00e9k \u00e9s a tangazdas\u00e1g vezet\u00e9s\u00e9vel b\u00edzt\u00e1k meg (1919\u2013), r. tan\u00e1rnak nevezt\u00e9k ki (1924\u2013), az \u00e1llatteny. Tansz\u00e9k vezet\u0151je (1927\u2013). Nyugd\u00edjba vonult (1934).. Nev\u00e9t eml\u00e9kt\u00e1bla \u0151rzi az egy. fal\u00e1n. <br \/><strong>Irod.:<\/strong> Moson M\u00c9L, Szab\u00f3-Simon; Sz\u00f6gi<\/br><\/p>\n","protected":false},"excerpt":{"rendered":"<p>Dics\u0151szentm\u00e1rton, 1889. \u00e1pr. 17., \u2020 Balatonalm\u00e1di, 1956. m\u00e1rc. 6.: mez\u0151gazd\u00e1sz. \u2013 \u00c9retts\u00e9gi ut\u00e1n Kv.-on jogot \u00e9s a Kolozsmonostori Gazdas\u00e1gi Akad\u00e9mi\u00e1t v\u00e9gezte el. J\u00e1rt a berlini Mez\u0151g. F\u0151isk. (1913\u201314). A Magyar\u00f3v\u00e1ri Gazdas\u00e1gi Akad.-\u00e1n tan\u00edtott (1911\u2013), a gyakorlati tansz\u00e9k \u00e9s a tangazdas\u00e1g vezet\u00e9s\u00e9vel b\u00edzt\u00e1k meg (1919\u2013), r. tan\u00e1rnak nevezt\u00e9k ki (1924\u2013), az \u00e1llatteny. Tansz\u00e9k vezet\u0151je (1927\u2013). Nyugd\u00edjba [&hellip;]<\/p>\n","protected":false},"featured_media":0,"comment_status":"open","ping_status":"closed","template":"","meta":[],"product_brand":[],"product_cat":[137],"product_tag":[],"class_list":{"0":"post-16888","1":"product","2":"type-product","3":"status-publish","5":"product_cat-maros-megyei-eletrajzi-lexikon","7":"first","8":"instock","9":"shipping-taxable","10":"product-type-simple"},"_links":{"self":[{"href":"https:\/\/uj.adatbank.ro\/lexikon\/wp-json\/wp\/v2\/product\/16888","targetHints":{"allow":["GET"]}}],"collection":[{"href":"https:\/\/uj.adatbank.ro\/lexikon\/wp-json\/wp\/v2\/product"}],"about":[{"href":"https:\/\/uj.adatbank.ro\/lexikon\/wp-json\/wp\/v2\/types\/product"}],"replies":[{"embeddable":true,"href":"https:\/\/uj.adatbank.ro\/lexikon\/wp-json\/wp\/v2\/comments?post=16888"}],"wp:attachment":[{"href":"https:\/\/uj.adatbank.ro\/lexikon\/wp-json\/wp\/v2\/media?parent=16888"}],"wp:term":[{"taxonomy":"product_brand","embeddable":true,"href":"https:\/\/uj.adatbank.ro\/lexikon\/wp-json\/wp\/v2\/product_brand?post=16888"},{"taxonomy":"product_cat","embeddable":true,"href":"https:\/\/uj.adatbank.ro\/lexikon\/wp-json\/wp\/v2\/product_cat?post=16888"},{"taxonomy":"product_tag","embeddable":true,"href":"https:\/\/uj.adatbank.ro\/lexikon\/wp-json\/wp\/v2\/product_tag?post=16888"}],"curies":[{"name":"wp","href":"https:\/\/api.w.org\/{rel}","templated":true}]}}

NYÁRÁDY György

<p>Dicsőszentmárton, 1889. ápr. 17., † Balatonalmádi, 1956. márc. 6.: mezőgazdász. – Érettségi után Kv.-on jogot és a Kolozsmonostori Gazdasági Akadémiát végezte el. Járt a berlini Mezőg. Főisk. (1913–14). A Magyaróvári Gazdasági Akad.-án tanított (1911–), a gyakorlati tanszék és a tangazdaság vezetésével bízták meg (1919–), r. tanárnak nevezték ki (1924–), az állatteny. Tanszék vezetője (1927–). Nyugdíjba vonult (1934).. Nevét emléktábla őrzi az egy. falán. <br /><strong>Irod.:</strong> Moson MÉL, Szabó-Simon; Szögi</br></p>

<p>Dicsőszentmárton, 1889. ápr. 17., † Balatonalmádi, 1956. márc. 6.: mezőgazdász. – Érettségi után Kv.-on jogot és a Kolozsmonostori Gazdasági Akadémiát végezte el. Járt a berlini Mezőg. Főisk. (1913–14). A Magyaróvári Gazdasági Akad.-án tanított (1911–), a gyakorlati tanszék és a tangazdaság vezetésével bízták meg (1919–), r. tanárnak nevezték ki (1924–), az állatteny. Tanszék vezetője (1927–). Nyugdíjba [&hellip;]</p>
