{"id":1689,"date":"2025-06-28T11:50:07","date_gmt":"2025-06-28T09:50:07","guid":{"rendered":"https:\/\/uj.adatbank.ro\/lexikon\/termek\/ajtay-eva\/"},"modified":"2025-06-28T11:50:07","modified_gmt":"2025-06-28T09:50:07","slug":"ajtay-eva","status":"publish","type":"product","link":"https:\/\/uj.adatbank.ro\/lexikon\/termek\/ajtay-eva\/","title":{"rendered":"AJTAY \u00c9va"},"content":{"rendered":"<p>Nagyenyed, 1935. okt. 13., \u2020 Kv., 1959. m\u00e1j. 8., Mv.-en temett\u00e9k el a ref. temet\u0151ben, s\u00edreml\u00e9ke Kulcs\u00e1r B\u00e9la alkot\u00e1sa (1961): fest\u0151m\u0171v\u00e9sz. \u2013 Iskolai tanulm\u00e1nyait a nagyenyedi Bethlen Koll.-ban kezdte, majd Mv.-en folytatta (1947\u2013), a k\u00e9pz\u0151m\u0171v\u00e9szeti iskol\u00e1ban technikusi oklevelet szerzett (1953). Tan\u00e1rai: Barab\u00e1s Istv\u00e1n, Bordi Andr\u00e1s, Piskolti G\u00e1bor, Incze Istv\u00e1n. A buk.-i Nicolae Grigorescu k\u00e9pz\u0151m\u0171v\u00e9szeti f\u0151iskola (1954\u201356), majd a kv.-i Ion Andreescu k\u00e9pz\u0151m\u0171v\u00e9szeti f\u0151iskola di\u00e1kja (1956\u201359). Tan\u00e1rai Teodor Har\u015fia, Mikl\u00f3ssy G\u00e1bor. Kv.-on (politikai zaklat\u00e1sok k\u00f6vetkezt\u00e9ben) tragikus k\u00f6r\u00fclm\u00e9nyek k\u00f6z\u00f6tt hunyt el. Kulcs\u00e1r B\u00e9la k\u00e9sz\u00edtette el a mv.-i ref. temet\u0151ben fel\u00e1ll\u00edtott s\u00edreml\u00e9k\u00e9t (1961). <strong>F. ki\u00e1ll.:<\/strong> csoportos: Buk. (di\u00e1kkori \u00f6narck\u00e9pe, olajfestm\u00e9ny, 1953); Mikl\u00f3ssy G\u00e1bor n\u00f6vend\u00e9kei (Bp., Vigad\u00f3 Gal\u00e9ria, 2000 \u00e9s Mv., Kult\u00farpalota) (k\u00e9t olajfestm\u00e9ny: \u00f6narck\u00e9p, a kv.-i Farkas u. ref. templom). <br \/><strong>Irod.:<\/strong> Banner Zolt\u00e1n. Kulcs\u00e1r B\u00e9la: Album (Mv., 1998.); csal\u00e1di inf.; Csekme; Mikl\u00f3ssy G\u00e1bor n\u00f6vend\u00e9kei \/ Simon Endre (Bp., 2000); Mv.-i ref. temet\u0151<\/br><\/p>\n","protected":false},"excerpt":{"rendered":"<p>Nagyenyed, 1935. okt. 13., \u2020 Kv., 1959. m\u00e1j. 8., Mv.-en temett\u00e9k el a ref. temet\u0151ben, s\u00edreml\u00e9ke Kulcs\u00e1r B\u00e9la alkot\u00e1sa (1961): fest\u0151m\u0171v\u00e9sz. \u2013 Iskolai tanulm\u00e1nyait a nagyenyedi Bethlen Koll.-ban kezdte, majd Mv.-en folytatta (1947\u2013), a k\u00e9pz\u0151m\u0171v\u00e9szeti iskol\u00e1ban technikusi oklevelet szerzett (1953). Tan\u00e1rai: Barab\u00e1s Istv\u00e1n, Bordi Andr\u00e1s, Piskolti G\u00e1bor, Incze Istv\u00e1n. A buk.-i Nicolae Grigorescu k\u00e9pz\u0151m\u0171v\u00e9szeti f\u0151iskola [&hellip;]<\/p>\n","protected":false},"featured_media":0,"comment_status":"open","ping_status":"closed","template":"","meta":[],"product_brand":[],"product_cat":[137],"product_tag":[],"class_list":{"0":"post-1689","1":"product","2":"type-product","3":"status-publish","5":"product_cat-maros-megyei-eletrajzi-lexikon","7":"first","8":"instock","9":"shipping-taxable","10":"product-type-simple"},"_links":{"self":[{"href":"https:\/\/uj.adatbank.ro\/lexikon\/wp-json\/wp\/v2\/product\/1689","targetHints":{"allow":["GET"]}}],"collection":[{"href":"https:\/\/uj.adatbank.ro\/lexikon\/wp-json\/wp\/v2\/product"}],"about":[{"href":"https:\/\/uj.adatbank.ro\/lexikon\/wp-json\/wp\/v2\/types\/product"}],"replies":[{"embeddable":true,"href":"https:\/\/uj.adatbank.ro\/lexikon\/wp-json\/wp\/v2\/comments?post=1689"}],"wp:attachment":[{"href":"https:\/\/uj.adatbank.ro\/lexikon\/wp-json\/wp\/v2\/media?parent=1689"}],"wp:term":[{"taxonomy":"product_brand","embeddable":true,"href":"https:\/\/uj.adatbank.ro\/lexikon\/wp-json\/wp\/v2\/product_brand?post=1689"},{"taxonomy":"product_cat","embeddable":true,"href":"https:\/\/uj.adatbank.ro\/lexikon\/wp-json\/wp\/v2\/product_cat?post=1689"},{"taxonomy":"product_tag","embeddable":true,"href":"https:\/\/uj.adatbank.ro\/lexikon\/wp-json\/wp\/v2\/product_tag?post=1689"}],"curies":[{"name":"wp","href":"https:\/\/api.w.org\/{rel}","templated":true}]}}

AJTAY Éva

<p>Nagyenyed, 1935. okt. 13., † Kv., 1959. máj. 8., Mv.-en temették el a ref. temetőben, síremléke Kulcsár Béla alkotása (1961): festőművész. – Iskolai tanulmányait a nagyenyedi Bethlen Koll.-ban kezdte, majd Mv.-en folytatta (1947–), a képzőművészeti iskolában technikusi oklevelet szerzett (1953). Tanárai: Barabás István, Bordi András, Piskolti Gábor, Incze István. A buk.-i Nicolae Grigorescu képzőművészeti főiskola (1954–56), majd a kv.-i Ion Andreescu képzőművészeti főiskola diákja (1956–59). Tanárai Teodor Harşia, Miklóssy Gábor. Kv.-on (politikai zaklatások következtében) tragikus körülmények között hunyt el. Kulcsár Béla készítette el a mv.-i ref. temetőben felállított síremlékét (1961). <strong>F. kiáll.:</strong> csoportos: Buk. (diákkori önarcképe, olajfestmény, 1953); Miklóssy Gábor növendékei (Bp., Vigadó Galéria, 2000 és Mv., Kultúrpalota) (két olajfestmény: önarckép, a kv.-i Farkas u. ref. templom). <br /><strong>Irod.:</strong> Banner Zoltán. Kulcsár Béla: Album (Mv., 1998.); családi inf.; Csekme; Miklóssy Gábor növendékei / Simon Endre (Bp., 2000); Mv.-i ref. temető</br></p>

<p>Nagyenyed, 1935. okt. 13., † Kv., 1959. máj. 8., Mv.-en temették el a ref. temetőben, síremléke Kulcsár Béla alkotása (1961): festőművész. – Iskolai tanulmányait a nagyenyedi Bethlen Koll.-ban kezdte, majd Mv.-en folytatta (1947–), a képzőművészeti iskolában technikusi oklevelet szerzett (1953). Tanárai: Barabás István, Bordi András, Piskolti Gábor, Incze István. A buk.-i Nicolae Grigorescu képzőművészeti főiskola [&hellip;]</p>
