{"id":16899,"date":"2025-07-15T23:34:18","date_gmt":"2025-07-15T21:34:18","guid":{"rendered":"https:\/\/uj.adatbank.ro\/lexikon\/termek\/nyerges-gabor-fiadfalvi\/"},"modified":"2025-07-15T23:34:18","modified_gmt":"2025-07-15T21:34:18","slug":"nyerges-gabor-fiadfalvi","status":"publish","type":"product","link":"https:\/\/uj.adatbank.ro\/lexikon\/termek\/nyerges-gabor-fiadfalvi\/","title":{"rendered":"NYERGES G\u00e1bor, fiadfalvi"},"content":{"rendered":"<p>1866., \u2020 Mv., 1923. \u00e1pr. 15.: orvos. \u2013 Feles\u00e9ge: Demeter Erzsi. Gyermekeik: ifj. Ny. G\u00e1bor, Erzsi; Olga. \u2013 Tanulm\u00e1nyait Kv. v\u00e9gezte, az orvosi tudom\u00e1nyok dr., gyakorl\u00f3 orvos Mv.-en, ahol mag\u00e1nklinik\u00e1ja volt. A mv.-i Ker\u00e9kp\u00e1roz\u00f3k Egyes\u00fclet\u00e9nek orvosa (1899\u2013). V\u00e1rosi tiszti f\u0151orvos, a j\u00e1rv\u00e1nyk\u00f3rh\u00e1zban sikeresen kezelte a betegeket, tiszts\u00e9g\u00e9b\u0151l felmentett\u00e9k (1914\u201320). A Mv.-i K\u00f6zhaszn\u00fa Takar\u00e9kp\u00e9nzt\u00e1r Rt. int\u00e9zet alap\u00edt\u00f3tagja \u00e9s igazgat\u00f3s\u00e1gi eln\u00f6ke. A mv.-i Nyerges-h\u00e1zban (Bern\u00e1dy t\u00e9r volt K\u00e1lvin t\u00e9r 6. sz.) m\u0171k\u00f6d\u00f6tt a Gyermekpoliklinika (1950\u201360-as \u00e9vek) \u00e9s a Gyermekfog\u00e1szati Klinika (1963\u2013), majd a Fizet\u00e9ses Poliklinika (1990-es \u00e9vek), fel\u00faj\u00edt\u00e1s ut\u00e1n a Maros Megyei Klinikai K\u00f3rh\u00e1z adminisztr\u00e1ci\u00f3j\u00e1nak ad otthont (2011\u2013). <br \/><strong>Irod.:<\/strong> Bern\u00e1dy; Gy\u00e1szjelent\u0151; Id\u0151t\u00e1r 3, Illy\u00e9s; Kiss-P\u00e9terffy \u2013 P\u00e9terffy; Koszta; Mv. t\u00f6rt. 2.; P\u00e1lmay; P\u00e9ter Mih\u00e1ly 2006<\/br><\/p>\n","protected":false},"excerpt":{"rendered":"<p>1866., \u2020 Mv., 1923. \u00e1pr. 15.: orvos. \u2013 Feles\u00e9ge: Demeter Erzsi. Gyermekeik: ifj. Ny. G\u00e1bor, Erzsi; Olga. \u2013 Tanulm\u00e1nyait Kv. v\u00e9gezte, az orvosi tudom\u00e1nyok dr., gyakorl\u00f3 orvos Mv.-en, ahol mag\u00e1nklinik\u00e1ja volt. A mv.-i Ker\u00e9kp\u00e1roz\u00f3k Egyes\u00fclet\u00e9nek orvosa (1899\u2013). V\u00e1rosi tiszti f\u0151orvos, a j\u00e1rv\u00e1nyk\u00f3rh\u00e1zban sikeresen kezelte a betegeket, tiszts\u00e9g\u00e9b\u0151l felmentett\u00e9k (1914\u201320). A Mv.-i K\u00f6zhaszn\u00fa Takar\u00e9kp\u00e9nzt\u00e1r Rt. int\u00e9zet [&hellip;]<\/p>\n","protected":false},"featured_media":0,"comment_status":"open","ping_status":"closed","template":"","meta":[],"product_brand":[],"product_cat":[137],"product_tag":[],"class_list":{"0":"post-16899","1":"product","2":"type-product","3":"status-publish","5":"product_cat-maros-megyei-eletrajzi-lexikon","7":"first","8":"instock","9":"shipping-taxable","10":"product-type-simple"},"_links":{"self":[{"href":"https:\/\/uj.adatbank.ro\/lexikon\/wp-json\/wp\/v2\/product\/16899","targetHints":{"allow":["GET"]}}],"collection":[{"href":"https:\/\/uj.adatbank.ro\/lexikon\/wp-json\/wp\/v2\/product"}],"about":[{"href":"https:\/\/uj.adatbank.ro\/lexikon\/wp-json\/wp\/v2\/types\/product"}],"replies":[{"embeddable":true,"href":"https:\/\/uj.adatbank.ro\/lexikon\/wp-json\/wp\/v2\/comments?post=16899"}],"wp:attachment":[{"href":"https:\/\/uj.adatbank.ro\/lexikon\/wp-json\/wp\/v2\/media?parent=16899"}],"wp:term":[{"taxonomy":"product_brand","embeddable":true,"href":"https:\/\/uj.adatbank.ro\/lexikon\/wp-json\/wp\/v2\/product_brand?post=16899"},{"taxonomy":"product_cat","embeddable":true,"href":"https:\/\/uj.adatbank.ro\/lexikon\/wp-json\/wp\/v2\/product_cat?post=16899"},{"taxonomy":"product_tag","embeddable":true,"href":"https:\/\/uj.adatbank.ro\/lexikon\/wp-json\/wp\/v2\/product_tag?post=16899"}],"curies":[{"name":"wp","href":"https:\/\/api.w.org\/{rel}","templated":true}]}}

NYERGES Gábor, fiadfalvi

<p>1866., † Mv., 1923. ápr. 15.: orvos. – Felesége: Demeter Erzsi. Gyermekeik: ifj. Ny. Gábor, Erzsi; Olga. – Tanulmányait Kv. végezte, az orvosi tudományok dr., gyakorló orvos Mv.-en, ahol magánklinikája volt. A mv.-i Kerékpározók Egyesületének orvosa (1899–). Városi tiszti főorvos, a járványkórházban sikeresen kezelte a betegeket, tisztségéből felmentették (1914–20). A Mv.-i Közhasznú Takarékpénztár Rt. intézet alapítótagja és igazgatósági elnöke. A mv.-i Nyerges-házban (Bernády tér volt Kálvin tér 6. sz.) működött a Gyermekpoliklinika (1950–60-as évek) és a Gyermekfogászati Klinika (1963–), majd a Fizetéses Poliklinika (1990-es évek), felújítás után a Maros Megyei Klinikai Kórház adminisztrációjának ad otthont (2011–). <br /><strong>Irod.:</strong> Bernády; Gyászjelentő; Időtár 3, Illyés; Kiss-Péterffy – Péterffy; Koszta; Mv. tört. 2.; Pálmay; Péter Mihály 2006</br></p>

<p>1866., † Mv., 1923. ápr. 15.: orvos. – Felesége: Demeter Erzsi. Gyermekeik: ifj. Ny. Gábor, Erzsi; Olga. – Tanulmányait Kv. végezte, az orvosi tudományok dr., gyakorló orvos Mv.-en, ahol magánklinikája volt. A mv.-i Kerékpározók Egyesületének orvosa (1899–). Városi tiszti főorvos, a járványkórházban sikeresen kezelte a betegeket, tisztségéből felmentették (1914–20). A Mv.-i Közhasznú Takarékpénztár Rt. intézet [&hellip;]</p>
