{"id":1690,"date":"2025-06-28T11:50:09","date_gmt":"2025-06-28T09:50:09","guid":{"rendered":"https:\/\/uj.adatbank.ro\/lexikon\/termek\/ajtay-gecse-viktor-%c2%a7-ajtai-gecse-viktor\/"},"modified":"2025-06-28T11:50:09","modified_gmt":"2025-06-28T09:50:09","slug":"ajtay-gecse-viktor-%c2%a7-ajtai-gecse-viktor","status":"publish","type":"product","link":"https:\/\/uj.adatbank.ro\/lexikon\/termek\/ajtay-gecse-viktor-%c2%a7-ajtai-gecse-viktor\/","title":{"rendered":"AJTAY GECSE Viktor, \u00a7 Ajtai-Gecse Viktor"},"content":{"rendered":"<p>Magyarigen, 1895., \u2020 Mv., 1988.: k\u00f6nyvel\u0151, helyt\u00f6rt\u00e9n\u00e9sz. \u2013 Feles\u00e9ge: Nagy Margit. Gyermekeik: A. \u00c9va (1935\u20131959); L\u00e1szl\u00f3 (1937\u2013), \u00fajs\u00e1g\u00edr\u00f3. \u2013 Aradon fels\u0151 kereskedelmi iskol\u00e1t v\u00e9gzett (1912). K\u0151r\u00f6sb\u00e1ny\u00e1n a takar\u00e9kp\u00e9nzt\u00e1r az els\u0151 munkahelye. Hadapr\u00f3dk\u00e9nt vett r\u00e9szt az I. vh.-ban, a galiciai \u00e9s az olaszo.-i fronton harcolt, az osztr\u00e1k-m. hadsereg f\u0151hadnagyak\u00e9nt szerelt le (1918), h\u00e1rom kit\u00fcntet\u00e9ssel. Nagyv\u00e1radon gy\u00e1ri titk\u00e1r, majd a Hangya Sz\u00f6vetkezet nagyenyedi k\u00f6zpontj\u00e1nak k\u00f6nyvel\u0151je, f\u0151k\u00f6nyvel\u0151je (1920. m\u00e1j.\u2013) \u00e9s c\u00e9gjegyz\u00e9si jogos\u00edtv\u00e1nnyal felruh\u00e1zott igazgat\u00f3ja. A II. vh. idej\u00e9n, mint volt m. f\u0151hadnagyot, csak munkaszolg\u00e1latra mozgos\u00edtott\u00e1k Moldv\u00e1ba, a Szeret menti \u00e9p\u00edtkez\u00e9shez. A csal\u00e1d Mv.-re k\u00f6lt\u00f6z\u00f6tt. A Kal\u00e1ka, volt Hangya (1947\u2013) erd\u00e9lyi n\u00e9pi sz\u00f6vetkezetek mv.-i k\u00f6zpontj\u00e1ban az alkalmazottak nyugd\u00edjp\u00e9nzt\u00e1r\u00e1t \u00e9s Takar\u00e9koss\u00e1g hitelsz\u00f6vetkezet\u00e9t ir\u00e1ny\u00edtotta, majd a Maros Textil \u00e9s a Rata (IRA) k\u00f6zleked\u00e9si v\u00e1llalat k\u00f6nyvel\u0151je nyugd\u00edjaz\u00e1s\u00e1ig. Vad\u00e1sz \u00e9s fegyverszak\u00e9rt\u0151, a mv.-i Fot\u00f3klub egyik alap\u00edt\u00f3 tagja. Pet\u0151fi- \u00e9s csal\u00e1dfa kutat\u00f3 is volt, mint ilyen a Securitate megfigyel\u00e9si list\u00e1j\u00e1n szerepelt. Nev\u00e9hez f\u0171z\u0151dik azisp\u00e1nk\u00fati Pet\u0151fi eml\u00e9km\u0171 rendszeres jav\u00edt\u00e1sa, fenntart\u00e1sa. <br \/><strong>Irod.:<\/strong> csal\u00e1di inf. Ajtay L\u00e1szl\u00f3t\u00f3l; Bartos 2012; Id\u0151t\u00e1r 4.<\/br><\/p>\n","protected":false},"excerpt":{"rendered":"<p>Magyarigen, 1895., \u2020 Mv., 1988.: k\u00f6nyvel\u0151, helyt\u00f6rt\u00e9n\u00e9sz. \u2013 Feles\u00e9ge: Nagy Margit. Gyermekeik: A. \u00c9va (1935\u20131959); L\u00e1szl\u00f3 (1937\u2013), \u00fajs\u00e1g\u00edr\u00f3. \u2013 Aradon fels\u0151 kereskedelmi iskol\u00e1t v\u00e9gzett (1912). K\u0151r\u00f6sb\u00e1ny\u00e1n a takar\u00e9kp\u00e9nzt\u00e1r az els\u0151 munkahelye. Hadapr\u00f3dk\u00e9nt vett r\u00e9szt az I. vh.-ban, a galiciai \u00e9s az olaszo.-i fronton harcolt, az osztr\u00e1k-m. hadsereg f\u0151hadnagyak\u00e9nt szerelt le (1918), h\u00e1rom kit\u00fcntet\u00e9ssel. Nagyv\u00e1radon gy\u00e1ri [&hellip;]<\/p>\n","protected":false},"featured_media":0,"comment_status":"open","ping_status":"closed","template":"","meta":[],"product_brand":[],"product_cat":[137],"product_tag":[],"class_list":{"0":"post-1690","1":"product","2":"type-product","3":"status-publish","5":"product_cat-maros-megyei-eletrajzi-lexikon","7":"first","8":"instock","9":"shipping-taxable","10":"product-type-simple"},"_links":{"self":[{"href":"https:\/\/uj.adatbank.ro\/lexikon\/wp-json\/wp\/v2\/product\/1690","targetHints":{"allow":["GET"]}}],"collection":[{"href":"https:\/\/uj.adatbank.ro\/lexikon\/wp-json\/wp\/v2\/product"}],"about":[{"href":"https:\/\/uj.adatbank.ro\/lexikon\/wp-json\/wp\/v2\/types\/product"}],"replies":[{"embeddable":true,"href":"https:\/\/uj.adatbank.ro\/lexikon\/wp-json\/wp\/v2\/comments?post=1690"}],"wp:attachment":[{"href":"https:\/\/uj.adatbank.ro\/lexikon\/wp-json\/wp\/v2\/media?parent=1690"}],"wp:term":[{"taxonomy":"product_brand","embeddable":true,"href":"https:\/\/uj.adatbank.ro\/lexikon\/wp-json\/wp\/v2\/product_brand?post=1690"},{"taxonomy":"product_cat","embeddable":true,"href":"https:\/\/uj.adatbank.ro\/lexikon\/wp-json\/wp\/v2\/product_cat?post=1690"},{"taxonomy":"product_tag","embeddable":true,"href":"https:\/\/uj.adatbank.ro\/lexikon\/wp-json\/wp\/v2\/product_tag?post=1690"}],"curies":[{"name":"wp","href":"https:\/\/api.w.org\/{rel}","templated":true}]}}

<p>Magyarigen, 1895., † Mv., 1988.: könyvelő, helytörténész. – Felesége: Nagy Margit. Gyermekeik: A. Éva (1935–1959); László (1937–), újságíró. – Aradon felső kereskedelmi iskolát végzett (1912). Kőrösbányán a takarékpénztár az első munkahelye. Hadapródként vett részt az I. vh.-ban, a galiciai és az olaszo.-i fronton harcolt, az osztrák-m. hadsereg főhadnagyaként szerelt le (1918), három kitüntetéssel. Nagyváradon gyári titkár, majd a Hangya Szövetkezet nagyenyedi központjának könyvelője, főkönyvelője (1920. máj.–) és cégjegyzési jogosítvánnyal felruházott igazgatója. A II. vh. idején, mint volt m. főhadnagyot, csak munkaszolgálatra mozgosították Moldvába, a Szeret menti építkezéshez. A család Mv.-re költözött. A Kaláka, volt Hangya (1947–) erdélyi népi szövetkezetek mv.-i központjában az alkalmazottak nyugdíjpénztárát és Takarékosság hitelszövetkezetét irányította, majd a Maros Textil és a Rata (IRA) közlekedési vállalat könyvelője nyugdíjazásáig. Vadász és fegyverszakértő, a mv.-i Fotóklub egyik alapító tagja. Petőfi- és családfa kutató is volt, mint ilyen a Securitate megfigyelési listáján szerepelt. Nevéhez fűződik azispánkúti Petőfi emlékmű rendszeres javítása, fenntartása. <br /><strong>Irod.:</strong> családi inf. Ajtay Lászlótól; Bartos 2012; Időtár 4.</br></p>

<p>Magyarigen, 1895., † Mv., 1988.: könyvelő, helytörténész. – Felesége: Nagy Margit. Gyermekeik: A. Éva (1935–1959); László (1937–), újságíró. – Aradon felső kereskedelmi iskolát végzett (1912). Kőrösbányán a takarékpénztár az első munkahelye. Hadapródként vett részt az I. vh.-ban, a galiciai és az olaszo.-i fronton harcolt, az osztrák-m. hadsereg főhadnagyaként szerelt le (1918), három kitüntetéssel. Nagyváradon gyári [&hellip;]</p>
